626
CXUS54 KBMX 011110
CF6MGM
PRELIMINARY LOCAL CLIMATOLOGICAL DATA (WS FORM: F-6)
STATION: MONTGOMERY
MONTH: JULY
YEAR: 2020
LATITUDE: 32 17 N
LONGITUDE: 86 24 W
TEMPERATURE IN F: :PCPN: SNOW: WIND :SUNSHINE: SKY :PK WND
================================================================================
1 2 3 4 5 6A 6B 7 8 9 10 11 12 13 14 15 16 17 18
12Z AVG MX 2MIN
DY MAX MIN AVG DEP HDD CDD WTR SNW DPTH SPD SPD DIR MIN PSBL S-S WX SPD DR
================================================================================
1 85 72 79 -2 0 14 0.75 0.0 0 4.1 29 280 M M 1 13 36 290
2 90 72 81 0 0 16 0.00 0.0 0 6.0 13 340 M M 4 17 320
3 91 75 83 2 0 18 0.23 0.0 0 2.8 17 240 M M 2 138 22 240
4 92 73 83 2 0 18 0.00 0.0 0 4.3 13 120 M M 1 1 17 150
5 93 74 84 3 0 19 1.06 0.0 0 6.6 29 120 M M 2 13 36 120
6 92 74 83 1 0 18 0.66 0.0 0 3.1 15 40 M M 6 13 17 40
7 90 75 83 1 0 18 0.62 0.0 0 3.1 16 10 M M 6 13 22 350
8 89 74 82 0 0 17 T 0.0 0 6.4 17 240 M M 6 23 240
9 91 73 82 0 0 17 0.00 0.0 0 4.7 13 260 M M 6 17 260
10 95 76 86 4 0 21 0.00 0.0 0 5.8 15 280 M M 2 1 19 280
11 95 73 84 2 0 19 0.00 0.0 0 6.8 16 310 M M 0 22 310
12 94 70 82 0 0 17 0.40 0.0 0 3.6 30 330 M M 1 13 39 320
13 94 72 83 1 0 18 0.00 0.0 0 3.4 10 310 M M 4 1 13 250
14 96 73 85 3 0 20 0.00 0.0 0 2.9 9 250 M M 1 1 13 300
15 96 73 85 3 0 20 1.66 0.0 0 4.4 31 180 M M 3 123 39 190
16 91 72 82 0 0 17 0.00 0.0 0 2.1 10 120 M M 4 12 14 110
17 96 76 86 4 0 21 0.00 0.0 0 4.3 14 120 M M 1 17 130
18 97 74 86 4 0 21 0.00 0.0 0 2.7 12 220 M M 0 3 14 40
19 97 75 86 4 0 21 0.00 0.0 0 2.4 9 190 M M 3 11 180
20 97 77 87 5 0 22 0.09 0.0 0 3.4 14 100 M M 2 138 17 100
21 95 75 85 3 0 20 0.00 0.0 0 3.5 14 140 M M 1 17 140
22 96 74 85 3 0 20 0.01 0.0 0 4.7 25 160 M M 2 34 160
23 95 73 84 2 0 19 0.51 0.0 0 7.7 25 90 M M 3 13 32 100
24 90 74 82 0 0 17 T 0.0 0 5.9 15 220 M M 5 38 21 220
25 94 73 84 2 0 19 2.01 0.0 0 4.4 22 190 M M 1 13 28 200
26 92 73 83 1 0 18 0.04 0.0 0 5.1 26 140 M M 1 3 32 150
27 92 72 82 0 0 17 0.00 0.0 0 2.4 10 230 M M 1 1 15 220
28 91 75 83 1 0 18 0.13 0.0 0 3.8 15 210 M M 3 1 20 200
29 90 75 83 1 0 18 1.24 0.0 0 6.9 26 220 M M 9 13 33 220
30 91 74 83 1 0 18 0.00 0.0 0 7.3 17 230 M M 4 1 23 240
31 94 78 86 4 0 21 0.00 0.0 0 7.1 15 210 M M 2 18 20 210
================================================================================
SM 2881 2289 0 577 9.41 0.0 141.7 M 87
================================================================================
AV 92.9 73.8 4.6 FASTST M M 3 MAX(MPH)
MISC ----> # 31 180 # 39 320
================================================================================
NOTES:
# LAST OF SEVERAL OCCURRENCES
COLUMN 17 PEAK WIND IN M.P.H.
PRELIMINARY LOCAL CLIMATOLOGICAL DATA (WS FORM: F-6) , PAGE 2
STATION: MONTGOMERY
MONTH: JULY
YEAR: 2020
LATITUDE: 32 17 N
LONGITUDE: 86 24 W
[TEMPERATURE DATA] [PRECIPITATION DATA] SYMBOLS USED IN COLUMN 16
AVERAGE MONTHLY: 83.4 TOTAL FOR MONTH: 9.41 1 = FOG OR MIST
DPTR FM NORMAL: 1.6 DPTR FM NORMAL: 4.17 2 = FOG REDUCING VISIBILITY
HIGHEST: 97 ON 20,19 GRTST 24HR 2.01 ON 25-25 TO 1/4 MILE OR LESS
LOWEST: 70 ON 12 3 = THUNDER
SNOW, ICE PELLETS, HAIL 4 = ICE PELLETS
TOTAL MONTH: 0.0 INCH 5 = HAIL
GRTST 24HR 0.0 6 = FREEZING RAIN OR DRIZZLE
GRTST DEPTH: 0 7 = DUSTSTORM OR SANDSTORM:
VSBY 1/2 MILE OR LESS
8 = SMOKE OR HAZE
[NO. OF DAYS WITH] [WEATHER - DAYS WITH] 9 = BLOWING SNOW
X = TORNADO
MAX 32 OR BELOW: 0 0.01 INCH OR MORE: 14
MAX 90 OR ABOVE: 29 0.10 INCH OR MORE: 11
MIN 32 OR BELOW: 0 0.50 INCH OR MORE: 8
MIN 0 OR BELOW: 0 1.00 INCH OR MORE: 4
[HDD (BASE 65) ]
TOTAL THIS MO. 0 CLEAR (SCALE 0-3) 20
DPTR FM NORMAL 0 PTCLDY (SCALE 4-7) 10
TOTAL FM JUL 1 0 CLOUDY (SCALE 8-10) 1
DPTR FM NORMAL 0
[CDD (BASE 65) ]
TOTAL THIS MO. 577
DPTR FM NORMAL 56 [PRESSURE DATA]
TOTAL FM JAN 1 1525 HIGHEST SLP 30.18 ON 17
DPTR FM NORMAL 246 LOWEST SLP 29.81 ON 12
[REMARKS]
#FINAL-07-20#