000
CXUS51 KPBZ 010730
CF6MGW
PRELIMINARY LOCAL CLIMATOLOGICAL DATA (WS FORM: F-6)
STATION: MORGANTOWN WV
MONTH: MARCH
YEAR: 2020
LATITUDE: 39 39 N
LONGITUDE: 79 55 W
TEMPERATURE IN F: :PCPN: SNOW: WIND :SUNSHINE: SKY :PK WND
================================================================================
1 2 3 4 5 6A 6B 7 8 9 10 11 12 13 14 15 16 17 18
12Z AVG MX 2MIN
DY MAX MIN AVG DEP HDD CDD WTR SNW DPTH SPD SPD DIR MIN PSBL S-S WX SPD DR
================================================================================
1 49 21 35 -2 30 0 0.00 M M 6.2 13 170 M M 1 18 210
2 59 47 53 15 12 0 0.27 M M 7.4 23 220 M M 7 1 34 200
3 58 42 50 12 15 0 0.71 M M 5.4 18 280 M M 8 13 28 300
4 57 34 46 8 19 0 0.00 M M 6.4 16 230 M M 3 22 230
5 57 28 43 5 22 0 0.00 M M 1.8 9 340 M M 0 18 12 310
6 43 34 39 0 26 0 0.11 M M 6.8 15 280 M M 9 1 24 270
7 43 31 37 -2 28 0 0.00 M M 6.3 13 310 M M 6 23 300
8 62 26 44 5 21 0 0.00 M M 4.3 12 200 M M 0 16 200
9 67 48 58 18 7 0 0.00 M M 5.8 16 220 M M 0 26 210
10 61 44 53 13 12 0 0.28 M M 8.1 18 220 M M 10 1 29 200
11 52 38 45 5 20 0 T M M 1.9 9 20 M M 9 128 13 20
12 71 40 56 15 9 0 0.09 M M 3.9 17 130 M M 6 12 22 130
13 60 44 52 11 13 0 0.13 M M 9.5 18 290 M M 4 1 28 290
14 46 33 40 -1 25 0 0.34 M M 4.3 15 350 M M 5 1 21 350
15 46 32 39 -3 26 0 0.02 M M 5.5 12 20 M M 7 1 17 10
16 51 30 41 -1 24 0 T M M 5.6 15 130 M M 8 24 120
17 49 42 46 4 19 0 0.12 M M 3.4 8 290 M M 10 18 13 290
18 64 35 50 7 15 0 0.46 M M 5.8 14 150 M M 7 12 18 150
19 70 56 63 20 2 0 0.30 M M 5.2 14 220 M M 9 1 22 170
20 75 46 61 18 4 0 0.15 M M 10.2 24 210 M M 8 1 33 230
21 45 32 39 -5 26 0 0.00 M M 6.7 16 360 M M 10 21 350
22 54 29 42 -2 23 0 T M M 7.7 20 130 M M 5 28 140
23 50 42 46 2 19 0 0.45 M M 6.4 22 140 M M 10 13 27 150
24 54 40 47 2 18 0 0.00 M M 4.4 12 110 M M 7 20 100
25 53 39 46 1 19 0 0.23 M M 3.8 12 80 M M 8 1 19 80
26 71 35 53 7 12 0 0.03 M M 3.4 14 230 M M 2 1 21 190
27 62 50 56 10 9 0 0.11 M M 3.0 9 350 M M 9 13 11 360
28 84 54 69 23 0 4 0.11 M M 5.8 18 330 M M 6 13 29 320
29 80 61 71 24 0 6 0.01 M M 10.2 25 220 M M 3 37 230
30 61 44 53 6 12 0 0.00 M M 10.2 22 230 M M 5 32 250
31 49 41 45 -2 20 0 0.13 M M 3.3 10 360 M M 10 1 13 360
================================================================================
SM 1803 1218 507 10 4.05 M 178.7 M 192
================================================================================
AV 58.2 39.3 5.8 FASTST M M 6 MAX(MPH)
MISC ----> 25 220 37 230
================================================================================
NOTES:
# LAST OF SEVERAL OCCURRENCES
COLUMN 17 PEAK WIND IN M.P.H.
PRELIMINARY LOCAL CLIMATOLOGICAL DATA (WS FORM: F-6) , PAGE 2
STATION: MORGANTOWN WV
MONTH: MARCH
YEAR: 2020
LATITUDE: 39 39 N
LONGITUDE: 79 55 W
[TEMPERATURE DATA] [PRECIPITATION DATA] SYMBOLS USED IN COLUMN 16
AVERAGE MONTHLY: 48.7 TOTAL FOR MONTH: 4.05 1 = FOG OR MIST
DPTR FM NORMAL: 6.6 DPTR FM NORMAL: 0.40 2 = FOG REDUCING VISIBILITY
HIGHEST: 84 ON 28 GRTST 24HR 0.89 ON 2- 3 TO 1/4 MILE OR LESS
LOWEST: 21 ON 1 3 = THUNDER
SNOW, ICE PELLETS, HAIL 4 = ICE PELLETS
TOTAL MONTH: M 5 = HAIL
GRTST 24HR M ON M 6 = FREEZING RAIN OR DRIZZLE
GRTST DEPTH: M ON M 7 = DUSTSTORM OR SANDSTORM:
VSBY 1/2 MILE OR LESS
8 = SMOKE OR HAZE
[NO. OF DAYS WITH] [WEATHER - DAYS WITH] 9 = BLOWING SNOW
X = TORNADO
MAX 32 OR BELOW: 0 0.01 INCH OR MORE: 19
MAX 90 OR ABOVE: 0 0.10 INCH OR MORE: 15
MIN 32 OR BELOW: 8 0.50 INCH OR MORE: 1
MIN 0 OR BELOW: 0 1.00 INCH OR MORE: 0
[HDD (BASE 65) ]
TOTAL THIS MO. 507 CLEAR (SCALE 0-3) 7
DPTR FM NORMAL -205 PTCLDY (SCALE 4-7) 13
TOTAL FM JUL 1 3846 CLOUDY (SCALE 8-10) 11
DPTR FM NORMAL -756
[CDD (BASE 65) ]
TOTAL THIS MO. 10
DPTR FM NORMAL 8 [PRESSURE DATA]
TOTAL FM JAN 1 11 HIGHEST SLP 30.58 ON 8
DPTR FM NORMAL 9 LOWEST SLP 29.49 ON 3
[REMARKS]
#FINAL-03-20#