000
CXUS53 KFSD 050345
CF6MHE
PRELIMINARY LOCAL CLIMATOLOGICAL DATA (WS FORM: F-6)
STATION: MITCHELL SD
MONTH: NOVEMBER
YEAR: 2022
LATITUDE: 43 46 N
LONGITUDE: 98 2 W
TEMPERATURE IN F: :PCPN: SNOW: WIND :SUNSHINE: SKY :PK WND
================================================================================
1 2 3 4 5 6A 6B 7 8 9 10 11 12 13 14 15 16 17 18
12Z AVG MX 2MIN
DY MAX MIN AVG DEP HDD CDD WTR SNW DPTH SPD SPD DIR MIN PSBL S-S WX SPD DR
================================================================================
1 79 31 55 13 10 0 0.00 0.0 0 8.4 21 160 M M 0 28 160
2 74 53 64 23 1 0 0.00 0.0 0 15.4 26 190 M M 0 43 170
3 60 34 47 6 18 0 0.00 0.0 0 14.3 28 340 M M 7 38 330
4 45 22 34 -6 31 0 0.00 0.0 0 6.7 16 330 M M 3 24 320
5 54 14 34 -6 31 0 T 0.0 0 6.5 20 160 M M 2 26 150
6 52 23 38 -1 27 0 T 0.0 0 16.4 40 300 M M 1 50 260
7 41 15 28 -11 37 0 0.00 0.0 0 10.5 23 140 M M 5 32 140
8 55 36 46 8 19 0 0.19 0.0 0 15.9 28 150 M M 8 138 40 150
9 53 34 44 6 21 0 0.27 0.0 0 11.2 22 330 M M 10 1 27 330
10 38 17 28 -10 37 0 T T 0 22.1 33 300 M M 9 13 46 290
11 22 14 18 -19 47 0 T T 0 17.3 26 320 M M 6 36 310
12 21 13 17 -19 48 0 T T 0 8.7 16 340 M M 9 1 22 350
13 32 16 24 -12 41 0 0.00 0.0 0 13.1 22 140 M M 7 29 130
14 30 19 25 -11 40 0 0.00 0.0 0 9.8 17 330 M M 6 23 330
15 28 18 23 -12 42 0 0.01 0.3 0 13.9 22 320 M M 10 1 26 320
16 30 16 23 -12 42 0 T T T 14.0 23 320 M M 9 1 30 320
17 30 10 20 -14 45 0 T T T 21.7 35 310 M M 6 1 46 310
18 28 7 18 -16 47 0 T T T 16.9 35 320 M M 4 46 310
19 28 15 22 -11 43 0 T T T 15.9 32 330 M M 6 43 320
20 44 10 27 -6 38 0 0.00 0.0 0 10.5 21 310 M M 0 27 280
21 41 20 31 -1 34 0 0.00 0.0 0 6.5 16 280 M M 0 21 270
22 53 15 34 2 31 0 0.00 0.0 0 5.3 13 290 M M 0 17 290
23 57 21 39 8 26 0 0.00 0.0 0 9.7 18 140 M M 0 24 160
24 48 27 38 7 27 0 0.00 0.0 0 12.0 23 330 M M 0 29 340
25 63 25 44 14 21 0 0.00 0.0 0 8.3 15 200 M M 0 23 200
26 55 27 41 11 24 0 0.00 0.0 0 14.1 28 360 M M 0 35 350
27 41 19 30 0 35 0 0.00 0.0 0 9.5 21 340 M M 0 28 330
28 48 29 39 10 26 0 0.00 0.0 0 12.1 23 160 M M 2 32 170
29 32 16 24 -5 41 0 0.01 0.2 T 18.9 28 310 M M 5 36 310
30 27 13 20 -8 45 0 0.00 0.0 T 13.0 24 320 M M 0 31 310
================================================================================
SM 1309 629 975 0 0.48 0.5 378.6 M 115
================================================================================
AV 43.6 21.0 12.6 FASTST M M 4 MAX(MPH)
MISC ----> 40 300 50 260
================================================================================
NOTES:
# LAST OF SEVERAL OCCURRENCES
-COLUMN 17 PEAK WIND IN M.P.H.
-PRECIPITATION AMOUNTS IN COLUMNS 7,8 AND 9 ARE THE OFFICIAL
PRECIPITATION AMOUNTS FOR MITCHELL, SD.
-SNOW DEPTH IN COLUMN 9 IS RECORDED AT 6 AM CST (12Z).
PRELIMINARY LOCAL CLIMATOLOGICAL DATA (WS FORM: F-6) , PAGE 2
STATION: MITCHELL SD
MONTH: NOVEMBER
YEAR: 2022
LATITUDE: 43 46 N
LONGITUDE: 98 2 W
[TEMPERATURE DATA] [PRECIPITATION DATA] SYMBOLS USED IN COLUMN 16
AVERAGE MONTHLY: 32.3 TOTAL FOR MONTH: 0.48 1 = FOG OR MIST
DPTR FM NORMAL: -2.6 DPTR FM NORMAL: -0.07 2 = FOG REDUCING VISIBILITY
HIGHEST: 79 ON 1 GRTST 24HR 0.27 ON 9- 9 TO 1/4 MILE OR LESS
LOWEST: 7 ON 18 3 = THUNDER
SNOW, ICE PELLETS, HAIL 4 = ICE PELLETS
TOTAL MONTH: 0.5 INCH 5 = HAIL
GRTST 24HR 0.3 ON 15-15 6 = FREEZING RAIN OR DRIZZLE
GRTST DEPTH: T 7 = DUSTSTORM OR SANDSTORM:
VSBY 1/2 MILE OR LESS
8 = SMOKE OR HAZE
[NO. OF DAYS WITH] [WEATHER - DAYS WITH] 9 = BLOWING SNOW
X = TORNADO
MAX 32 OR BELOW: 11 0.01 INCH OR MORE: 4
MAX 90 OR ABOVE: 0 0.10 INCH OR MORE: 2
MIN 32 OR BELOW: 26 0.50 INCH OR MORE: 0
MIN 0 OR BELOW: 0 1.00 INCH OR MORE: 0
[HDD (BASE 65) ]
TOTAL THIS MO. 975 CLEAR (SCALE 0-3) 14
DPTR FM NORMAL 72 PTCLDY (SCALE 4-7) 10
TOTAL FM JUL 1 1467 CLOUDY (SCALE 8-10) 6
DPTR FM NORMAL -55
[CDD (BASE 65) ]
TOTAL THIS MO. 0
DPTR FM NORMAL 0 [PRESSURE DATA]
TOTAL FM JAN 1 1121 HIGHEST SLP 30.62 ON 7
DPTR FM NORMAL 242 LOWEST SLP 29.34 ON 5
[REMARKS]
RECORD HIGH DAILY MINIMUM TEMPERATURE WAS ESTABLISHED ON THE 2ND WITH
53 DEGREES. THE PREVIOUS RECORD WAS 49 DEGREES IN 1983.
#FINAL-11-22#