000
CXUS53 KFSD 011657
CF6MHE
PRELIMINARY LOCAL CLIMATOLOGICAL DATA (WS FORM: F-6)
STATION: MITCHELL SD
MONTH: MAY
YEAR: 2022
LATITUDE: 43 46 N
LONGITUDE: 98 2 W
TEMPERATURE IN F: :PCPN: SNOW: WIND :SUNSHINE: SKY :PK WND
================================================================================
1 2 3 4 5 6A 6B 7 8 9 10 11 12 13 14 15 16 17 18
12Z AVG MX 2MIN
DY MAX MIN AVG DEP HDD CDD WTR SNW DPTH SPD SPD DIR MIN PSBL S-S WX SPD DR
================================================================================
1 49 35 42 -11 23 0 0.00 0.0 0 15.8 30 330 M M 9 41 330
2 47 30 39 -15 26 0 0.00 0.0 0 7.8 15 10 M M 7 18 20
3 57 37 47 -7 18 0 0.00 0.0 0 7.9 16 360 M M 7 20 360
4 54 37 46 -8 19 0 0.00 0.0 0 6.9 16 130 M M 7 1 22 140
5 55 47 51 -4 14 0 T 0.0 0 3.7 14 140 M M 10 18 17 130
6 68 51 60 5 5 0 0.00 0.0 0 11.8 23 160 M M 7 1 32 160
7 78 52 65 9 0 0 0.06 0.0 0 23.7 46 160 M M 3 62 160
8 78 55 67 11 0 2 0.30 0.0 0 12.4 29 140 M M 5 1 38 150
9 75 51 63 6 2 0 0.17 0.0 0 16.6 33 150 M M 4 13 47 160
10 76 52 64 7 1 0 0.00 0.0 0 6.0 14 20 M M 4 21 40
11 79 54 67 10 0 2 0.05 0.0 0 12.5 25 110 M M 3 8 35 110
12 91 60 76 18 0 11 0.38 0.0 0 14.9 37 200 M M 2 13 59 230
13 77 52 65 7 0 0 0.00 0.0 0 10.4 24 220 M M 0 36 220
14 70 49 60 1 5 0 0.00 0.0 0 9.4 24 340 M M 0 33 350
15 75 45 60 1 5 0 T 0.0 0 9.1 23 320 M M 3 31 270
16 81 43 62 3 3 0 0.00 0.0 0 5.9 22 90 M M 0 32 80
17 70 53 62 2 3 0 0.06 0.0 0 13.6 28 140 M M 5 38 120
18 81 45 63 3 2 0 T 0.0 0 7.2 23 300 M M 3 12 31 300
19 85 48 67 6 0 2 0.07 0.0 0 13.9 37 330 M M 2 51 320
20 58 41 50 -11 15 0 T 0.0 0 14.7 31 310 M M 6 40 320
21 53 34 44 -17 21 0 0.00 0.0 0 9.1 17 320 M M 6 24 300
22 61 33 47 -15 18 0 0.00 0.0 0 5.4 12 330 M M 3 16 330
23 69 39 54 -8 11 0 0.00 0.0 0 10.9 23 200 M M 4 32 200
24 68 43 56 -6 9 0 0.00 0.0 0 9.2 21 90 M M 3 37 150
25 58 41 50 -13 15 0 T 0.0 0 9.5 18 20 M M 8 24 40
26 78 36 57 -6 8 0 0.00 0.0 0 4.9 10 350 M M 2 12 17 320
27 85 46 66 2 0 1 0.00 0.0 0 7.7 24 160 M M 0 33 170
28 90 62 76 12 0 11 T 0.0 0 9.4 33 250 M M 0 51 250
29 80 60 70 6 0 5 0.13 0.0 0 6.9 35 260 M M 3 13 55 260
30 68 57 63 -2 2 0 1.20 0.0 0 13.2 36 260 M M 6 13 49 260
31 65 52 59 -6 6 0 T 0.0 0 12.8 25 300 M M 8 36 310
================================================================================
SM 2179 1440 231 34 2.42 0.0 323.2 M 130
================================================================================
AV 70.3 46.5 10.4 FASTST M M 4 MAX(MPH)
MISC ----> 46 160 62 160
================================================================================
NOTES:
# LAST OF SEVERAL OCCURRENCES
-COLUMN 17 PEAK WIND IN M.P.H.
-PRECIPITATION AMOUNTS IN COLUMNS 7,8 AND 9 ARE THE OFFICIAL
PRECIPITATION AMOUNTS FOR MITCHELL, SD.
-SNOW DEPTH IN COLUMN 9 IS RECORDED AT 6 AM CST (12Z).
PRELIMINARY LOCAL CLIMATOLOGICAL DATA (WS FORM: F-6) , PAGE 2
STATION: MITCHELL SD
MONTH: MAY
YEAR: 2022
LATITUDE: 43 46 N
LONGITUDE: 98 2 W
[TEMPERATURE DATA] [PRECIPITATION DATA] SYMBOLS USED IN COLUMN 16
AVERAGE MONTHLY: 58.4 TOTAL FOR MONTH: 2.42 1 = FOG OR MIST
DPTR FM NORMAL: -0.9 DPTR FM NORMAL: -0.73 2 = FOG REDUCING VISIBILITY
HIGHEST: 91 ON 12 GRTST 24HR 1.33 ON 29-30 TO 1/4 MILE OR LESS
LOWEST: 30 ON 2 3 = THUNDER
SNOW, ICE PELLETS, HAIL 4 = ICE PELLETS
TOTAL MONTH: 0.0 INCH 5 = HAIL
GRTST 24HR 0.0 6 = FREEZING RAIN OR DRIZZLE
GRTST DEPTH: 0 7 = DUSTSTORM OR SANDSTORM:
VSBY 1/2 MILE OR LESS
8 = SMOKE OR HAZE
[NO. OF DAYS WITH] [WEATHER - DAYS WITH] 9 = BLOWING SNOW
X = TORNADO
MAX 32 OR BELOW: 0 0.01 INCH OR MORE: 9
MAX 90 OR ABOVE: 2 0.10 INCH OR MORE: 5
MIN 32 OR BELOW: 1 0.50 INCH OR MORE: 1
MIN 0 OR BELOW: 0 1.00 INCH OR MORE: 1
[HDD (BASE 65) ]
TOTAL THIS MO. 231 CLEAR (SCALE 0-3) 13
DPTR FM NORMAL 11 PTCLDY (SCALE 4-7) 15
TOTAL FM JUL 1 6825 CLOUDY (SCALE 8-10) 3
DPTR FM NORMAL -301
[CDD (BASE 65) ]
TOTAL THIS MO. 34
DPTR FM NORMAL -9 [PRESSURE DATA]
TOTAL FM JAN 1 41 HIGHEST SLP 30.43 ON 22
DPTR FM NORMAL -5 LOWEST SLP 29.06 ON 9
[REMARKS]
RECORD DAILY MAXIMUM TEMPERATURE WAS ESTABLISHED ON THE 12TH WITH 91
DEGREES. THE PREVIOUS RECORD WAS 90 IN 1915.
#FINAL-05-22#