000
CXUS53 KFSD 011519
CF6MHE
PRELIMINARY LOCAL CLIMATOLOGICAL DATA (WS FORM: F-6)
STATION: MITCHELL SD
MONTH: JULY
YEAR: 2021
LATITUDE: 43 46 N
LONGITUDE: 98 2 W
TEMPERATURE IN F: :PCPN: SNOW: WIND :SUNSHINE: SKY :PK WND
================================================================================
1 2 3 4 5 6A 6B 7 8 9 10 11 12 13 14 15 16 17 18
12Z AVG MX 2MIN
DY MAX MIN AVG DEP HDD CDD WTR SNW DPTH SPD SPD DIR MIN PSBL S-S WX SPD DR
================================================================================
1 90 60 75 1 0 10 0.00 0.0 0 4.7 12 110 M M 0 1 18 160
2 92 62 77 3 0 12 0.00 0.0 0 6.9 16 170 M M 1 26 150
3 94 63 79 5 0 14 0.00 0.0 0 13.5 24 170 M M 0 34 210
4 101 73 87 12 0 22 0.00 0.0 0 8.5 17 190 M M 0 8 25 170
5 98 65 82 7 0 17 0.55 0.0 0 6.3 43 270 M M 1 13 55 270
6 73 67 70 -5 0 5 0.11 0.0 0 7.9 22 310 M M 7 13 31 310
7 75 63 69 -6 0 4 0.00 0.0 0 5.8 17 20 M M 8 1 22 20
8 80 60 70 -5 0 5 0.30 0.0 0 13.1 23 150 M M 5 13 32 150
9 82 63 73 -2 0 8 0.18 0.0 0 6.6 25 310 M M 7 13 35 310
10 77 62 70 -5 0 5 0.01 0.0 0 8.2 20 60 M M 7 13 29 60
11 84 58 71 -5 0 6 0.00 0.0 0 4.1 9 70 M M 2 12 15 40
12 84 58 71 -5 0 6 0.00 0.0 0 8.1 16 170 M M 0 1 24 160
13 89 63 76 0 0 11 0.00 0.0 0 5.4 14 280 M M 1 1 18 280
14 80 65 73 -3 0 8 0.80 0.0 0 6.5 16 90 M M 5 13 23 90
15 82 58 70 -6 0 5 0.00 0.0 0 4.6 14 130 M M 2 12 19 110
16 82 61 72 -4 0 7 0.00 0.0 0 10.0 17 150 M M 1 1 28 120
17 85 67 76 0 0 11 0.00 0.0 0 10.6 18 140 M M 3 24 160
18 86 66 76 0 0 11 0.00 0.0 0 9.4 16 150 M M 2 1 22 140
19 86 65 76 0 0 11 0.00 0.0 0 7.2 13 160 M M 1 1 18 130
20 86 62 74 -2 0 9 0.00 0.0 0 7.3 17 150 M M 0 1 24 160
21 90 66 78 2 0 13 0.00 0.0 0 14.2 24 160 M M 0 1 33 180
22 94 71 83 7 0 18 T 0.0 0 12.7 20 170 M M 2 31 170
23 92 70 81 5 0 16 0.18 0.0 0 6.8 28 280 M M 1 13 43 280
24 93 66 80 4 0 15 T 0.0 0 5.0 16 360 M M 1 24 360
25 93 61 77 1 0 12 T 0.0 0 10.2 22 170 M M 0 30 160
26 92 65 79 4 0 14 0.00 0.0 0 12.9 26 160 M M 0 38 190
27 97 72 85 10 0 20 0.00 0.0 0 6.6 14 200 M M 0 21 190
28 104 76 90 15 0 25 0.00 0.0 0 10.6 21 20 M M 0 29 20
29 85 63 74 -1 0 9 0.00 0.0 0 9.2 15 50 M M 7 8 22 360
30 68 58 63 -12 2 0 0.94 0.0 0 5.0 15 360 M M 10 1238 22 340
31 85 58 72 -3 0 7 0.00 0.0 0 6.9 17 20 M M 4 128 24 20
================================================================================
SM 2699 1987 2 336 3.07 0.0 254.8 M 78
================================================================================
AV 87.1 64.1 8.2 FASTST M M 3 MAX(MPH)
MISC ----> 43 270 55 270
================================================================================
NOTES:
# LAST OF SEVERAL OCCURRENCES
- COLUMN 17 PEAK WIND IN M.P.H.
- PRECIPITATION AMOUNTS IN COLUMNS 7,8 AND 9 ARE THE OFFICIAL PRECIPITATION
AMOUNTS FOR MITCHELL, SD
- SNOW DEPTH IN COLUMN 9 IS RECORDED AT 6 AM CST (12Z)
PRELIMINARY LOCAL CLIMATOLOGICAL DATA (WS FORM: F-6) , PAGE 2
STATION: MITCHELL SD
MONTH: JULY
YEAR: 2021
LATITUDE: 43 46 N
LONGITUDE: 98 2 W
[TEMPERATURE DATA] [PRECIPITATION DATA] SYMBOLS USED IN COLUMN 16
AVERAGE MONTHLY: 75.6 TOTAL FOR MONTH: 3.07 1 = FOG OR MIST
DPTR FM NORMAL: 0.3 DPTR FM NORMAL: 0.71 2 = FOG REDUCING VISIBILITY
HIGHEST: 104 ON 28 GRTST 24HR 0.94 ON 30-30 TO 1/4 MILE OR LESS
LOWEST: 58 ON 31,30 3 = THUNDER
SNOW, ICE PELLETS, HAIL 4 = ICE PELLETS
TOTAL MONTH: 0.0 INCH 5 = HAIL
GRTST 24HR 0.0 6 = FREEZING RAIN OR DRIZZLE
GRTST DEPTH: 0 7 = DUSTSTORM OR SANDSTORM:
VSBY 1/2 MILE OR LESS
8 = SMOKE OR HAZE
[NO. OF DAYS WITH] [WEATHER - DAYS WITH] 9 = BLOWING SNOW
X = TORNADO
MAX 32 OR BELOW: 0 0.01 INCH OR MORE: 8
MAX 90 OR ABOVE: 13 0.10 INCH OR MORE: 7
MIN 32 OR BELOW: 0 0.50 INCH OR MORE: 3
MIN 0 OR BELOW: 0 1.00 INCH OR MORE: 0
[HDD (BASE 65) ]
TOTAL THIS MO. 2 CLEAR (SCALE 0-3) 21
DPTR FM NORMAL -2 PTCLDY (SCALE 4-7) 9
TOTAL FM JUL 1 2 CLOUDY (SCALE 8-10) 1
DPTR FM NORMAL 2
[CDD (BASE 65) ]
TOTAL THIS MO. 336
DPTR FM NORMAL 13 [PRESSURE DATA]
TOTAL FM JAN 1 707 HIGHEST SLP 30.23 ON 30
DPTR FM NORMAL 160 LOWEST SLP 29.76 ON 4
[REMARKS]
RECORD LOW MAXIMUM TEMPERATURE OF 68 DEGREES WAS TIED ON THE 30TH.
THIS TEMPERATURE RECORD WAS PREVIOUSLY ESTABLISHED IN 1998.
#FINAL-07-21#