000
CXUS53 KDMX 020619
CF6MIW
PRELIMINARY LOCAL CLIMATOLOGICAL DATA (WS FORM: F-6)
STATION: MARSHALLTOWN IA
MONTH: JUNE
YEAR: 2023
LATITUDE: 42 6 N
LONGITUDE: 92 55 W
TEMPERATURE IN F: :PCPN: SNOW: WIND :SUNSHINE: SKY :PK WND
================================================================================
1 2 3 4 5 6A 6B 7 8 9 10 11 12 13 14 15 16 17 18
12Z AVG MX 2MIN
DY MAX MIN AVG DEP HDD CDD WTR SNW DPTH SPD SPD DIR MIN PSBL S-S WX SPD DR
================================================================================
1 79 64 72 6 0 7 0.84 0.0 0 7.3 20 240 M M 4 1 27 230
2 87 65 76 10 0 11 T 0.0 0 7.1 18 160 M M 0 18 22 160
3 87 64 76 9 0 11 0.00 0.0 0 6.5 15 70 M M 2 18 19 60
4 90 63 77 10 0 12 T 0.0 0 7.2 25 90 M M 1 3 32 80
5 84 60 72 5 0 7 0.00 0.0 0 4.0 10 150 M M 0 18 15 120
6 88 63 76 8 0 11 0.10 0.0 0 4.6 37 330 M M 3 138 51 340
7 79 59 69 1 0 4 0.44 0.0 0 7.5 16 100 M M 3 138 21 100
8 78 56 67 -1 0 2 T 0.0 0 5.5 12 130 M M 4 15 130
9 81 53 67 -2 0 2 0.00 0.0 0 5.5 14 220 M M 0 22 200
10 81 57 69 0 0 4 T 0.0 0 7.8 16 40 M M 5 21 40
11 72 48 60 -9 5 0 0.00 0.0 0 10.7 22 30 M M 6 29 20
12 77 43 60 -9 5 0 0.00 0.0 0 9.2 22 290 M M 3 30 320
13 85 55 70 0 0 5 0.00 0.0 0 9.5 21 300 M M 1 30 320
14 88 55 72 2 0 7 0.00 0.0 0 4.7 10 250 M M 1 8 15 260
15 89 56 73 3 0 8 0.00 0.0 0 6.3 18 60 M M 1 8 24 50
16 78 54 66 -4 0 1 0.00 0.0 0 8.4 16 100 M M 0 8 22 100
17 84 53 69 -1 0 4 0.65 0.0 0 9.6 24 250 M M 1 138 36 250
18 82 62 72 1 0 7 0.01 0.0 0 7.2 17 130 M M 4 13 23 150
19 86 61 74 3 0 9 0.00 0.0 0 6.0 13 130 M M 1 12 22 120
20 87 61 74 3 0 9 0.00 0.0 0 8.3 17 100 M M 0 8 22 130
21 87 61 74 3 0 9 0.00 0.0 0 8.9 18 120 M M 0 8 26 140
22 91 63 77 6 0 12 0.00 0.0 0 5.1 10 70 M M 1 8 14 60
23 91 60 76 5 0 11 0.00 0.0 0 4.5 12 100 M M 1 17 150
24 84 64 74 2 0 9 0.35 0.0 0 9.3 25 330 M M 4 13 38 320
25 74 64 69 -3 0 4 0.20 0.0 0 16.7 31 290 M M 6 18 47 300
26 77 60 69 -3 0 4 T 0.0 0 12.4 23 320 M M 5 30 330
27 84 55 70 -2 0 5 0.00 0.0 0 4.8 13 130 M M 2 18 16 110
28 83 65 74 2 0 9 0.06 0.0 0 12.7 25 350 M M 4 138 36 350
29 88 67 78 6 0 13 0.00 0.0 0 4.4 14 350 M M 2 18 18 340
30 85 65 75 3 0 10 0.09 0.0 0 4.1 13 220 M M 2 13 19 230
================================================================================
SM 2506 1776 10 207 2.74 0.0 225.8 M 67
================================================================================
AV 83.5 59.2 7.5 FASTST M M 2 MAX(MPH)
MISC ----> 37 330 51 340
================================================================================
NOTES:
# LAST OF SEVERAL OCCURRENCES
COLUMN 17 PEAK WIND IN M.P.H.
PRELIMINARY LOCAL CLIMATOLOGICAL DATA (WS FORM: F-6) , PAGE 2
STATION: MARSHALLTOWN IA
MONTH: JUNE
YEAR: 2023
LATITUDE: 42 6 N
LONGITUDE: 92 55 W
[TEMPERATURE DATA] [PRECIPITATION DATA] SYMBOLS USED IN COLUMN 16
AVERAGE MONTHLY: 71.4 TOTAL FOR MONTH: 2.74 1 = FOG OR MIST
DPTR FM NORMAL: 1.7 DPTR FM NORMAL: -2.58 2 = FOG REDUCING VISIBILITY
HIGHEST: 91 ON 23,22 GRTST 24HR 0.85 ON 31- 1 TO 1/4 MILE OR LESS
LOWEST: 43 ON 12 3 = THUNDER
SNOW, ICE PELLETS, HAIL 4 = ICE PELLETS
TOTAL MONTH: 0.0 INCH 5 = HAIL
GRTST 24HR 0.0 6 = FREEZING RAIN OR DRIZZLE
GRTST DEPTH: 0 7 = DUSTSTORM OR SANDSTORM:
VSBY 1/2 MILE OR LESS
8 = SMOKE OR HAZE
[NO. OF DAYS WITH] [WEATHER - DAYS WITH] 9 = BLOWING SNOW
X = TORNADO
MAX 32 OR BELOW: 0 0.01 INCH OR MORE: 9
MAX 90 OR ABOVE: 3 0.10 INCH OR MORE: 6
MIN 32 OR BELOW: 0 0.50 INCH OR MORE: 2
MIN 0 OR BELOW: 0 1.00 INCH OR MORE: 0
[HDD (BASE 65) ]
TOTAL THIS MO. 10 CLEAR (SCALE 0-3) 20
DPTR FM NORMAL -16 PTCLDY (SCALE 4-7) 10
TOTAL FM JUL 1 6520 CLOUDY (SCALE 8-10) 0
DPTR FM NORMAL -470
[CDD (BASE 65) ]
TOTAL THIS MO. 207
DPTR FM NORMAL 38 [PRESSURE DATA]
TOTAL FM JAN 1 275 HIGHEST SLP 30.08 ON 21
DPTR FM NORMAL 52 LOWEST SLP 29.62 ON 25
[REMARKS]
#FINAL-06-23#