000
CXUS53 KGRR 011017
CF6MKG
PRELIMINARY LOCAL CLIMATOLOGICAL DATA (WS FORM: F-6)
STATION: MUSKEGON
MONTH: AUGUST
YEAR: 2020
LATITUDE: 43 10 N
LONGITUDE: 86 14 W
TEMPERATURE IN F: :PCPN: SNOW: WIND :SUNSHINE: SKY :PK WND
================================================================================
1 2 3 4 5 6A 6B 7 8 9 10 11 12 13 14 15 16 17 18
12Z AVG MX 2MIN
DY MAX MIN AVG DEP HDD CDD WTR SNW DPTH SPD SPD DIR MIN PSBL S-S WX SPD DR
================================================================================
1 86 64 75 4 0 10 T 0.0 0 4.6 10 350 M M 6 14 290
2 80 68 74 3 0 9 0.40 0.0 0 5.0 14 290 M M 8 1 22 250
3 75 63 69 -2 0 4 0.04 0.0 0 9.6 17 10 M M 9 25 360
4 72 57 65 -6 0 0 0.00 0.0 0 9.4 21 290 M M 6 29 290
5 75 49 62 -9 3 0 0.00 0.0 0 5.1 14 260 M M 3 21 320
6 79 52 66 -5 0 1 0.00 0.0 0 3.8 12 270 M M 3 1 17 270
7 83 54 69 -2 0 4 0.00 0.0 0 3.8 13 270 M M 2 1 18 260
8 83 59 71 0 0 6 0.00 0.0 0 10.2 22 180 M M 4 32 180
9 87 72 80 9 0 15 0.01 0.0 0 10.8 18 230 M M 6 28 230
10 87 70 79 8 0 14 1.56 0.0 0 10.3 22 290 M M 6 13 33 290
11 81 61 71 0 0 6 T 0.0 0 5.6 14 290 M M 3 20 300
12 83 58 71 0 0 6 0.00 0.0 0 3.4 12 280 M M 1 16 250
13 88 62 75 5 0 10 0.00 0.0 0 3.7 12 320 M M 4 16 230
14 91 66 79 9 0 14 0.00 0.0 0 5.6 12 100 M M 2 16 50
15 84 65 75 5 0 10 T 0.0 0 4.5 16 130 M M 5 1 20 130
16 87 64 76 6 0 11 0.03 0.0 0 7.5 18 280 M M 4 24 290
17 82 62 72 2 0 7 T 0.0 0 5.6 15 270 M M 5 1 21 300
18 77 59 68 -2 0 3 0.00 0.0 0 9.0 21 290 M M 2 30 280
19 77 51 64 -6 1 0 0.00 0.0 0 2.9 13 280 M M 2 17 260
20 80 61 71 1 0 6 T 0.0 0 8.1 17 210 M M 4 23 200
21 82 63 73 3 0 8 0.00 0.0 0 5.3 14 230 M M 3 18 250
22 84 61 73 4 0 8 0.00 0.0 0 6.4 15 200 M M 4 25 180
23 84 66 75 6 0 10 0.00 0.0 0 5.6 15 190 M M 4 21 220
24 86 68 77 8 0 12 0.00 0.0 0 6.4 14 230 M M 4 1 20 230
25 83 72 78 9 0 13 0.02 0.0 0 2.6 10 350 M M 7 12 340
26 86 69 78 9 0 13 0.00 0.0 0 10.7 20 210 M M 5 3 29 210
27 87 73 80 12 0 15 0.03 0.0 0 10.1 20 230 M M 5 3 29 240
28 85 70 78 10 0 13 0.13 0.0 0 8.3 20 240 M M 8 138 27 230
29 77 62 70 2 0 5 T 0.0 0 12.6 22 320 M M 6 32 340
30 75 52 64 -4 1 0 0.00 0.0 0 4.7 14 250 M M 4 18 260
31 81 56 69 1 0 4 0.00 0.0 0 8.0 17 190 M M 6 23 190
================================================================================
SM 2547 1929 5 237 2.22 0.0 209.2 M 141
================================================================================
AV 82.2 62.2 6.7 FASTST M M 5 MAX(MPH)
MISC ----> # 22 180 # 33 290
================================================================================
NOTES:
# LAST OF SEVERAL OCCURRENCES
COLUMN 17 PEAK WIND IN M.P.H.
PRELIMINARY LOCAL CLIMATOLOGICAL DATA (WS FORM: F-6) , PAGE 2
STATION: MUSKEGON
MONTH: AUGUST
YEAR: 2020
LATITUDE: 43 10 N
LONGITUDE: 86 14 W
[TEMPERATURE DATA] [PRECIPITATION DATA] SYMBOLS USED IN COLUMN 16
AVERAGE MONTHLY: 72.2 TOTAL FOR MONTH: 2.22 1 = FOG OR MIST
DPTR FM NORMAL: 2.3 DPTR FM NORMAL: -1.17 2 = FOG REDUCING VISIBILITY
HIGHEST: 91 ON 14 GRTST 24HR 1.56 ON 10-10 TO 1/4 MILE OR LESS
LOWEST: 49 ON 5 3 = THUNDER
SNOW, ICE PELLETS, HAIL 4 = ICE PELLETS
TOTAL MONTH: 0.0 INCH 5 = HAIL
GRTST 24HR 0.0 6 = FREEZING RAIN OR DRIZZLE
GRTST DEPTH: 0 7 = DUSTSTORM OR SANDSTORM:
VSBY 1/2 MILE OR LESS
8 = SMOKE OR HAZE
[NO. OF DAYS WITH] [WEATHER - DAYS WITH] 9 = BLOWING SNOW
X = TORNADO
MAX 32 OR BELOW: 0 0.01 INCH OR MORE: 8
MAX 90 OR ABOVE: 1 0.10 INCH OR MORE: 3
MIN 32 OR BELOW: 0 0.50 INCH OR MORE: 1
MIN 0 OR BELOW: 0 1.00 INCH OR MORE: 1
[HDD (BASE 65) ]
TOTAL THIS MO. 5 CLEAR (SCALE 0-3) 8
DPTR FM NORMAL -14 PTCLDY (SCALE 4-7) 20
TOTAL FM JUL 1 5 CLOUDY (SCALE 8-10) 3
DPTR FM NORMAL -25
[CDD (BASE 65) ]
TOTAL THIS MO. 237
DPTR FM NORMAL 66 [PRESSURE DATA]
TOTAL FM JAN 1 789 HIGHEST SLP 30.19 ON 7
DPTR FM NORMAL 282 LOWEST SLP 29.57 ON 28
[REMARKS]
#FINAL-08-20#