000
CXHW52 PHFO 181250
CF6MKK
PRELIMINARY LOCAL CLIMATOLOGICAL DATA (WS FORM: F-6)
STATION: MOLOKAI HI
MONTH: APRIL
YEAR: 2024
LATITUDE: 21 8 N
LONGITUDE: 157 6 W
TEMPERATURE IN F: :PCPN: SNOW: WIND :SUNSHINE: SKY :PK WND
================================================================================
1 2 3 4 5 6A 6B 7 8 9 10 11 12 13 14 15 16 17 18
12Z AVG MX 2MIN
DY MAX MIN AVG DEP HDD CDD WTR SNW DPTH SPD SPD DIR MIN PSBL S-S WX SPD DR
================================================================================
1 81 69 75 2 0 10 T M M 13.6 25 60 M M 3 40 50
2 83 71 77 4 0 12 0.00 M M 15.5 28 70 M M 0 44 60
3 83 72 78 4 0 13 0.00 M M 14.9 28 70 M M 1 41 70
4 81 70 76 2 0 11 T M M 16.3 28 70 M M 3 44 70
5 80 68 74 0 0 9 T M M 15.5 28 70 M M 4 1 43 70
6 80 68 74 0 0 9 0.01 M M 16.8 30 70 M M 4 44 80
7 80 69 75 1 0 10 0.00 M M 15.3 30 70 M M 3 47 80
8 83 69 76 2 0 11 0.00 M M 12.2 25 70 M M 0 40 70
9 84 65 75 1 0 10 0.00 M M 9.2 21 70 M M 0 33 50
10 85 62 74 0 0 9 0.00 M M 3.6 15 200 M M 3 21 340
11 84 69 77 3 0 12 0.00 M M 3.4 17 290 M M 4 24 270
12 81 71 76 2 0 11 T M M 7.1 16 140 M M 4 24 50
13 85 67 76 2 0 11 T M M 6.2 16 190 M M 5 26 170
14 80 69 75 1 0 10 0.57 M M 12.9 26 170 M M 9 18 37 170
15 84 68 76 2 0 11 0.14 M M 7.3 17 290 M M 5 1 25 270
16 81 63 72 -2 0 7 0.00 M M 7.7 16 340 M M 3 24 350
17 80 67 74 0 0 9 0.00 M M 9.2 18 20 M M 2 27 10
================================================================================
SM 1395 1157 0 175 0.72 M 186.7 M 53
================================================================================
AV 82.1 68.1 11.0 FASTST M M 3 MAX(MPH)
MISC ----> # 30 70 47 80
================================================================================
NOTES:
# LAST OF SEVERAL OCCURRENCES
COLUMN 17 PEAK WIND IN M.P.H.
PRELIMINARY LOCAL CLIMATOLOGICAL DATA (WS FORM: F-6) , PAGE 2
STATION: MOLOKAI HI
MONTH: APRIL
YEAR: 2024
LATITUDE: 21 8 N
LONGITUDE: 157 6 W
[TEMPERATURE DATA] [PRECIPITATION DATA] SYMBOLS USED IN COLUMN 16
AVERAGE MONTHLY: 75.1 TOTAL FOR MONTH: 0.72 1 = FOG OR MIST
DPTR FM NORMAL: 1.2 DPTR FM NORMAL: -0.29 2 = FOG REDUCING VISIBILITY
HIGHEST: 85 ON 13,10 GRTST 24HR 0.71 ON 14-15 TO 1/4 MILE OR LESS
LOWEST: 62 ON 10 3 = THUNDER
SNOW, ICE PELLETS, HAIL 4 = ICE PELLETS
TOTAL MONTH: M 5 = HAIL
GRTST 24HR M ON M 6 = FREEZING RAIN OR DRIZZLE
GRTST DEPTH: M ON M 7 = DUSTSTORM OR SANDSTORM:
VSBY 1/2 MILE OR LESS
8 = SMOKE OR HAZE
[NO. OF DAYS WITH] [WEATHER - DAYS WITH] 9 = BLOWING SNOW
X = TORNADO
MAX 32 OR BELOW: 0 0.01 INCH OR MORE: 3
MAX 90 OR ABOVE: 0 0.10 INCH OR MORE: 2
MIN 32 OR BELOW: 0 0.50 INCH OR MORE: 1
MIN 0 OR BELOW: 0 1.00 INCH OR MORE: 0
[HDD (BASE 65) ]
TOTAL THIS MO. 0 CLEAR (SCALE 0-3) 8
DPTR FM NORMAL 0 PTCLDY (SCALE 4-7) 8
TOTAL FM JUL 1 0 CLOUDY (SCALE 8-10) 1
DPTR FM NORMAL 0
[CDD (BASE 65) ]
TOTAL THIS MO. 175
DPTR FM NORMAL 26 [PRESSURE DATA]
TOTAL FM JAN 1 866 HIGHEST SLP M ON M
DPTR FM NORMAL 93 LOWEST SLP 29.87 ON 15
[REMARKS]