000
CXHW52 PHFO 011250
CF6MKK
PRELIMINARY LOCAL CLIMATOLOGICAL DATA (WS FORM: F-6)
STATION: MOLOKAI HI
MONTH: JUNE
YEAR: 2021
LATITUDE: 21 8 N
LONGITUDE: 157 6 W
TEMPERATURE IN F: :PCPN: SNOW: WIND :SUNSHINE: SKY :PK WND
================================================================================
1 2 3 4 5 6A 6B 7 8 9 10 11 12 13 14 15 16 17 18
12Z AVG MX 2MIN
DY MAX MIN AVG DEP HDD CDD WTR SNW DPTH SPD SPD DIR MIN PSBL S-S WX SPD DR
================================================================================
1 87 65 76 -1 0 11 0.00 M M 8.3 21 40 M M 1 30 40
2 88 70 79 2 0 14 0.00 M M 10.6 21 50 M M 3 30 40
3 85 69 77 0 0 12 T M M 11.2 18 50 M M 5 1 26 360
4 88 67 78 1 0 13 0.00 M M 9.0 22 50 M M 1 28 50
5 84 72 78 0 0 13 0.00 M M 13.4 25 50 M M 1 35 40
6 84 72 78 0 0 13 0.00 M M 11.9 26 50 M M 4 33 50
7 85 72 79 1 0 14 0.00 M M 12.4 25 50 M M 3 35 40
8 85 72 79 1 0 14 0.00 M M 14.5 25 60 M M 3 35 50
9 84 72 78 0 0 13 T M M 15.8 29 60 M M 3 39 50
10 84 71 78 0 0 13 T M M 15.0 26 50 M M 4 37 70
11 84 71 78 0 0 13 0.02 M M 12.3 21 40 M M 4 29 50
12 83 68 76 -2 0 11 0.00 M M 13.0 21 30 M M 3 29 30
13 83 67 75 -3 0 10 0.02 M M 11.9 23 60 M M 6 1 30 60
14 83 67 75 -3 0 10 T M M 11.9 22 30 M M 3 31 30
15 85 67 76 -2 0 11 0.00 M M 11.3 22 40 M M 1 31 50
16 87 66 77 -1 0 12 0.00 M M 9.9 20 50 M M 1 26 30
17 87 69 78 0 0 13 0.00 M M 11.5 23 50 M M 4 33 50
18 87 68 78 0 0 13 0.00 M M 11.1 21 360 M M 1 28 40
19 84 67 76 -2 0 11 T M M 9.7 20 60 M M 2 26 50
20 83 66 75 -3 0 10 0.03 M M 9.9 18 50 M M 3 25 40
21 88 69 79 1 0 14 0.00 M M 9.0 18 30 M M 1 26 50
22 84 71 78 0 0 13 0.00 M M 10.3 21 30 M M 2 28 50
23 85 73 79 1 0 14 0.00 M M 10.2 20 50 M M 4 29 10
24 85 67 76 -3 0 11 0.00 M M 7.4 17 40 M M 3 24 60
25 85 62 74 -5 0 9 0.00 M M 3.8 15 350 M M 2 22 340
26 85 62 74 -5 0 9 0.00 M M 4.6 14 180 M M 2 20 130
27 87 68 78 -1 0 13 0.00 M M 5.7 17 50 M M 4 22 50
28 87 70 79 0 0 14 0.00 M M 6.1 21 90 M M 2 29 110
29 85 64 75 -4 0 10 0.00 M M 5.6 15 50 M M 3 23 350
30 87 66 77 -2 0 12 T M M 10.3 24 50 M M 1 33 50
================================================================================
SM 2558 2050 0 363 0.07 M 307.6 M 80
================================================================================
AV 85.3 68.3 10.3 FASTST M M 3 MAX(MPH)
MISC ----> 29 60 39 50
================================================================================
NOTES:
# LAST OF SEVERAL OCCURRENCES
COLUMN 17 PEAK WIND IN M.P.H.
PRELIMINARY LOCAL CLIMATOLOGICAL DATA (WS FORM: F-6) , PAGE 2
STATION: MOLOKAI HI
MONTH: JUNE
YEAR: 2021
LATITUDE: 21 8 N
LONGITUDE: 157 6 W
[TEMPERATURE DATA] [PRECIPITATION DATA] SYMBOLS USED IN COLUMN 16
AVERAGE MONTHLY: 76.8 TOTAL FOR MONTH: 0.07 1 = FOG OR MIST
DPTR FM NORMAL: -1.3 DPTR FM NORMAL: -0.54 2 = FOG REDUCING VISIBILITY
HIGHEST: 88 ON 21, 4 GRTST 24HR 0.03 ON 20-20 TO 1/4 MILE OR LESS
LOWEST: 62 ON 26,25 3 = THUNDER
SNOW, ICE PELLETS, HAIL 4 = ICE PELLETS
TOTAL MONTH: M 5 = HAIL
GRTST 24HR M ON M 6 = FREEZING RAIN OR DRIZZLE
GRTST DEPTH: M ON M 7 = DUSTSTORM OR SANDSTORM:
VSBY 1/2 MILE OR LESS
8 = SMOKE OR HAZE
[NO. OF DAYS WITH] [WEATHER - DAYS WITH] 9 = BLOWING SNOW
X = TORNADO
MAX 32 OR BELOW: 0 0.01 INCH OR MORE: 3
MAX 90 OR ABOVE: 0 0.10 INCH OR MORE: 0
MIN 32 OR BELOW: 0 0.50 INCH OR MORE: 0
MIN 0 OR BELOW: 0 1.00 INCH OR MORE: 0
[HDD (BASE 65) ]
TOTAL THIS MO. 0 CLEAR (SCALE 0-3) 19
DPTR FM NORMAL 0 PTCLDY (SCALE 4-7) 11
TOTAL FM JUL 1 0 CLOUDY (SCALE 8-10) 0
DPTR FM NORMAL 0
[CDD (BASE 65) ]
TOTAL THIS MO. 363
DPTR FM NORMAL -30 [PRESSURE DATA]
TOTAL FM JAN 1 1713 HIGHEST SLP 30.22 ON 10
DPTR FM NORMAL 92 LOWEST SLP 29.95 ON 28
[REMARKS]
#FINAL-06-21#