000
CXUS54 KFWD 010830
CF6MKN
PRELIMINARY LOCAL CLIMATOLOGICAL DATA (WS FORM: F-6)
STATION: COMANCHE
MONTH: NOVEMBER
YEAR: 2021
LATITUDE: 31 55 N
LONGITUDE: 98 36 W
TEMPERATURE IN F: :PCPN: SNOW: WIND :SUNSHINE: SKY :PK WND
================================================================================
1 2 3 4 5 6A 6B 7 8 9 10 11 12 13 14 15 16 17 18
12Z AVG MX 2MIN
DY MAX MIN AVG DEP HDD CDD WTR SNW DPTH SPD SPD DIR MIN PSBL S-S WX SPD DR
================================================================================
1 84 50 67 M 0 2 0.00 M M 4.4 10 170 M M 2 21 200
2 60 52 56 M 9 0 0.00 M M 5.4 8 350 M M 9 1 M M
3 52 46 49 M 16 0 0.23 M M 8.4 12 20 M M 10 13 20 20
4 61 42 52 M 13 0 0.00 M M 4.7 9 50 M M 9 M M
5 67 36 52 M 13 0 0.00 M M 4.8 8 180 M M 0 M M
6 74 38 56 M 9 0 0.00 M M 5.0 9 170 M M 0 M M
7 78 45 62 M 3 0 0.00 M M 7.4 12 210 M M 0 17 210
8 79 49 64 M 1 0 0.00 M M 9.7 15 210 M M 2 23 180
9 77 57 67 M 0 2 0.00 M M 8.6 16 200 M M 5 23 200
10 79 57 68 M 0 3 0.00 M M 11.9 22 190 M M 6 28 210
11 71 47 59 M 6 0 M M M 5.8 13 20 M M 0 17 360
12 70 42 56 M 9 0 0.00 M M 7.2 17 10 M M 0 24 350
13 72 35 54 M 11 0 0.00 M M 5.7 12 210 M M 0 17 220
14 81 47 64 M 1 0 0.00 M M 3.8 9 280 M M 0 16 290
15 85 44 65 M 0 0 0.00 M M 5.8 14 200 M M 0 18 200
16 85 61 73 M 0 8 0.00 M M 14.2 21 190 M M 1 29 210
17 84 53 69 M 0 4 0.00 M M 11.6 21 360 M M 2 24 350
18 61 41 51 M 14 0 0.00 M M 10.5 20 10 M M 2 25 10
19 69 37 53 M 12 0 0.00 M M 5.9 13 170 M M 1 17 170
20 79 46 63 M 2 0 0.00 M M 11.3 17 200 M M 0 25 220
21 65 49 57 M 8 0 0.00 M M 9.4 16 360 M M 2 25 360
22 70 39 55 M 10 0 0.00 M M 5.1 8 330 M M 0 M M
23 72 37 55 M 10 0 0.00 M M 8.8 17 170 M M 0 23 170
24 77 54 66 M 0 1 0.00 M M 12.1 22 200 M M 5 29 210
25 62 40 51 M 14 0 0.00 M M 12.9 21 360 M M 0 32 360
26 58 36 47 M 18 0 0.00 M M 4.3 8 220 M M 0 M M
27 55 48 52 M 13 0 0.15 M M 6.4 14 190 M M 9 25 210
28 67 45 56 M 9 0 0.00 M M 5.7 10 10 M M 2 17 360
29 76 39 58 M 7 0 0.00 M M 6.4 13 210 M M 0 20 200
30 78 51 65 M 0 0 0.00 M M 8.9 14 200 M M 0 20 210
================================================================================
SM 2148 1363 208 20 0.38 M 232.1 M 67
================================================================================
AV 71.6 45.4 7.7 FASTST M M 2 MAX(MPH)
MISC ----> 22 190 32 360
================================================================================
NOTES:
# LAST OF SEVERAL OCCURRENCES
COLUMN 17 PEAK WIND IN M.P.H.
PRELIMINARY LOCAL CLIMATOLOGICAL DATA (WS FORM: F-6) , PAGE 2
STATION: COMANCHE
MONTH: NOVEMBER
YEAR: 2021
LATITUDE: 31 55 N
LONGITUDE: 98 36 W
[TEMPERATURE DATA] [PRECIPITATION DATA] SYMBOLS USED IN COLUMN 16
AVERAGE MONTHLY: 58.5 TOTAL FOR MONTH: 0.38 1 = FOG OR MIST
DPTR FM NORMAL: 0.0 DPTR FM NORMAL: -1.55 2 = FOG REDUCING VISIBILITY
HIGHEST: 85 ON 16,15 GRTST 24HR 0.23 ON 3- 3 TO 1/4 MILE OR LESS
LOWEST: 35 ON 13 3 = THUNDER
SNOW, ICE PELLETS, HAIL 4 = ICE PELLETS
TOTAL MONTH: M 5 = HAIL
GRTST 24HR M ON M 6 = FREEZING RAIN OR DRIZZLE
GRTST DEPTH: M ON M 7 = DUSTSTORM OR SANDSTORM:
VSBY 1/2 MILE OR LESS
8 = SMOKE OR HAZE
[NO. OF DAYS WITH] [WEATHER - DAYS WITH] 9 = BLOWING SNOW
X = TORNADO
MAX 32 OR BELOW: 0 0.01 INCH OR MORE: 2
MAX 90 OR ABOVE: 0 0.10 INCH OR MORE: 2
MIN 32 OR BELOW: 0 0.50 INCH OR MORE: 0
MIN 0 OR BELOW: 0 1.00 INCH OR MORE: 0
[HDD (BASE 65) ]
TOTAL THIS MO. 208 CLEAR (SCALE 0-3) 23
DPTR FM NORMAL M PTCLDY (SCALE 4-7) 3
TOTAL FM JUL 1 234 CLOUDY (SCALE 8-10) 4
DPTR FM NORMAL M
[CDD (BASE 65) ]
TOTAL THIS MO. 20
DPTR FM NORMAL M [PRESSURE DATA]
TOTAL FM JAN 1 2463 HIGHEST SLP M ON M
DPTR FM NORMAL M LOWEST SLP M ON M
[REMARKS]
#FINAL-11-21#