000
CXUS54 KTSA 010950
CF6MKO
PRELIMINARY LOCAL CLIMATOLOGICAL DATA (WS FORM: F-6)
STATION: MUSKOGEE OKLAHOMA
MONTH: FEBRUARY
YEAR: 2023
LATITUDE: 35 40 N
LONGITUDE: 95 22 W
TEMPERATURE IN F: :PCPN: SNOW: WIND :SUNSHINE: SKY :PK WND
================================================================================
1 2 3 4 5 6A 6B 7 8 9 10 11 12 13 14 15 16 17 18
12Z AVG MX 2MIN
DY MAX MIN AVG DEP HDD CDD WTR SNW DPTH SPD SPD DIR MIN PSBL S-S WX SPD DR
================================================================================
1 31 21 26 -14 39 0 0.00 0.0 M 2.4 12 40 M M 1 15 30
2 33 25 29 -11 36 0 0.04 0.0 M 2.6 9 330 M M 8 168 13 330
3 46 24 35 -5 30 0 0.00 0.0 M 6.6 14 350 M M 0 1 19 360
4 56 32 44 3 21 0 0.00 0.0 M 11.3 24 190 M M 0 1 37 180
5 64 37 51 10 14 0 0.00 0.0 M 4.8 14 190 M M 0 18 20 200
6 66 43 55 14 10 0 0.00 0.0 M 11.6 28 180 M M 5 46 190
7 58 43 51 10 14 0 0.60 0.0 M 10.4 23 350 M M 10 1 32 360
8 48 38 43 1 22 0 1.29 0.0 M 11.2 26 260 M M 10 1 35 260
9 54 34 44 2 21 0 0.00 0.0 M 8.0 24 270 M M 2 33 270
10 44 32 38 -4 27 0 0.00 0.0 M 12.8 22 360 M M 9 30 10
11 53 28 41 -1 24 0 0.00 0.0 M 4.5 10 20 M M 0 1 13 10
12 63 27 45 3 20 0 0.00 0.0 M 7.8 18 190 M M 0 25 180
13 61 35 48 5 17 0 0.00 0.0 M 6.2 14 190 M M 0 19 190
14 64 50 57 14 8 0 0.66 0.0 M 14.6 32 200 M M 7 18 51 200
15 73 42 58 15 7 0 0.38 0.0 M 6.7 33 300 M M 4 138 47 280
16 45 30 38 -5 27 0 0.00 0.0 M 17.0 25 310 M M 9 36 330
17 47 26 37 -7 28 0 0.00 0.0 M 6.8 22 350 M M 2 27 360
18 50 27 39 -5 26 0 0.00 0.0 M 9.2 23 190 M M 1 32 180
19 66 42 54 10 11 0 0.00 0.0 M 11.8 20 200 M M 0 29 200
20 71 45 58 14 7 0 0.00 0.0 M 9.5 18 210 M M 0 30 220
21 73 41 57 12 8 0 0.00 0.0 M 8.1 21 140 M M 0 31 150
22 72 51 62 17 3 0 0.57 0.0 M 13.8 28 200 M M 4 13 43 210
23 51 30 41 -4 24 0 0.00 0.0 M 13.4 25 340 M M 1 37 340
24 43 30 37 -9 28 0 0.00 0.0 M 9.9 17 20 M M 7 22 20
25 49 35 42 -4 23 0 0.02 0.0 M 3.9 12 340 M M 10 13 15 360
26 67 46 57 11 8 0 0.28 0.0 M 10.3 39 250 M M 9 138 52 250
27 73 49 61 14 4 0 0.03 0.0 M 12.5 31 240 M M 2 18 41 230
28 78 43 61 14 4 0 0.00 0.0 M 8.1 22 240 M M 0 27 250
================================================================================
SM 1599 1006 511 0 3.87 0.0 255.8 M 101
================================================================================
AV 57.1 35.9 9.1 FASTST M M 4 MAX(MPH)
MISC ----> 39 250 52 250
================================================================================
NOTES:
# LAST OF SEVERAL OCCURRENCES
COLUMN 17 PEAK WIND IN M.P.H.
PRELIMINARY LOCAL CLIMATOLOGICAL DATA (WS FORM: F-6) , PAGE 2
STATION: MUSKOGEE OKLAHOMA
MONTH: FEBRUARY
YEAR: 2023
LATITUDE: 35 40 N
LONGITUDE: 95 22 W
[TEMPERATURE DATA] [PRECIPITATION DATA] SYMBOLS USED IN COLUMN 16
AVERAGE MONTHLY: 46.5 TOTAL FOR MONTH: 3.87 1 = FOG OR MIST
DPTR FM NORMAL: 3.3 DPTR FM NORMAL: 1.70 2 = FOG REDUCING VISIBILITY
HIGHEST: 78 ON 28 GRTST 24HR 1.68 ON 7- 8 TO 1/4 MILE OR LESS
LOWEST: 21 ON 1 3 = THUNDER
SNOW, ICE PELLETS, HAIL 4 = ICE PELLETS
TOTAL MONTH: 0.0 INCH 5 = HAIL
GRTST 24HR 0.0 6 = FREEZING RAIN OR DRIZZLE
GRTST DEPTH: M ON M 7 = DUSTSTORM OR SANDSTORM:
VSBY 1/2 MILE OR LESS
8 = SMOKE OR HAZE
[NO. OF DAYS WITH] [WEATHER - DAYS WITH] 9 = BLOWING SNOW
X = TORNADO
MAX 32 OR BELOW: 1 0.01 INCH OR MORE: 9
MAX 90 OR ABOVE: 0 0.10 INCH OR MORE: 6
MIN 32 OR BELOW: 12 0.50 INCH OR MORE: 4
MIN 0 OR BELOW: 0 1.00 INCH OR MORE: 1
[HDD (BASE 65) ]
TOTAL THIS MO. 511 CLEAR (SCALE 0-3) 16
DPTR FM NORMAL -101 PTCLDY (SCALE 4-7) 6
TOTAL FM JUL 1 2496 CLOUDY (SCALE 8-10) 6
DPTR FM NORMAL -281
[CDD (BASE 65) ]
TOTAL THIS MO. 0
DPTR FM NORMAL -2 [PRESSURE DATA]
TOTAL FM JAN 1 0 HIGHEST SLP 30.66 ON 3
DPTR FM NORMAL 0 LOWEST SLP 29.37 ON 14
[REMARKS]
#FINAL-02-23#