000
CXUS52 KMLB 010723
CF6MLB
PRELIMINARY LOCAL CLIMATOLOGICAL DATA (WS FORM: F-6)
STATION: MELBOURNE
MONTH: JANUARY
YEAR: 2023
LATITUDE: 28 6 N
LONGITUDE: 80 39 W
TEMPERATURE IN F: :PCPN: SNOW: WIND :SUNSHINE: SKY :PK WND
================================================================================
1 2 3 4 5 6A 6B 7 8 9 10 11 12 13 14 15 16 17 18
12Z AVG MX 2MIN
DY MAX MIN AVG DEP HDD CDD WTR SNW DPTH SPD SPD DIR MIN PSBL S-S WX SPD DR
================================================================================
1 77 62 70 6 0 5 0.00 0.0 0 4.0 10 50 M M 4 12 12 50
2 79 57 68 4 0 3 0.00 0.0 0 4.4 12 50 M M 3 12 14 50
3 79 60 70 6 0 5 0.00 0.0 0 7.8 17 130 M M 2 21 130
4 84 69 77 13 0 12 T 0.0 0 9.6 20 180 M M 3 26 170
5 83 64 74 10 0 9 0.01 0.0 0 9.8 21 300 M M 6 28 310
6 70 51 61 -3 4 0 0.00 0.0 0 7.1 17 360 M M 0 22 360
7 73 45 59 -5 6 0 0.00 0.0 0 6.3 15 20 M M 0 19 20
8 76 52 64 1 1 0 0.00 0.0 0 4.7 14 140 M M 2 19 90
9 78 54 66 3 0 1 0.00 0.0 0 5.0 16 280 M M 1 1 22 310
10 76 52 64 1 1 0 0.00 0.0 0 4.6 13 270 M M 1 12 14 270
11 72 46 59 -4 6 0 0.00 0.0 0 3.8 9 40 M M 0 12 10
12 77 50 64 1 1 0 0.00 0.0 0 5.4 16 110 M M 1 1 21 140
13 74 49 62 -1 3 0 0.33 0.0 0 15.2 28 290 M M 4 1 35 270
14 54 37 46 -17 19 0 0.00 0.0 0 14.1 28 320 M M 0 34 320
15 60 34 47 -16 18 0 0.00 0.0 0 6.3 16 310 M M 0 20 310
16 65 35 50 -13 15 0 0.00 0.0 0 3.1 9 60 M M 0 12 100
17 76 41 59 -4 6 0 0.00 0.0 0 4.7 16 230 M M 0 22 230
18 76 48 62 -1 3 0 0.00 0.0 0 5.3 13 120 M M 0 18 120
19 83 59 71 8 0 6 0.00 0.0 0 7.2 18 200 M M 0 24 180
20 80 61 71 8 0 6 0.00 0.0 0 5.7 14 300 M M 5 17 310
21 76 59 68 5 0 3 0.00 0.0 0 5.9 15 350 M M 4 17 350
22 84 65 75 12 0 10 0.00 0.0 0 11.5 24 200 M M 3 31 170
23 71 56 64 1 1 0 0.08 0.0 0 10.1 16 330 M M 5 13 24 330
24 73 49 61 -2 4 0 0.00 0.0 0 9.4 17 100 M M 1 21 100
25 85 69 77 14 0 12 T 0.0 0 11.5 24 190 M M 4 1 32 170
26 72 55 64 1 1 0 0.01 0.0 0 8.9 17 290 M M 6 1 21 280
27 65 49 57 -6 8 0 0.00 0.0 0 12.4 21 360 M M 2 26 10
28 72 53 63 0 2 0 0.00 0.0 0 10.5 16 70 M M 9 20 350
29 78 67 73 9 0 8 0.00 0.0 0 9.2 18 130 M M 2 25 130
30 82 61 72 8 0 7 0.00 0.0 0 5.2 14 110 M M 1 1 17 130
31 83 64 74 10 0 9 0.00 0.0 0 6.4 13 120 M M 2 1 16 120
================================================================================
SM 2333 1673 99 96 0.43 0.0 235.1 M 71
================================================================================
AV 75.3 54.0 7.6 FASTST M M 2 MAX(MPH)
MISC ----> # 28 290 35 270
================================================================================
NOTES:
# LAST OF SEVERAL OCCURRENCES
COLUMN 17 PEAK WIND IN M.P.H.
PRELIMINARY LOCAL CLIMATOLOGICAL DATA (WS FORM: F-6) , PAGE 2
STATION: MELBOURNE
MONTH: JANUARY
YEAR: 2023
LATITUDE: 28 6 N
LONGITUDE: 80 39 W
[TEMPERATURE DATA] [PRECIPITATION DATA] SYMBOLS USED IN COLUMN 16
AVERAGE MONTHLY: 64.6 TOTAL FOR MONTH: 0.43 1 = FOG OR MIST
DPTR FM NORMAL: 1.3 DPTR FM NORMAL: -2.20 2 = FOG REDUCING VISIBILITY
HIGHEST: 85 ON 25 GRTST 24HR 0.33 ON 13-13 TO 1/4 MILE OR LESS
LOWEST: 34 ON 15 3 = THUNDER
SNOW, ICE PELLETS, HAIL 4 = ICE PELLETS
TOTAL MONTH: 0.0 INCH 5 = HAIL
GRTST 24HR 0.0 6 = FREEZING RAIN OR DRIZZLE
GRTST DEPTH: 0 7 = DUSTSTORM OR SANDSTORM:
VSBY 1/2 MILE OR LESS
8 = SMOKE OR HAZE
[NO. OF DAYS WITH] [WEATHER - DAYS WITH] 9 = BLOWING SNOW
X = TORNADO
MAX 32 OR BELOW: 0 0.01 INCH OR MORE: 4
MAX 90 OR ABOVE: 0 0.10 INCH OR MORE: 1
MIN 32 OR BELOW: 0 0.50 INCH OR MORE: 0
MIN 0 OR BELOW: 0 1.00 INCH OR MORE: 0
[HDD (BASE 65) ]
TOTAL THIS MO. 99 CLEAR (SCALE 0-3) 21
DPTR FM NORMAL -34 PTCLDY (SCALE 4-7) 9
TOTAL FM JUL 1 204 CLOUDY (SCALE 8-10) 1
DPTR FM NORMAL -41
[CDD (BASE 65) ]
TOTAL THIS MO. 96
DPTR FM NORMAL 14 [PRESSURE DATA]
TOTAL FM JAN 1 96 HIGHEST SLP M ON M
DPTR FM NORMAL 14 LOWEST SLP 29.77 ON 13
[REMARKS]
#FINAL-01-23#