000
CXUS54 KTSA 010850
CF6MLC
PRELIMINARY LOCAL CLIMATOLOGICAL DATA (WS FORM: F-6)
STATION: MCALESTER OKLAHOMA
MONTH: OCTOBER
YEAR: 2022
LATITUDE: 34 52 N
LONGITUDE: 95 47 W
TEMPERATURE IN F: :PCPN: SNOW: WIND :SUNSHINE: SKY :PK WND
================================================================================
1 2 3 4 5 6A 6B 7 8 9 10 11 12 13 14 15 16 17 18
12Z AVG MX 2MIN
DY MAX MIN AVG DEP HDD CDD WTR SNW DPTH SPD SPD DIR MIN PSBL S-S WX SPD DR
================================================================================
1 85 44 65 -4 0 0 0.00 0.0 M 2.7 12 20 M M 1 18 30
2 87 51 69 0 0 4 0.00 0.0 M 3.3 12 10 M M 1 17 10
3 88 48 68 0 0 3 0.00 0.0 M 2.3 9 20 M M 1 15 130
4 88 53 71 3 0 6 0.00 0.0 M 3.0 10 360 M M 1 15 240
5 89 52 71 3 0 6 0.00 0.0 M 2.7 12 220 M M 2 15 210
6 88 53 71 4 0 6 0.00 0.0 M 2.5 18 350 M M 2 26 10
7 85 51 68 1 0 3 0.00 0.0 M 7.8 20 360 M M 4 26 10
8 73 53 63 -3 2 0 T 0.0 M 4.5 15 20 M M 6 20 20
9 76 54 65 -1 0 0 T 0.0 M 2.9 14 280 M M 6 20 300
10 83 55 69 3 0 4 0.02 0.0 M 3.7 23 230 M M 7 3 32 230
11 80 67 74 9 0 9 T 0.0 M 7.6 16 170 M M 5 30 180
12 88 49 69 4 0 4 0.00 0.0 M 8.3 18 360 M M 2 26 190
13 77 43 60 -4 5 0 0.00 0.0 M 5.3 16 310 M M 2 24 280
14 87 43 65 1 0 0 T 0.0 M 7.5 22 230 M M 2 32 250
15 93 60 77 13 0 12 0.00 0.0 M 7.3 18 220 M M 1 25 190
16 78 59 69 6 0 4 0.79 0.0 M 6.6 24 320 M M 5 13 35 320
17 63 45 54 -9 11 0 0.00 0.0 M 10.8 20 10 M M 2 31 340
18 56 29 43 -20 22 0 0.00 0.0 M 6.0 18 10 M M 2 28 10
19 63 25 44 -18 21 0 0.00 0.0 M 2.3 9 210 M M 2 14 210
20 77 45 61 -1 4 0 0.00 0.0 M 2.1 8 260 M M 2 14 160
21 87 41 64 2 1 0 0.00 0.0 M 6.4 17 210 M M 1 29 160
22 83 64 74 13 0 9 0.00 0.0 M 12.8 22 180 M M 2 40 140
23 84 69 77 16 0 12 0.00 0.0 M 13.5 20 170 M M 4 41 160
24 74 57 66 6 0 1 1.33 0.0 M 8.3 23 320 M M 8 1 32 330
25 64 41 53 -7 12 0 1.80 0.0 M 9.4 28 320 M M 6 1 41 310
26 70 37 54 -6 11 0 0.00 0.0 M 2.7 9 110 M M 1 17 130
27 69 42 56 -3 9 0 T 0.0 M 5.1 14 150 M M 2 26 160
28 60 50 55 -4 10 0 0.26 0.0 M 3.1 12 30 M M 8 13 17 10
29 61 54 58 0 7 0 0.41 0.0 M 7.2 16 20 M M 10 1 22 10
30 71 49 60 2 5 0 0.00 0.0 M 4.2 10 320 M M 7 18 350
31 76 42 59 1 6 0 0.00 0.0 M 1.0 9 230 M M 2 128 12 290
================================================================================
SM 2403 1525 126 83 4.61 0.0 172.9 M 107
================================================================================
AV 77.5 49.2 5.6 FASTST M M 3 MAX(MPH)
MISC ----> 28 320 # 41 160
================================================================================
NOTES:
# LAST OF SEVERAL OCCURRENCES
COLUMN 17 PEAK WIND IN M.P.H.
PRELIMINARY LOCAL CLIMATOLOGICAL DATA (WS FORM: F-6) , PAGE 2
STATION: MCALESTER OKLAHOMA
MONTH: OCTOBER
YEAR: 2022
LATITUDE: 34 52 N
LONGITUDE: 95 47 W
[TEMPERATURE DATA] [PRECIPITATION DATA] SYMBOLS USED IN COLUMN 16
AVERAGE MONTHLY: 63.4 TOTAL FOR MONTH: 4.61 1 = FOG OR MIST
DPTR FM NORMAL: 0.1 DPTR FM NORMAL: 0.44 2 = FOG REDUCING VISIBILITY
HIGHEST: 93 ON 15 GRTST 24HR 3.09 ON 24-25 TO 1/4 MILE OR LESS
LOWEST: 25 ON 19 3 = THUNDER
SNOW, ICE PELLETS, HAIL 4 = ICE PELLETS
TOTAL MONTH: 0.0 INCH 5 = HAIL
GRTST 24HR 0.0 6 = FREEZING RAIN OR DRIZZLE
GRTST DEPTH: M ON M 7 = DUSTSTORM OR SANDSTORM:
VSBY 1/2 MILE OR LESS
8 = SMOKE OR HAZE
[NO. OF DAYS WITH] [WEATHER - DAYS WITH] 9 = BLOWING SNOW
X = TORNADO
MAX 32 OR BELOW: 0 0.01 INCH OR MORE: 6
MAX 90 OR ABOVE: 1 0.10 INCH OR MORE: 5
MIN 32 OR BELOW: 2 0.50 INCH OR MORE: 3
MIN 0 OR BELOW: 0 1.00 INCH OR MORE: 2
[HDD (BASE 65) ]
TOTAL THIS MO. 126 CLEAR (SCALE 0-3) 19
DPTR FM NORMAL -14 PTCLDY (SCALE 4-7) 10
TOTAL FM JUL 1 126 CLOUDY (SCALE 8-10) 2
DPTR FM NORMAL -28
[CDD (BASE 65) ]
TOTAL THIS MO. 83
DPTR FM NORMAL -6 [PRESSURE DATA]
TOTAL FM JAN 1 2549 HIGHEST SLP 30.43 ON 8
DPTR FM NORMAL 430 LOWEST SLP 29.54 ON 25
[REMARKS]
#FINAL-10-22#