000
CXUS53 KDVN 011808
CLMMLI
CLIMATE REPORT
NATIONAL WEATHER SERVICE QUAD CITIES IA IL
108 PM CDT SAT APR 01 2023
...................................
...THE MOLINE IL CLIMATE SUMMARY FOR THE MONTH OF MARCH 2023...
CLIMATE NORMAL PERIOD 1991 TO 2020
CLIMATE RECORD PERIOD 1872 TO 2023
WEATHER OBSERVED NORMAL DEPART LAST YEAR`S
VALUE DATE(S) VALUE FROM VALUE
NORMAL
..............................................................
TEMPERATURE (F)
RECORD
HIGH 88 03/29/1986
LOW -19 03/06/1960
HIGHEST 70 03/31 56 14
LOWEST 13 03/18 24 -11
AVG. MAXIMUM 49.6 49.9 -0.3
AVG. MINIMUM 30.5 29.6 0.9
MEAN 40.0 39.7 0.3
DAYS MAX >= 90 0 0.0 0.0
DAYS MAX <= 32 1 2.6 -1.6
DAYS MIN <= 32 18 19.6 -1.6
DAYS MIN <= 0 0 0.3 -0.3
PRECIPITATION (INCHES)
RECORD
MAXIMUM 7.43 1973
MINIMUM 0.17 1885
TOTALS 2.62 2.62 0.00
DAILY AVG. 0.08 0.08 -0.00
DAYS >= .01 10 10.4 -0.4
DAYS >= .10 7
DAYS >= .50 2
DAYS >= 1.00 0 0.5 -0.5
GREATEST
24 HR. TOTAL 0.95 03/24 TO 03/25
SNOWFALL (INCHES)
RECORDS
TOTAL 24.8 1923
TOTALS 10.5 4.4 6.1
SINCE 7/1 24.6 35.0 -10.4
SNOWDEPTH AVG. 0
DAYS >= TRACE 8 3.2 4.8
DAYS >= 1.0 2 1.5 0.5
GREATEST
SNOW DEPTH 5R 03/25
24 HR TOTAL 7.3R 03/25 TO 03/25
DEGREE DAYS
HEATING TOTAL 768 785 -17
SINCE 7/1 4930 5437 -507
COOLING TOTAL 0 2 -2
SINCE 1/1 0 2 -2
..............................................................
WIND (MPH)
AVERAGE WIND SPEED 10.3
HIGHEST WIND SPEED/DIRECTION 37/270 DATE 03/31
HIGHEST GUST SPEED/DIRECTION 53/250 DATE 03/31
SKY COVER
POSSIBLE SUNSHINE (PERCENT) MM
AVERAGE SKY COVER 0.53
NUMBER OF DAYS FAIR 10
NUMBER OF DAYS PC 13
NUMBER OF DAYS CLOUDY 8
AVERAGE RH (PERCENT) 65
WEATHER CONDITIONS. NUMBER OF DAYS WITH
THUNDERSTORM 2 HAIL 0
SLEET 1 FOG 11
FOG W/VIS <= 1/4 MILE 2 HAZE 10
- INDICATES NEGATIVE NUMBERS.
R INDICATES RECORD WAS SET OR TIED.
MM INDICATES DATA IS MISSING.
T INDICATES TRACE AMOUNT.
NOTE: SUPPLEMENTAL CLIMATE DATA WAS USED FROM A NEARBY
CLIMATOLOGICALLY REPRESENTATIVE STATION.
$$