000
CXUS55 KBYZ 011000
CF6MLS
PRELIMINARY LOCAL CLIMATOLOGICAL DATA (WS FORM: F-6)
STATION: MILES CITY MT
MONTH: MAY
YEAR: 2023
LATITUDE: 46 25 N
LONGITUDE: 105 53 W
TEMPERATURE IN F: :PCPN: SNOW: WIND :SUNSHINE: SKY :PK WND
================================================================================
1 2 3 4 5 6A 6B 7 8 9 10 11 12 13 14 15 16 17 18
12Z AVG MX 2MIN
DY MAX MIN AVG DEP HDD CDD WTR SNW DPTH SPD SPD DIR MIN PSBL S-S WX SPD DR
================================================================================
1 70 37 54 4 11 0 0.00 M M 10.7 16 80 M M 0 23 120
2 77 43 60 10 5 0 0.00 M M 14.6 24 150 M M 0 31 160
3 81 41 61 10 4 0 0.00 M M 5.8 16 140 M M 0 20 150
4 83 49 66 15 0 1 0.00 M M 11.4 21 100 M M 0 27 80
5 71 50 61 9 4 0 0.07 M M 8.8 31 240 M M 6 3 40 240
6 60 47 54 2 11 0 0.01 M M 11.1 20 60 M M 6 25 50
7 68 44 56 4 9 0 0.04 M M 7.4 20 170 M M 6 123 24 170
8 70 43 57 4 8 0 T M M 6.1 20 260 M M 3 12 27 260
9 74 40 57 4 8 0 T M M 7.0 28 280 M M 2 3 36 350
10 74 45 60 7 5 0 0.01 M M 9.1 18 50 M M 2 24 60
11 58 52 55 1 10 0 0.28 M M 13.6 18 340 M M 10 1 24 330
12 59 51 55 1 10 0 0.01 M M 15.9 25 340 M M 10 1 31 340
13 53 49 51 -3 14 0 0.16 M M 14.4 22 40 M M 10 1 28 40
14 72 49 61 6 4 0 0.02 M M 8.2 17 100 M M 6 1 22 130
15 75 46 61 6 4 0 0.00 M M 9.8 20 130 M M 0 26 160
16 84 51 68 12 0 3 0.00 M M 7.8 14 270 M M 0 19 260
17 65 44 55 -1 10 0 0.02 M M 11.9 22 10 M M 8 8 27 320
18 61 39 50 -6 15 0 0.00 M M 10.4 21 350 M M 4 18 28 10
19 70 34 52 -5 13 0 0.00 M M 8.1 16 150 M M 0 1 21 160
20 85 45 65 8 0 0 0.00 M M 8.3 17 10 M M 0 21 10
21 78 49 64 7 1 0 0.00 M M 4.2 10 300 M M 2 18 11 300
22 88 50 69 11 0 4 0.00 M M 7.6 31 340 M M 1 18 38 340
23 85 57 71 13 0 6 0.04 M M 9.7 24 350 M M 2 3 30 90
24 87 59 73 15 0 8 0.56 M M 9.9 29 180 M M 4 13 49 180
25 77 58 68 9 0 3 0.04 M M 5.8 25 190 M M 4 3 32 200
26 77 56 67 8 0 2 0.03 M M 5.8 21 250 M M 4 25 250
27 79 53 66 7 0 1 0.74 M M 5.7 24 60 M M 3 123 30 60
28 77 53 65 5 0 0 0.00 M M 5.1 13 150 M M 0 12 17 150
29 78 54 66 6 0 1 0.11 M M 6.5 22 300 M M 3 3 25 300
30 82 53 68 8 0 3 T M M 4.6 18 330 M M 2 3 21 320
31 85 56 71 10 0 6 0.00 M M 7.1 17 130 M M 0 3 23 140
================================================================================
SM 2303 1497 146 38 2.14 M 272.4 M 98
================================================================================
AV 74.3 48.3 8.8 FASTST M M 3 MAX(MPH)
MISC ----> # 31 240 49 180
================================================================================
NOTES:
# LAST OF SEVERAL OCCURRENCES
COLUMN 17 PEAK WIND IN M.P.H.
PRELIMINARY LOCAL CLIMATOLOGICAL DATA (WS FORM: F-6) , PAGE 2
STATION: MILES CITY MT
MONTH: MAY
YEAR: 2023
LATITUDE: 46 25 N
LONGITUDE: 105 53 W
[TEMPERATURE DATA] [PRECIPITATION DATA] SYMBOLS USED IN COLUMN 16
AVERAGE MONTHLY: 61.3 TOTAL FOR MONTH: 2.14 1 = FOG OR MIST
DPTR FM NORMAL: 5.8 DPTR FM NORMAL: -0.59 2 = FOG REDUCING VISIBILITY
HIGHEST: 88 ON 22 GRTST 24HR 0.74 ON 27-27 TO 1/4 MILE OR LESS
LOWEST: 34 ON 19 3 = THUNDER
SNOW, ICE PELLETS, HAIL 4 = ICE PELLETS
TOTAL MONTH: M 5 = HAIL
GRTST 24HR M ON M 6 = FREEZING RAIN OR DRIZZLE
GRTST DEPTH: M ON M 7 = DUSTSTORM OR SANDSTORM:
VSBY 1/2 MILE OR LESS
8 = SMOKE OR HAZE
[NO. OF DAYS WITH] [WEATHER - DAYS WITH] 9 = BLOWING SNOW
X = TORNADO
MAX 32 OR BELOW: 0 0.01 INCH OR MORE: 15
MAX 90 OR ABOVE: 0 0.10 INCH OR MORE: 5
MIN 32 OR BELOW: 0 0.50 INCH OR MORE: 2
MIN 0 OR BELOW: 0 1.00 INCH OR MORE: 0
[HDD (BASE 65) ]
TOTAL THIS MO. 146 CLEAR (SCALE 0-3) 19
DPTR FM NORMAL -164 PTCLDY (SCALE 4-7) 9
TOTAL FM JUL 1 7818 CLOUDY (SCALE 8-10) 3
DPTR FM NORMAL 333
[CDD (BASE 65) ]
TOTAL THIS MO. 38
DPTR FM NORMAL 23 [PRESSURE DATA]
TOTAL FM JAN 1 40 HIGHEST SLP 30.59 ON 14
DPTR FM NORMAL 24 LOWEST SLP 29.64 ON 31
[REMARKS]
#FINAL-05-23#