000
CXUS56 KPQR 011301
CF6MMV
PRELIMINARY LOCAL CLIMATOLOGICAL DATA (WS FORM: F-6)
STATION: MCMINNVILLE OR
MONTH: JANUARY
YEAR: 2023
LATITUDE: 45 11 N
LONGITUDE: 123 8 W
TEMPERATURE IN F: :PCPN: SNOW: WIND :SUNSHINE: SKY :PK WND
================================================================================
1 2 3 4 5 6A 6B 7 8 9 10 11 12 13 14 15 16 17 18
12Z AVG MX 2MIN
DY MAX MIN AVG DEP HDD CDD WTR SNW DPTH SPD SPD DIR MIN PSBL S-S WX SPD DR
================================================================================
1 48 31 40 0 25 0 0.00 M M 3.0 9 360 M M 4 12 11 270
2 45 30 38 -2 27 0 0.05 M M 5.0 14 190 M M 4 1 18 200
3 46 37 42 2 23 0 0.07 M M 2.3 10 190 M M 9 12 12 190
4 44 37 41 1 24 0 0.18 M M 11.0 21 330 M M 5 1 24 330
5 57 43 50 10 15 0 0.03 M M 10.9 28 190 M M 7 37 200
6 51 38 45 4 20 0 0.19 M M 3.3 M M M M 8 1 M M
7 52 43 48 7 17 0 0.28 M M 4.4 M M M M 9 1 M M
8 52 40 46 5 19 0 0.62 M M 9.0 M M M M 9 1 M M
9 52 40 46 5 19 0 0.28 M M 9.4 M M M M 8 1 M M
10 50 38 44 3 21 0 0.01 M M 7.2 M M M M 5 M M
11 50 41 46 5 19 0 0.56 M M 6.9 M M M M 8 1 M M
12 53 45 49 8 16 0 0.36 M M 3.6 M M M M 10 1 M M
13 53 47 50 9 15 0 0.22 M M 5.1 M M M M 10 1 M M
14 53 45 49 8 16 0 0.08 M M 9.2 35 170 M M 9 45 180
15 51 41 46 5 19 0 0.17 M M 18.2 33 170 M M 9 45 190
16 49 32 41 0 24 0 T M M 2.3 8 230 M M 7 12 11 200
17 49 41 45 4 20 0 0.01 M M 9.6 21 180 M M 10 1 25 180
18 49 34 42 1 23 0 0.33 M M 8.3 24 180 M M 9 1 36 190
19 41 35 38 -4 27 0 0.00 M M 2.0 7 340 M M 10 1 8 330
20 39 35 37 -5 28 0 0.00 M M 2.6 8 80 M M 10 12 9 80
21 47 34 41 -1 24 0 0.06 M M 6.9 17 200 M M 9 1 27 210
22 46 30 38 -4 27 0 0.00 M M 1.2 9 230 M M 5 11 230
23 50 32 41 -1 24 0 T M M 1.2 7 90 M M 7 12 9 80
24 43 32 38 -4 27 0 0.00 M M 2.1 7 130 M M 8 12 9 270
25 46 31 39 -3 26 0 0.00 M M 1.8 7 140 M M 10 12 8 140
26 44 40 42 0 23 0 0.00 M M 1.9 8 190 M M 10 1 9 190
27 53 38 46 4 19 0 T M M 8.8 16 200 M M 7 1 20 200
28 47 36 42 0 23 0 0.14 M M 5.8 21 30 M M 9 1 27 50
29 39 26 33 -9 32 0 0.00 M M 12.9 23 50 M M 0 28 60
30 42 24 33 -9 32 0 0.00 M M 5.7 15 330 M M 0 17 330
31 42 23 33 -9 32 0 0.00 M M 0.8 6 140 M M 0 8 7 160
================================================================================
SM 1483 1119 706 0 3.64 M 182.4 M 225
================================================================================
AV 47.8 36.1 5.9 FASTST M M 7 MAX(MPH)
MISC ----> 35 170 # 45 180
================================================================================
NOTES:
# LAST OF SEVERAL OCCURRENCES
COLUMN 17 PEAK WIND IN M.P.H.
PRELIMINARY LOCAL CLIMATOLOGICAL DATA (WS FORM: F-6) , PAGE 2
STATION: MCMINNVILLE OR
MONTH: JANUARY
YEAR: 2023
LATITUDE: 45 11 N
LONGITUDE: 123 8 W
[TEMPERATURE DATA] [PRECIPITATION DATA] SYMBOLS USED IN COLUMN 16
AVERAGE MONTHLY: 42.0 TOTAL FOR MONTH: 3.64 1 = FOG OR MIST
DPTR FM NORMAL: 0.7 DPTR FM NORMAL: -1.87 2 = FOG REDUCING VISIBILITY
HIGHEST: 57 ON 5 GRTST 24HR 0.74 ON 7- 8 TO 1/4 MILE OR LESS
LOWEST: 23 ON 31 3 = THUNDER
SNOW, ICE PELLETS, HAIL 4 = ICE PELLETS
TOTAL MONTH: M 5 = HAIL
GRTST 24HR M ON M 6 = FREEZING RAIN OR DRIZZLE
GRTST DEPTH: M ON M 7 = DUSTSTORM OR SANDSTORM:
VSBY 1/2 MILE OR LESS
8 = SMOKE OR HAZE
[NO. OF DAYS WITH] [WEATHER - DAYS WITH] 9 = BLOWING SNOW
X = TORNADO
MAX 32 OR BELOW: 0 0.01 INCH OR MORE: 18
MAX 90 OR ABOVE: 0 0.10 INCH OR MORE: 11
MIN 32 OR BELOW: 10 0.50 INCH OR MORE: 2
MIN 0 OR BELOW: 0 1.00 INCH OR MORE: 0
[HDD (BASE 65) ]
TOTAL THIS MO. 706 CLEAR (SCALE 0-3) 3
DPTR FM NORMAL -30 PTCLDY (SCALE 4-7) 12
TOTAL FM JUL 1 2454 CLOUDY (SCALE 8-10) 16
DPTR FM NORMAL -175
[CDD (BASE 65) ]
TOTAL THIS MO. 0
DPTR FM NORMAL 0 [PRESSURE DATA]
TOTAL FM JAN 1 0 HIGHEST SLP 30.72 ON 25
DPTR FM NORMAL 0 LOWEST SLP 29.20 ON 14
[REMARKS]
#FINAL-01-23#