000
CXUS54 KMOB 011134
CF6MOB
PRELIMINARY LOCAL CLIMATOLOGICAL DATA (WS FORM: F-6)
STATION: MOBILE
MONTH: OCTOBER
YEAR: 2020
LATITUDE: 30 40 N
LONGITUDE: 88 15 W
TEMPERATURE IN F: :PCPN: SNOW: WIND :SUNSHINE: SKY :PK WND
================================================================================
1 2 3 4 5 6A 6B 7 8 9 10 11 12 13 14 15 16 17 18
12Z AVG MX 2MIN
DY MAX MIN AVG DEP HDD CDD WTR SNW DPTH SPD SPD DIR MIN PSBL S-S WX SPD DR
================================================================================
1 85 52 69 -4 0 4 0.00 0.0 0 6.1 18 330 M M 1 29 330
2 77 54 66 -7 0 1 0.00 0.0 0 8.1 17 360 M M 1 27 330
3 76 50 63 -9 2 0 0.00 0.0 0 7.1 14 20 M M 3 22 350
4 76 52 64 -8 1 0 0.00 0.0 0 6.6 17 10 M M 2 24 350
5 80 56 68 -4 0 3 0.00 0.0 0 8.7 18 350 M M 4 25 360
6 78 66 72 0 0 7 0.01 0.0 0 7.8 17 350 M M 8 22 350
7 90 68 79 8 0 14 0.00 0.0 0 6.9 17 10 M M 4 24 350
8 86 73 80 9 0 15 0.40 0.0 0 7.3 20 90 M M 7 1 35 90
9 87 72 80 10 0 15 0.01 0.0 0 13.6 25 130 M M 8 1 42 140
10 82 71 77 7 0 12 0.53 0.0 0 13.8 33 170 M M 7 1 47 160
11 83 66 75 5 0 10 0.00 0.0 0 5.7 17 320 M M 5 26 270
12 87 64 76 6 0 11 0.00 0.0 0 4.2 15 310 M M 3 128 19 250
13 86 65 76 7 0 11 0.00 0.0 0 9.1 21 330 M M 1 1 27 340
14 84 58 71 2 0 6 0.00 0.0 0 3.9 13 180 M M 3 16 170
15 84 63 74 5 0 9 0.00 0.0 0 3.8 13 190 M M 3 18 190
16 75 55 65 -3 0 0 0.04 0.0 0 10.4 24 360 M M 6 18 37 330
17 75 48 62 -6 3 0 0.00 0.0 0 5.2 16 30 M M 0 22 360
18 82 54 68 0 0 3 0.00 0.0 0 4.4 13 120 M M 3 1 17 150
19 85 61 73 6 0 8 0.00 0.0 0 5.2 14 130 M M 1 1 20 120
20 85 63 74 7 0 9 0.00 0.0 0 6.2 13 90 M M 3 3 17 100
21 85 68 77 10 0 12 0.00 0.0 0 8.2 18 350 M M 4 18 26 20
22 85 68 77 11 0 12 0.00 0.0 0 6.2 14 10 M M 5 1 22 10
23 85 67 76 10 0 11 0.00 0.0 0 6.3 12 110 M M 3 16 120
24 83 66 75 9 0 10 0.41 0.0 0 5.5 12 330 M M 8 13 17 230
25 71 61 66 0 0 1 T 0.0 0 5.1 9 360 M M 8 1 13 340
26 81 61 71 6 0 6 0.00 0.0 0 5.7 13 10 M M 6 18 17 70
27 81 68 75 10 0 10 0.36 0.0 0 8.2 17 100 M M 9 18 22 100
28 79 74 77 12 0 12 1.78 0.0 0 19.8 55 160 M M 10 18 91 160
29 75 49 62 -2 3 0 0.00 0.0 0 9.8 20 220 M M 4 34 230
30 62 47 55 -9 10 0 0.00 0.0 0 11.3 21 340 M M 5 29 350
31 73 44 59 -5 6 0 0.00 0.0 0 3.7 9 40 M M 1 1 12 30
================================================================================
SM 2503 1884 25 212 3.54 0.0 233.9 M 136
================================================================================
AV 80.7 60.8 7.5 FASTST M M 4 MAX(MPH)
MISC ----> # 55 160 # 91 160
================================================================================
NOTES:
# LAST OF SEVERAL OCCURRENCES
COLUMN 17 PEAK WIND IN M.P.H.
PRELIMINARY LOCAL CLIMATOLOGICAL DATA (WS FORM: F-6) , PAGE 2
STATION: MOBILE
MONTH: OCTOBER
YEAR: 2020
LATITUDE: 30 40 N
LONGITUDE: 88 15 W
[TEMPERATURE DATA] [PRECIPITATION DATA] SYMBOLS USED IN COLUMN 16
AVERAGE MONTHLY: 70.8 TOTAL FOR MONTH: 3.54 1 = FOG OR MIST
DPTR FM NORMAL: 2.4 DPTR FM NORMAL: -0.15 2 = FOG REDUCING VISIBILITY
HIGHEST: 90 ON 7 GRTST 24HR 1.78 ON 28-28 TO 1/4 MILE OR LESS
LOWEST: 44 ON 31 3 = THUNDER
SNOW, ICE PELLETS, HAIL 4 = ICE PELLETS
TOTAL MONTH: 0.0 INCH 5 = HAIL
GRTST 24HR 0.0 6 = FREEZING RAIN OR DRIZZLE
GRTST DEPTH: 0 7 = DUSTSTORM OR SANDSTORM:
VSBY 1/2 MILE OR LESS
8 = SMOKE OR HAZE
[NO. OF DAYS WITH] [WEATHER - DAYS WITH] 9 = BLOWING SNOW
X = TORNADO
MAX 32 OR BELOW: 0 0.01 INCH OR MORE: 8
MAX 90 OR ABOVE: 1 0.10 INCH OR MORE: 5
MIN 32 OR BELOW: 0 0.50 INCH OR MORE: 2
MIN 0 OR BELOW: 0 1.00 INCH OR MORE: 1
[HDD (BASE 65) ]
TOTAL THIS MO. 25 CLEAR (SCALE 0-3) 12
DPTR FM NORMAL -28 PTCLDY (SCALE 4-7) 16
TOTAL FM JUL 1 27 CLOUDY (SCALE 8-10) 3
DPTR FM NORMAL -28
[CDD (BASE 65) ]
TOTAL THIS MO. 212
DPTR FM NORMAL 54 [PRESSURE DATA]
TOTAL FM JAN 1 2568 HIGHEST SLP 30.27 ON 17
DPTR FM NORMAL 106 LOWEST SLP 29.45 ON 28
[REMARKS]
#FINAL-10-20#