000
CXUS56 KSTO 030501
CF6MOD
PRELIMINARY LOCAL CLIMATOLOGICAL DATA (WS FORM: F-6)
STATION: MODESTO CA
MONTH: OCTOBER
YEAR: 2023
LATITUDE: 37 37 N
LONGITUDE: 120 57 W
TEMPERATURE IN F: :PCPN: SNOW: WIND :SUNSHINE: SKY :PK WND
================================================================================
1 2 3 4 5 6A 6B 7 8 9 10 11 12 13 14 15 16 17 18
12Z AVG MX 2MIN
DY MAX MIN AVG DEP HDD CDD WTR SNW DPTH SPD SPD DIR MIN PSBL S-S WX SPD DR
================================================================================
1 74 59 67 -3 0 2 0.00 M M 4.3 13 290 M M 5 17 300
2 78 51 65 -5 0 0 0.00 M M 5.9 15 330 M M 0 22 320
3 83 49 66 -4 0 1 0.00 M M 2.7 10 350 M M 0 1 13 360
4 87 54 71 2 0 6 0.00 M M 2.5 8 360 M M 0 11 330
5 92 57 75 6 0 10 0.00 M M 2.8 10 310 M M 0 16 320
6 93 58 76 7 0 11 0.00 M M 2.6 10 330 M M 0 8 14 340
7 95 56 76 8 0 11 0.00 M M 1.8 8 310 M M 0 1 10 360
8 93 58 76 8 0 11 0.00 M M 3.1 14 320 M M 0 18 300
9 71 57 64 -4 1 0 0.00 M M 8.6 15 340 M M 4 20 340
10 76 60 68 1 0 3 T M M 7.9 23 280 M M 8 31 280
11 73 56 65 -2 0 0 0.00 M M 12.1 21 310 M M 0 36 300
12 75 51 63 -4 2 0 0.00 M M 4.6 20 300 M M 0 24 310
13 81 47 64 -2 1 0 0.00 M M 5.5 16 330 M M 0 8 19 330
14 82 57 70 4 0 5 0.00 M M 3.6 8 350 M M 3 M M
15 82 56 69 3 0 4 0.00 M M 2.6 6 320 M M 0 1 M M
16 82 60 71 6 0 6 0.00 0.0 M 7.8 17 310 M M 0 21 310
17 82 58 70 5 0 5 0.00 M M 7.3 16 320 M M 0 22 320
18 88 52 70 5 0 5 0.00 M M 2.2 7 330 M M 0 8 10 330
19 89 54 72 8 0 7 0.00 M M 2.4 8 320 M M 0 18 11 270
20 88 56 72 8 0 7 0.00 M M 4.6 14 330 M M 0 18 16 330
21 76 57 67 3 0 2 0.00 M M 8.8 16 320 M M 0 21 300
22 76 56 66 3 0 1 0.42 M M 5.6 15 200 M M 7 138 24 220
23 76 58 67 4 0 2 T M M 8.1 21 330 M M 4 27 310
24 76 52 64 2 1 0 0.00 M M 2.9 8 340 M M 0 18 11 150
25 73 52 63 1 2 0 T M M 9.2 18 300 M M 2 25 320
26 66 47 57 -5 8 0 0.00 M M 7.3 15 310 M M 1 22 300
27 68 40 54 -7 11 0 0.00 M M 3.2 10 310 M M 0 13 300
28 66 41 54 -7 11 0 0.00 0.0 M 9.4 18 340 M M 0 1 26 330
29 68 42 55 -6 10 0 0.00 M M 4.4 13 310 M M 0 16 310
30 72 39 56 -4 9 0 0.00 M M 1.5 6 320 M M 0 10 340
31 72 39 56 -4 9 0 0.00 M M 0.8 9 310 M M 0 1 11 300
================================================================================
SM 2453 1629 65 99 0.42 0.0 156.1 M 34
================================================================================
AV 79.1 52.5 5.0 FASTST M M 1 MAX(MPH)
MISC ----> 23 280 36 300
================================================================================
NOTES:
# LAST OF SEVERAL OCCURRENCES
COLUMN 17 PEAK WIND IN M.P.H.
PRELIMINARY LOCAL CLIMATOLOGICAL DATA (WS FORM: F-6) , PAGE 2
STATION: MODESTO CA
MONTH: OCTOBER
YEAR: 2023
LATITUDE: 37 37 N
LONGITUDE: 120 57 W
[TEMPERATURE DATA] [PRECIPITATION DATA] SYMBOLS USED IN COLUMN 16
AVERAGE MONTHLY: 65.8 TOTAL FOR MONTH: 0.42 1 = FOG OR MIST
DPTR FM NORMAL: 0.6 DPTR FM NORMAL: -0.13 2 = FOG REDUCING VISIBILITY
HIGHEST: 95 ON 7 GRTST 24HR 0.42 ON 22-22 TO 1/4 MILE OR LESS
LOWEST: 39 ON 31,30 3 = THUNDER
SNOW, ICE PELLETS, HAIL 4 = ICE PELLETS
TOTAL MONTH: 0.0 INCH 5 = HAIL
GRTST 24HR 0.0 6 = FREEZING RAIN OR DRIZZLE
GRTST DEPTH: M ON M 7 = DUSTSTORM OR SANDSTORM:
VSBY 1/2 MILE OR LESS
8 = SMOKE OR HAZE
[NO. OF DAYS WITH] [WEATHER - DAYS WITH] 9 = BLOWING SNOW
X = TORNADO
MAX 32 OR BELOW: 0 0.01 INCH OR MORE: 1
MAX 90 OR ABOVE: 4 0.10 INCH OR MORE: 1
MIN 32 OR BELOW: 0 0.50 INCH OR MORE: 0
MIN 0 OR BELOW: 0 1.00 INCH OR MORE: 0
[HDD (BASE 65) ]
TOTAL THIS MO. 65 CLEAR (SCALE 0-3) 26
DPTR FM NORMAL -3 PTCLDY (SCALE 4-7) 5
TOTAL FM JUL 1 67 CLOUDY (SCALE 8-10) 0
DPTR FM NORMAL -5
[CDD (BASE 65) ]
TOTAL THIS MO. 99
DPTR FM NORMAL 24 [PRESSURE DATA]
TOTAL FM JAN 1 1549 HIGHEST SLP 30.23 ON 30
DPTR FM NORMAL -72 LOWEST SLP 29.74 ON 22
[REMARKS]
#FINAL-10-23#