000
CXUS53 KBIS 010830
CF6MOT
PRELIMINARY LOCAL CLIMATOLOGICAL DATA (WS FORM: F-6)
STATION: MINOT ND
MONTH: MAY
YEAR: 2020
LATITUDE: 48 15 N
LONGITUDE: 101 16 W
TEMPERATURE IN F: :PCPN: SNOW: WIND :SUNSHINE: SKY :PK WND
================================================================================
1 2 3 4 5 6A 6B 7 8 9 10 11 12 13 14 15 16 17 18
12Z AVG MX 2MIN
DY MAX MIN AVG DEP HDD CDD WTR SNW DPTH SPD SPD DIR MIN PSBL S-S WX SPD DR
================================================================================
1 69 51 60 10 5 0 0.09 M M 15.9 30 270 M M 7 1 41 300
2 68 40 54 4 11 0 0.00 M M 16.1 30 300 M M 0 42 290
3 59 31 45 -6 20 0 0.00 M M 12.4 22 100 M M 2 30 80
4 47 40 44 -7 21 0 0.22 M M 7.7 17 110 M M 9 1 25 110
5 58 41 50 -1 15 0 0.01 M M 8.3 18 310 M M 7 1 23 340
6 68 38 53 1 12 0 0.00 M M 7.7 14 80 M M 2 19 310
7 57 35 46 -6 19 0 0.00 M M 10.5 20 350 M M 2 27 360
8 61 27 44 -8 21 0 0.18 M M 7.6 20 110 M M 4 1 26 100
9 48 32 40 -13 25 0 0.27 M M 16.8 31 20 M M 7 12 45 20
10 48 26 37 -16 28 0 0.00 M M 10.3 21 330 M M 2 29 340
11 49 23 36 -17 29 0 0.00 M M 4.0 13 40 M M 1 19 350
12 55 27 41 -13 24 0 0.04 M M 9.8 24 120 M M 3 34 130
13 57 40 49 -5 16 0 0.04 M M 9.0 21 120 M M 10 1 30 120
14 57 42 50 -4 15 0 0.03 M M 10.5 20 290 M M 6 1 31 320
15 70 39 55 0 10 0 0.00 M M 6.5 14 160 M M 0 20 130
16 72 42 57 2 8 0 0.00 M M 5.8 18 110 M M 1 27 110
17 75 44 60 5 5 0 0.00 M M 12.2 23 130 M M 0 33 130
18 75 50 63 7 2 0 0.00 M M 19.1 33 130 M M 0 48 130
19 82 57 70 14 0 5 0.00 M M 17.5 30 120 M M 0 42 130
20 78 53 66 10 0 1 0.00 M M 18.2 29 130 M M 0 1 40 110
21 85 57 71 15 0 6 0.00 M M 13.7 25 180 M M 1 38 170
22 85 48 67 10 0 2 0.00 M M 8.5 22 120 M M 1 138 31 120
23 77 52 65 8 0 0 0.08 M M 12.5 23 320 M M 2 33 320
24 56 52 54 -3 11 0 0.33 M M 11.7 21 310 M M 10 1 30 320
25 66 50 58 0 7 0 0.00 M M 2.4 9 80 M M 7 13 80
26 76 50 63 5 2 0 0.00 M M 8.8 18 240 M M 2 1 25 230
27 74 51 63 5 2 0 0.00 M M 14.0 26 280 M M 1 41 270
28 68 42 55 -4 10 0 0.00 M M 19.6 33 280 M M 1 46 290
29 69 39 54 -5 11 0 0.00 M M 8.1 18 300 M M 1 30 300
30 71 37 54 -5 11 0 0.00 M M 9.2 17 130 M M 0 25 110
31 83 46 65 5 0 0 0.00 M M 15.5 29 130 M M 1 43 150
================================================================================
SM 2063 1302 340 14 1.29 M 349.9 M 90
================================================================================
AV 66.6 42.0 11.3 FASTST M M 3 MAX(MPH)
MISC ----> # 33 130 # 48 130
================================================================================
NOTES:
# LAST OF SEVERAL OCCURRENCES
COLUMN 17 PEAK WIND IN M.P.H.
PRELIMINARY LOCAL CLIMATOLOGICAL DATA (WS FORM: F-6) , PAGE 2
STATION: MINOT ND
MONTH: MAY
YEAR: 2020
LATITUDE: 48 15 N
LONGITUDE: 101 16 W
[TEMPERATURE DATA] [PRECIPITATION DATA] SYMBOLS USED IN COLUMN 16
AVERAGE MONTHLY: 54.3 TOTAL FOR MONTH: 1.29 1 = FOG OR MIST
DPTR FM NORMAL: -0.5 DPTR FM NORMAL: -1.21 2 = FOG REDUCING VISIBILITY
HIGHEST: 85 ON 22,21 GRTST 24HR 0.33 ON 24-24 TO 1/4 MILE OR LESS
LOWEST: 23 ON 11 3 = THUNDER
SNOW, ICE PELLETS, HAIL 4 = ICE PELLETS
TOTAL MONTH: M 5 = HAIL
GRTST 24HR M ON M 6 = FREEZING RAIN OR DRIZZLE
GRTST DEPTH: M ON M 7 = DUSTSTORM OR SANDSTORM:
VSBY 1/2 MILE OR LESS
8 = SMOKE OR HAZE
[NO. OF DAYS WITH] [WEATHER - DAYS WITH] 9 = BLOWING SNOW
X = TORNADO
MAX 32 OR BELOW: 0 0.01 INCH OR MORE: 10
MAX 90 OR ABOVE: 0 0.10 INCH OR MORE: 4
MIN 32 OR BELOW: 6 0.50 INCH OR MORE: 0
MIN 0 OR BELOW: 0 1.00 INCH OR MORE: 0
[HDD (BASE 65) ]
TOTAL THIS MO. 340 CLEAR (SCALE 0-3) 22
DPTR FM NORMAL 11 PTCLDY (SCALE 4-7) 6
TOTAL FM JUL 1 8456 CLOUDY (SCALE 8-10) 3
DPTR FM NORMAL -239
[CDD (BASE 65) ]
TOTAL THIS MO. 14
DPTR FM NORMAL -1 [PRESSURE DATA]
TOTAL FM JAN 1 14 HIGHEST SLP 30.53 ON 10
DPTR FM NORMAL -2 LOWEST SLP 29.53 ON 1
[REMARKS]
#FINAL-05-20#