000
CXUS51 KBTV 010800
CF6MPV
PRELIMINARY LOCAL CLIMATOLOGICAL DATA (WS FORM: F-6)
STATION: MONTPELIER VT
MONTH: JANUARY
YEAR: 2022
LATITUDE: 44 12 N
LONGITUDE: 72 34 W
TEMPERATURE IN F: :PCPN: SNOW: WIND :SUNSHINE: SKY :PK WND
================================================================================
1 2 3 4 5 6A 6B 7 8 9 10 11 12 13 14 15 16 17 18
12Z AVG MX 2MIN
DY MAX MIN AVG DEP HDD CDD WTR SNW DPTH SPD SPD DIR MIN PSBL S-S WX SPD DR
================================================================================
1 42 30 36 17 29 0 T M M 2.1 14 190 M M 10 12 17 190
2 36 15 26 8 39 0 0.09 M M 7.5 15 320 M M 10 1268 20 300
3 15 2 9 -9 56 0 0.00 M M 3.6 10 340 M M 2 8 15 310
4 26 0 13 -5 52 0 T M M 4.4 13 180 M M 3 8 17 180
5 38 22 30 12 35 0 T M M 5.6 14 170 M M 2 18 170
6 37 25 31 13 34 0 T M M 5.4 16 250 M M 7 28 250
7 26 11 19 2 46 0 0.05 M M 7.8 22 310 M M 10 18 31 290
8 20 2 11 -6 54 0 T M M 5.0 22 310 M M 2 89 31 350
9 40 20 30 13 35 0 0.04 M M 9.9 23 300 M M 10 16 41 310
10 30 6 18 1 47 0 T M M 10.5 28 290 M M 9 8 38 310
11 6 -7 0 -17 65 0 T M M 5.9 17 330 M M 3 8 24 320
12 30 2 16 -1 49 0 0.00 M M 8.2 20 170 M M 9 23 170
13 37 25 31 15 34 0 T M M 3.5 13 180 M M 10 15 170
14 37 -3 17 1 48 0 T M M 8.7 22 350 M M 7 8 30 350
15 0 -10 -5 -21 70 0 0.00 M M 8.8 18 330 M M 0 24 310
16 22 -13 5 -11 60 0 0.00 M M 3.1 12 180 M M 0 16 190
17 37 17 27 11 38 0 0.76 M M 4.6 20 300 M M 9 12 28 290
18 25 -7 9 -7 56 0 T M M 11.4 24 310 M M 6 89 32 300
19 41 -9 16 0 49 0 T M M 4.4 17 220 M M 8 8 23 230
20 40 -7 17 1 48 0 T M M 8.4 20 260 M M 4 27 320
21 10 -14 -2 -18 67 0 0.00 M M 1.0 5 310 M M 0 M M
22 19 -20 0 -16 65 0 0.00 M M 3.3 14 180 M M 1 17 180
23 27 9 18 2 47 0 0.03 M M 7.8 16 170 M M 7 1 21 200
24 18 -10 4 -12 61 0 0.01 M M 0.4 6 30 M M 5 18 7 50
25 30 11 21 5 44 0 T M M 4.7 17 300 M M 8 18 28 310
26 12 -13 0 -16 65 0 0.00 M M 4.6 14 340 M M 0 18 340
27 22 -18 2 -14 63 0 T M M 5.2 17 160 M M 2 8 24 200
28 27 4 16 0 49 0 T M M 6.7 14 150 M M 10 8 21 260
29 8 2 5 -11 60 0 0.00 M M 11.9 24 320 M M 8 32 310
30 16 -2 7 -9 58 0 0.00 M M 9.0 22 310 M M 1 31 290
31 26 -5 11 -5 54 0 T M M 0.6 5 200 M M 3 8 50
================================================================================
SM 800 65 1577 0 0.98 M 184.0 M 166
================================================================================
AV 25.8 2.1 5.9 FASTST M M 5 MAX(MPH)
MISC ----> 28 290 41 310
================================================================================
NOTES:
# LAST OF SEVERAL OCCURRENCES
COLUMN 17 PEAK WIND IN M.P.H.
PRELIMINARY LOCAL CLIMATOLOGICAL DATA (WS FORM: F-6) , PAGE 2
STATION: MONTPELIER VT
MONTH: JANUARY
YEAR: 2022
LATITUDE: 44 12 N
LONGITUDE: 72 34 W
[TEMPERATURE DATA] [PRECIPITATION DATA] SYMBOLS USED IN COLUMN 16
AVERAGE MONTHLY: 14.0 TOTAL FOR MONTH: 0.98 1 = FOG OR MIST
DPTR FM NORMAL: -2.6 DPTR FM NORMAL: -1.34 2 = FOG REDUCING VISIBILITY
HIGHEST: 42 ON 1 GRTST 24HR 0.76 ON 17-17 TO 1/4 MILE OR LESS
LOWEST: -20 ON 22 3 = THUNDER
SNOW, ICE PELLETS, HAIL 4 = ICE PELLETS
TOTAL MONTH: M 5 = HAIL
GRTST 24HR M ON M 6 = FREEZING RAIN OR DRIZZLE
GRTST DEPTH: M ON M 7 = DUSTSTORM OR SANDSTORM:
VSBY 1/2 MILE OR LESS
8 = SMOKE OR HAZE
[NO. OF DAYS WITH] [WEATHER - DAYS WITH] 9 = BLOWING SNOW
X = TORNADO
MAX 32 OR BELOW: 21 0.01 INCH OR MORE: 6
MAX 90 OR ABOVE: 0 0.10 INCH OR MORE: 1
MIN 32 OR BELOW: 31 0.50 INCH OR MORE: 1
MIN 0 OR BELOW: 15 1.00 INCH OR MORE: 0
[HDD (BASE 65) ]
TOTAL THIS MO. 1577 CLEAR (SCALE 0-3) 10
DPTR FM NORMAL 77 PTCLDY (SCALE 4-7) 10
TOTAL FM JUL 1 4114 CLOUDY (SCALE 8-10) 11
DPTR FM NORMAL -563
[CDD (BASE 65) ]
TOTAL THIS MO. 0
DPTR FM NORMAL 0 [PRESSURE DATA]
TOTAL FM JAN 1 0 HIGHEST SLP 30.72 ON 21
DPTR FM NORMAL 0 LOWEST SLP 29.00 ON 17
[REMARKS]
#FINAL-01-22#