000
CXUS53 KMPX 012144
CLMMPX
CLIMATE REPORT
NATIONAL WEATHER SERVICE TWIN CITIES/CHANHASSEN MN
444 PM CDT MON MAY 01 2023
...................................
...THE CHANHASSEN MN CLIMATE SUMMARY FOR THE MONTH OF APRIL 2023...
CLIMATE NORMAL PERIOD 1991 TO 2020
CLIMATE RECORD PERIOD 1995 TO 2023
WEATHER OBSERVED NORMAL DEPART LAST YEAR`S
VALUE DATE(S) VALUE FROM VALUE DATE(S)
NORMAL
................................................................
TEMPERATURE (F)
HIGHEST 87 04/13 MM MM 73 04/23
LOWEST 19 04/06 MM MM 20 04/01
04/15
AVG. MAXIMUM 52.2 55.2 -3.0 46.9
AVG. MINIMUM 33.5 34.8 -1.3 31.1
MEAN 42.8 45.0 -2.2 39.0
DAYS MAX >= 90 0 0
DAYS MAX <= 32 0 1
DAYS MIN <= 32 17 18
DAYS MIN <= 0 0 0
PRECIPITATION (INCHES)
TOTALS 3.47 3.16 0.31 3.97
DAILY AVG. 0.12 0.13
DAYS >= .01 13 12
DAYS >= .10 6 9
DAYS >= .50 1 3
DAYS >= 1.00 1 0
GREATEST
24 HR. TOTAL 1.05 04/19 TO 04/19 0.94
SNOWFALL (INCHES)
TOTALS 6.4 5.4 1.0 3.1
SINCE 7/1 102.3 54.7 47.6 MM
SNOWDEPTH AVG. 1 0
DAYS >= 1.0 2 1
GREATEST
SNOW DEPTH 9R 04/01 1 04/04
24 HR TOTAL 3.0 04/01 TO 04/01
DEGREE DAYS
HEATING TOTAL 675 602 73 774
SINCE 7/1 7753 7667 86 MM
COOLING TOTAL 17 2 15 0
SINCE 1/1 17 2 15 MM
................................................................
- INDICATES NEGATIVE NUMBERS.
R INDICATES RECORD WAS SET OR TIED.
MM INDICATES DATA IS MISSING.
T INDICATES TRACE AMOUNT.
$$