000
CXUS53 KMQT 011000
CF6MQT
PRELIMINARY LOCAL CLIMATOLOGICAL DATA (WS FORM: F-6)
STATION: MARQUETTE MI
MONTH: NOVEMBER
YEAR: 2020
LATITUDE: 46 31 N
LONGITUDE: 87 33 W
TEMPERATURE IN F: :PCPN: SNOW: WIND :SUNSHINE: SKY :PK WND
================================================================================
1 2 3 4 5 6A 6B 7 8 9 10 11 12 13 14 15 16 17 18
12Z AVG MX 2MIN
DY MAX MIN AVG DEP HDD CDD WTR SNW DPTH SPD SPD DIR MIN PSBL S-S WX SPD DR
================================================================================
1 37 17 27 -10 38 0 0.18 3.2 2 M M M M M M 9 39 360
2 48 16 32 -4 33 0 0.00 0.0 1 M M M M M M 27 270
3 61 30 46 10 19 0 0.00 0.0 1 M M M M M M 24 180
4 72 46 59 23 6 0 0.00 0.0 0 M M M M M M 20 270
5 61 38 50 15 15 0 0.00 0.0 0 M M M M M M 15 315
6 75 49 62 27 3 0 0.00 0.0 0 M M M M M M 25 225
7 72 55 64 30 1 0 0.00 0.0 0 M M M M M M 24 225
8 68 47 58 24 7 0 0.00 0.0 0 M M M M M M 27 180
9 70 53 62 29 3 0 0.30 0.0 0 M M M M M M 36 270
10 53 30 42 9 23 0 1.01 0.0 0 M M M M M M 16 23 270
11 34 28 31 -1 34 0 0.01 T 0 M M M M M M 16 33 270
12 43 28 36 4 29 0 0.08 0.6 0 M M M M M M 26 270
13 28 20 24 -8 41 0 T 0.1 1 M M M M M M 21 270
14 39 21 30 -1 35 0 0.51 0.0 T M M M M M M 34 180
15 40 27 34 3 31 0 0.37 1.1 0 M M M M M M 9 40 270
16 28 23 26 -4 39 0 T T 1 M M M M M M 9 43 270
17 25 19 22 -8 43 0 0.01 0.1 1 M M M M M M 26 315
18 39 14 27 -2 38 0 0.00 0.0 1 M M M M M M 38 180
19 45 31 38 9 27 0 T 0.0 0 M M M M M M 26 180
20 38 29 34 6 31 0 T T 0 M M M M M M 35 270
21 35 23 29 1 36 0 T T 0 M M M M M M 19 0
22 36 21 29 2 36 0 0.01 0.4 0 M M M M M M 16 225
23 32 15 24 -3 41 0 0.13 1.5 1 M M M M M M 24 315
24 32 10 21 -5 44 0 0.13 1.9 1 M M M M M M 18 180
25 34 30 32 6 33 0 T T 3 M M M M M M 11 225
26 36 31 34 8 31 0 T T 2 M M M M M M 23 225
27 33 26 30 5 35 0 T T 1 M M M M M M 24 270
28 45 25 35 10 30 0 0.00 0.0 1 M M M M M M 27 270
29 36 24 30 6 35 0 0.02 0.7 1 M M M M M M 33 315
30 24 22 23 -1 42 0 0.02 0.4 1 M M M M M M 4 26 315
================================================================================
SM 1319 848 859 0 2.78 10.0 M M M
================================================================================
AV 44.0 28.3 M FASTST M M 0 MAX(MPH)
MISC ----> M M # 43 270
================================================================================
NOTES:
# LAST OF SEVERAL OCCURRENCES
COLUMN 17 PEAK WIND IN M.P.H.
PRELIMINARY LOCAL CLIMATOLOGICAL DATA (WS FORM: F-6) , PAGE 2
STATION: MARQUETTE MI
MONTH: NOVEMBER
YEAR: 2020
LATITUDE: 46 31 N
LONGITUDE: 87 33 W
[TEMPERATURE DATA] [PRECIPITATION DATA] SYMBOLS USED IN COLUMN 16
AVERAGE MONTHLY: 36.1 TOTAL FOR MONTH: 2.78 1 = FOG OR MIST
DPTR FM NORMAL: 5.8 DPTR FM NORMAL: -0.40 2 = FOG REDUCING VISIBILITY
HIGHEST: 75 ON 6 GRTST 24HR 1.01 ON 10-10 TO 1/4 MILE OR LESS
LOWEST: 10 ON 24 3 = THUNDER
SNOW, ICE PELLETS, HAIL 4 = ICE PELLETS
TOTAL MONTH: 10.0 INCHES 5 = HAIL
GRTST 24HR 3.2 ON 1- 1 6 = FREEZING RAIN OR DRIZZLE
GRTST DEPTH: 3 ON 25 7 = DUSTSTORM OR SANDSTORM:
VSBY 1/2 MILE OR LESS
8 = SMOKE OR HAZE
[NO. OF DAYS WITH] [WEATHER - DAYS WITH] 9 = BLOWING SNOW
X = TORNADO
MAX 32 OR BELOW: 6 0.01 INCH OR MORE: 13
MAX 90 OR ABOVE: 0 0.10 INCH OR MORE: 7
MIN 32 OR BELOW: 24 0.50 INCH OR MORE: 2
MIN 0 OR BELOW: 0 1.00 INCH OR MORE: 1
[HDD (BASE 65) ]
TOTAL THIS MO. 859 CLEAR (SCALE 0-3) 0
DPTR FM NORMAL -182 PTCLDY (SCALE 4-7) 0
TOTAL FM JUL 1 2146 CLOUDY (SCALE 8-10) 0
DPTR FM NORMAL -56
[CDD (BASE 65) ]
TOTAL THIS MO. 0
DPTR FM NORMAL 0 [PRESSURE DATA]
TOTAL FM JAN 1 318 HIGHEST SLP M ON M
DPTR FM NORMAL 76 LOWEST SLP M ON M
[REMARKS]
#FINAL-11-20#