000
CXUS51 KLWX 010815
CF6MRB
PRELIMINARY LOCAL CLIMATOLOGICAL DATA (WS FORM: F-6)
STATION: MARTINSBURG WV
MONTH: JULY
YEAR: 2023
LATITUDE: 39 24 N
LONGITUDE: 77 58 W
TEMPERATURE IN F: :PCPN: SNOW: WIND :SUNSHINE: SKY :PK WND
================================================================================
1 2 3 4 5 6A 6B 7 8 9 10 11 12 13 14 15 16 17 18
12Z AVG MX 2MIN
DY MAX MIN AVG DEP HDD CDD WTR SNW DPTH SPD SPD DIR MIN PSBL S-S WX SPD DR
================================================================================
1 82 66 74 -1 0 9 0.03 M M 2.6 10 220 M M 6 138 16 220
2 88 65 77 2 0 12 0.10 M M 3.7 25 280 M M 4 123 33 290
3 86 66 76 1 0 11 0.01 M M 3.8 16 260 M M 4 20 260
4 84 68 76 1 0 11 0.00 M M 5.1 17 360 M M 4 18 23 360
5 89 64 77 1 0 12 T M M 2.8 14 240 M M 1 13 19 240
6 90 65 78 2 0 13 T M M 2.2 12 230 M M 1 13 18 240
7 90 64 77 1 0 12 0.00 M M 2.9 13 350 M M 1 13 17 350
8 88 65 77 1 0 12 0.00 M M 2.7 9 150 M M 2 1 13 30
9 79 64 72 -4 0 7 0.69 M M 3.6 32 260 M M 3 123 38 270
10 83 63 73 -3 0 8 0.00 M M 5.7 15 330 M M 2 19 320
11 86 56 71 -5 0 6 0.00 M M 3.4 12 280 M M 1 16 250
12 88 60 74 -2 0 9 0.00 M M 3.5 12 240 M M 1 20 190
13 91 64 78 2 0 13 0.34 M M 7.4 23 190 M M 2 3 35 190
14 86 65 76 0 0 11 0.39 0.0 0 4.0 23 310 M M 3 13 28 310
15 88 63 76 0 0 11 T M M 3.4 12 170 M M 2 123 17 140
16 87 69 78 2 0 13 T 0.0 0 4.8 17 350 M M 5 22 280
17 86 64 75 -1 0 10 0.10 M M 5.0 14 340 M M 2 138 21 340
18 84 60 72 -4 0 7 0.00 M M 3.4 14 290 M M 2 12 24 340
19 86 66 76 0 0 11 0.00 M M 5.4 14 280 M M 3 20 340
20 87 60 74 -2 0 9 0.00 M M 3.0 9 300 M M 2 1 14 330
21 83 61 72 -4 0 7 0.30 M M 6.0 21 350 M M 3 13 28 330
22 83 59 71 -5 0 6 0.00 M M 3.0 12 350 M M 1 15 350
23 85 56 71 -5 0 6 T M M 2.4 10 140 M M 2 3 14 190
24 84 62 73 -3 0 8 0.05 M M 4.2 18 140 M M 1 13 25 150
25 87 61 74 -2 0 9 T M M 3.6 14 340 M M 2 1 19 350
26 89 60 75 -1 0 10 0.00 M M 5.0 14 150 M M 1 1 24 190
27 95 71 83 7 0 18 0.01 M M 5.1 17 240 M M 2 3 25 250
28 94 67 81 5 0 16 0.75 M M 3.9 23 190 M M 3 13 33 160
29 94 66 80 5 0 15 0.01 M M 8.8 33 280 M M 2 44 270
30 84 61 73 -2 0 8 M M M 5.6 16 360 M M 2 1 20 10
31 81 60 71 -4 0 6 0.01 M M 5.9 16 320 M M 2 1 22 350
================================================================================
SM 2687 1961 0 316 2.79 0.0 131.9 M 72
================================================================================
AV 86.7 63.3 4.3 FASTST M M 2 MAX(MPH)
MISC ----> 33 280 44 270
================================================================================
NOTES:
# LAST OF SEVERAL OCCURRENCES
COLUMN 17 PEAK WIND IN M.P.H.
PRELIMINARY LOCAL CLIMATOLOGICAL DATA (WS FORM: F-6) , PAGE 2
STATION: MARTINSBURG WV
MONTH: JULY
YEAR: 2023
LATITUDE: 39 24 N
LONGITUDE: 77 58 W
[TEMPERATURE DATA] [PRECIPITATION DATA] SYMBOLS USED IN COLUMN 16
AVERAGE MONTHLY: 75.0 TOTAL FOR MONTH: 2.79 1 = FOG OR MIST
DPTR FM NORMAL: -0.7 DPTR FM NORMAL: -0.99 2 = FOG REDUCING VISIBILITY
HIGHEST: 95 ON 27 GRTST 24HR 0.76 ON 28-29 TO 1/4 MILE OR LESS
LOWEST: 56 ON 23,11 3 = THUNDER
SNOW, ICE PELLETS, HAIL 4 = ICE PELLETS
TOTAL MONTH: 0.0 INCH 5 = HAIL
GRTST 24HR 0.0 6 = FREEZING RAIN OR DRIZZLE
GRTST DEPTH: 0 7 = DUSTSTORM OR SANDSTORM:
VSBY 1/2 MILE OR LESS
8 = SMOKE OR HAZE
[NO. OF DAYS WITH] [WEATHER - DAYS WITH] 9 = BLOWING SNOW
X = TORNADO
MAX 32 OR BELOW: 0 0.01 INCH OR MORE: 13
MAX 90 OR ABOVE: 6 0.10 INCH OR MORE: 7
MIN 32 OR BELOW: 0 0.50 INCH OR MORE: 2
MIN 0 OR BELOW: 0 1.00 INCH OR MORE: 0
[HDD (BASE 65) ]
TOTAL THIS MO. 0 CLEAR (SCALE 0-3) 26
DPTR FM NORMAL 0 PTCLDY (SCALE 4-7) 5
TOTAL FM JUL 1 0 CLOUDY (SCALE 8-10) 0
DPTR FM NORMAL 0
[CDD (BASE 65) ]
TOTAL THIS MO. 316
DPTR FM NORMAL -16 [PRESSURE DATA]
TOTAL FM JAN 1 397 HIGHEST SLP 30.15 ON 26
DPTR FM NORMAL -213 LOWEST SLP 29.74 ON 29
[REMARKS]
#FINAL-07-23#