000
CXUS54 KMAF 011210
CF6MRF
PRELIMINARY LOCAL CLIMATOLOGICAL DATA (WS FORM: F-6)
STATION: MARFA
MONTH: FEBRUARY
YEAR: 2024
LATITUDE: 30 22 N
LONGITUDE: 104 1 W
TEMPERATURE IN F: :PCPN: SNOW: WIND :SUNSHINE: SKY :PK WND
================================================================================
1 2 3 4 5 6A 6B 7 8 9 10 11 12 13 14 15 16 17 18
12Z AVG MX 2MIN
DY MAX MIN AVG DEP HDD CDD WTR SNW DPTH SPD SPD DIR MIN PSBL S-S WX SPD DR
================================================================================
1 69 31 50 M 15 0 M M M 8.2 14 150 M M 0 21 150
2 70 31 51 M 14 0 T M M 13.8 36 290 M M 2 8 51 260
3 52 32 42 M 23 0 T M M 22.4 41 260 M M 0 51 260
4 58 34 46 M 19 0 M M M 21.7 36 280 M M 0 44 280
5 63 28 46 M 19 0 M M M 5.8 14 10 M M 0 M M
6 64 31 48 M 17 0 M M M 7.9 15 150 M M 0 M M
7 72 40 56 M 9 0 M M M 10.7 30 280 M M 1 44 210
8 56 30 43 M 22 0 M M M 8.3 14 180 M M 0 M M
9 58 34 46 M 19 0 M M M 5.7 13 260 M M 2 M M
10 63 34 49 M 16 0 M M M 10.4 25 300 M M 2 31 190
11 47 26 37 M 28 0 T M M 17.5 37 260 M M 5 43 260
12 56 15 36 M 29 0 M M M 6.2 17 250 M M 0 21 250
13 63 17 40 M 25 0 M M M 6.2 15 170 M M 0 18 170
14 68 26 47 M 18 0 M M M 8.4 18 290 M M 0 31 270
15 66 29 48 M 17 0 M M M 5.1 13 170 M M 0 M M
16 67 37 52 M 13 0 M M M 6.8 17 290 M M 0 21 270
17 42 27 35 M 30 0 M M M 13.0 23 50 M M 0 28 50
18 64 19 42 M 23 0 M M M 7.0 12 170 M M 0 20 150
19 71 26 49 M 16 0 M M M 8.8 20 260 M M 0 28 260
20 80 30 55 M 10 0 M M M 6.3 14 170 M M 0 16 190
21 83 35 59 M 6 0 M M M 12.1 26 200 M M 1 38 190
22 70 38 54 M 11 0 M M M 12.6 22 280 M M 0 33 270
23 71 34 53 M 12 0 M M M 5.8 10 120 M M 0 8 M M
24 77 31 54 M 11 0 M M M 6.5 14 230 M M 0 18 160
25 80 39 60 M 5 0 M M M 8.9 23 260 M M 0 31 290
26 83 40 62 M 3 0 M M M 9.3 21 260 M M 0 33 260
27 77 46 62 M 3 0 M M M 11.5 30 260 M M 1 41 250
28 59 34 47 M 18 0 0.64 M M 11.5 25 50 M M 7 1 30 50
29 60 34 47 M 18 0 0.09 M M 5.6 14 240 M M 5 13 23 250
================================================================================
SM 1909 908 469 0 0.73 M 283.9 M 26
================================================================================
AV 65.8 31.3 9.8 FASTST M M 1 MAX(MPH)
MISC ----> 41 260 # 51 260
================================================================================
NOTES:
# LAST OF SEVERAL OCCURRENCES
COLUMN 17 PEAK WIND IN M.P.H.
PRELIMINARY LOCAL CLIMATOLOGICAL DATA (WS FORM: F-6) , PAGE 2
STATION: MARFA
MONTH: FEBRUARY
YEAR: 2024
LATITUDE: 30 22 N
LONGITUDE: 104 1 W
[TEMPERATURE DATA] [PRECIPITATION DATA] SYMBOLS USED IN COLUMN 16
AVERAGE MONTHLY: 48.6 TOTAL FOR MONTH: 0.73 1 = FOG OR MIST
DPTR FM NORMAL: 0.0 DPTR FM NORMAL: M 2 = FOG REDUCING VISIBILITY
HIGHEST: 83 ON 26,21 GRTST 24HR 0.64 ON 28-28 TO 1/4 MILE OR LESS
LOWEST: 15 ON 12 3 = THUNDER
SNOW, ICE PELLETS, HAIL 4 = ICE PELLETS
TOTAL MONTH: M 5 = HAIL
GRTST 24HR M ON M 6 = FREEZING RAIN OR DRIZZLE
GRTST DEPTH: M ON M 7 = DUSTSTORM OR SANDSTORM:
VSBY 1/2 MILE OR LESS
8 = SMOKE OR HAZE
[NO. OF DAYS WITH] [WEATHER - DAYS WITH] 9 = BLOWING SNOW
X = TORNADO
MAX 32 OR BELOW: 0 0.01 INCH OR MORE: 2
MAX 90 OR ABOVE: 0 0.10 INCH OR MORE: 1
MIN 32 OR BELOW: 16 0.50 INCH OR MORE: 1
MIN 0 OR BELOW: 0 1.00 INCH OR MORE: 0
[HDD (BASE 65) ]
TOTAL THIS MO. 469 CLEAR (SCALE 0-3) 26
DPTR FM NORMAL M PTCLDY (SCALE 4-7) 3
TOTAL FM JUL 1 2296 CLOUDY (SCALE 8-10) 0
DPTR FM NORMAL M
[CDD (BASE 65) ]
TOTAL THIS MO. 0
DPTR FM NORMAL M [PRESSURE DATA]
TOTAL FM JAN 1 0 HIGHEST SLP M ON M
DPTR FM NORMAL M LOWEST SLP M ON M
[REMARKS]
#FINAL-02-24#