000
CXUS54 KMAF 011110
CF6MRF
PRELIMINARY LOCAL CLIMATOLOGICAL DATA (WS FORM: F-6)
STATION: MARFA
MONTH: APRIL
YEAR: 2021
LATITUDE: 30 22 N
LONGITUDE: 104 1 W
TEMPERATURE IN F: :PCPN: SNOW: WIND :SUNSHINE: SKY :PK WND
================================================================================
1 2 3 4 5 6A 6B 7 8 9 10 11 12 13 14 15 16 17 18
12Z AVG MX 2MIN
DY MAX MIN AVG DEP HDD CDD WTR SNW DPTH SPD SPD DIR MIN PSBL S-S WX SPD DR
================================================================================
1 66 30 48 M 17 0 M M M 9.3 17 120 M M 0 23 120
2 76 37 57 M 8 0 0.09 M M 8.3 16 130 M M 1 33 250
3 81 46 64 M 1 0 0.01 M M 9.2 23 10 M M 1 32 10
4 76 44 60 M 5 0 T M M 5.3 14 40 M M 4 1 M M
5 85 42 64 M 1 0 T M M 6.8 14 120 M M 3 12 18 190
6 85 44 65 M 0 0 M M M 12.9 28 250 M M 0 44 240
7 79 44 62 M 3 0 M M M 11.8 22 250 M M 0 26 250
8 84 38 61 M 4 0 M M M 11.6 31 270 M M 0 38 260
9 81 44 63 M 2 0 M M M 13.2 26 290 M M 0 39 270
10 80 44 62 M 3 0 M M M 11.9 21 20 M M 0 31 230
11 82 36 59 M 6 0 M M M 8.7 20 290 M M 0 31 270
12 81 45 63 M 2 0 M M M 11.5 20 30 M M 0 22 10
13 68 48 58 M 7 0 M M M 14.6 21 40 M M 2 28 30
14 80 48 64 M 1 0 M M M 8.7 16 50 M M 3 M M
15 81 49 65 M 0 0 M M M 8.1 17 240 M M 1 21 290
16 74 47 61 M 4 0 M M M 11.7 22 40 M M 1 28 30
17 56 38 47 M 18 0 T M M 18.4 28 30 M M 6 35 30
18 58 38 48 M 17 0 T M M 15.2 23 40 M M 6 25 50
19 65 38 52 M 13 0 0.01 M M 8.3 16 260 M M 6 23 260
20 67 32 50 M 15 0 M M M 12.5 24 50 M M 0 28 30
21 70 35 53 M 12 0 M M M 10.6 15 40 M M 0 23 160
22 71 35 53 M 12 0 M M M 7.2 14 150 M M 0 22 170
23 74 41 58 M 7 0 M M M 14.0 30 240 M M 0 47 260
24 80 40 60 M 5 0 M M M 7.8 14 100 M M 0 18 100
25 87 38 63 M 2 0 M M M 9.9 20 180 M M 0 31 170
26 83 46 65 M 0 0 M M M 8.5 20 180 M M 0 31 220
27 86 50 68 M 0 3 M M M 14.5 29 200 M M 1 8 46 200
28 80 44 62 M 3 0 M M M 12.9 28 200 M M 3 46 220
29 65 47 56 M 9 0 T M M 12.4 20 350 M M 5 32 360
30 60 46 53 M 12 0 0.23 M M 11.3 17 20 M M 5 22 20
================================================================================
SM 2261 1254 189 3 0.34 M 326.7 M 48
================================================================================
AV 75.4 41.8 10.9 FASTST M M 2 MAX(MPH)
MISC ----> 31 270 47 260
================================================================================
NOTES:
# LAST OF SEVERAL OCCURRENCES
COLUMN 17 PEAK WIND IN M.P.H.
PRELIMINARY LOCAL CLIMATOLOGICAL DATA (WS FORM: F-6) , PAGE 2
STATION: MARFA
MONTH: APRIL
YEAR: 2021
LATITUDE: 30 22 N
LONGITUDE: 104 1 W
[TEMPERATURE DATA] [PRECIPITATION DATA] SYMBOLS USED IN COLUMN 16
AVERAGE MONTHLY: 58.6 TOTAL FOR MONTH: 0.34 1 = FOG OR MIST
DPTR FM NORMAL: 0.0 DPTR FM NORMAL: M 2 = FOG REDUCING VISIBILITY
HIGHEST: 87 ON 25 GRTST 24HR 0.23 ON 30-30 TO 1/4 MILE OR LESS
LOWEST: 30 ON 1 3 = THUNDER
SNOW, ICE PELLETS, HAIL 4 = ICE PELLETS
TOTAL MONTH: M 5 = HAIL
GRTST 24HR M ON M 6 = FREEZING RAIN OR DRIZZLE
GRTST DEPTH: M ON M 7 = DUSTSTORM OR SANDSTORM:
VSBY 1/2 MILE OR LESS
8 = SMOKE OR HAZE
[NO. OF DAYS WITH] [WEATHER - DAYS WITH] 9 = BLOWING SNOW
X = TORNADO
MAX 32 OR BELOW: 0 0.01 INCH OR MORE: 4
MAX 90 OR ABOVE: 0 0.10 INCH OR MORE: 1
MIN 32 OR BELOW: 2 0.50 INCH OR MORE: 0
MIN 0 OR BELOW: 0 1.00 INCH OR MORE: 0
[HDD (BASE 65) ]
TOTAL THIS MO. 189 CLEAR (SCALE 0-3) 23
DPTR FM NORMAL M PTCLDY (SCALE 4-7) 7
TOTAL FM JUL 1 3254 CLOUDY (SCALE 8-10) 0
DPTR FM NORMAL M
[CDD (BASE 65) ]
TOTAL THIS MO. 3
DPTR FM NORMAL M [PRESSURE DATA]
TOTAL FM JAN 1 3 HIGHEST SLP M ON M
DPTR FM NORMAL M LOWEST SLP M ON M
[REMARKS]
#FINAL-04-21#