000
CXUS56 KMTR 011000
CF6MRY
PRELIMINARY LOCAL CLIMATOLOGICAL DATA (WS FORM: F-6)
STATION: MONTEREY AIRPORT
MONTH: NOVEMBER
YEAR: 2023
LATITUDE: 36 34 N
LONGITUDE: 121 51 W
TEMPERATURE IN F: :PCPN: SNOW: WIND :SUNSHINE: SKY :PK WND
================================================================================
1 2 3 4 5 6A 6B 7 8 9 10 11 12 13 14 15 16 17 18
12Z AVG MX 2MIN
DY MAX MIN AVG DEP HDD CDD WTR SNW DPTH SPD SPD DIR MIN PSBL S-S WX SPD DR
================================================================================
1 79 45 62 4 3 0 0.00 M M 3.5 10 110 M M 0 13 340
2 71 49 60 2 5 0 0.00 M M 3.7 10 110 M M 0 13 120
3 79 50 65 7 0 0 0.00 M M 3.9 13 300 M M 0 18 330
4 68 52 60 2 5 0 0.00 M M 3.9 13 120 M M 2 16 300
5 69 47 58 1 7 0 0.03 M M 2.3 10 300 M M 6 12 14 310
6 69 57 63 6 2 0 0.02 M M 4.0 13 260 M M 8 12 19 250
7 62 49 56 -1 9 0 0.00 M M 5.6 18 300 M M 4 12 27 300
8 64 46 55 -2 10 0 0.00 M M 5.3 10 110 M M 0 13 120
9 64 42 53 -4 12 0 0.00 M M 4.7 12 110 M M 0 8 16 290
10 64 44 54 -2 11 0 0.00 M M 4.7 12 120 M M 0 17 300
11 71 45 58 2 7 0 0.00 M M 4.9 12 120 M M 0 14 330
12 69 49 59 3 6 0 0.00 M M 4.6 17 260 M M 2 21 230
13 65 49 57 1 8 0 0.00 M M 5.4 18 250 M M 5 1 25 250
14 70 47 59 3 6 0 0.00 M M 3.9 10 120 M M 0 12 110
15 71 50 61 5 4 0 0.01 M M 2.6 25 160 M M 8 38 150
16 67 53 60 5 5 0 T M M 2.4 9 130 M M 6 10 130
17 66 52 59 4 6 0 0.01 M M 3.9 13 180 M M 4 18 170
18 66 56 61 6 4 0 0.43 M M 7.7 17 300 M M 9 18 26 290
19 60 45 53 -2 12 0 0.00 M M 6.5 16 290 M M 1 23 300
20 69 42 56 1 9 0 0.00 M M 6.5 13 50 M M 0 19 60
21 77 44 61 7 4 0 0.00 M M 4.6 10 120 M M 0 12 120
22 69 45 57 3 8 0 0.00 M M 3.8 10 110 M M 0 13 290
23 64 47 56 2 9 0 0.00 M M 4.7 15 270 M M 1 18 270
24 64 41 53 -1 12 0 0.00 M M 6.1 12 290 M M 0 18 70
25 64 37 51 -3 14 0 0.00 M M 5.7 12 300 M M 0 17 80
26 66 45 56 2 9 0 0.00 M M 5.4 12 120 M M 0 16 310
27 66 47 57 3 8 0 0.00 M M 6.2 14 120 M M 0 17 120
28 67 46 57 4 8 0 0.00 M M 5.7 16 180 M M 0 8 23 210
29 64 50 57 4 8 0 0.01 M M 4.5 10 290 M M 6 13 290
30 61 50 56 3 9 0 T M M 8.3 18 290 M M 6 18 26 320
================================================================================
SM 2025 1421 220 0 0.51 M 145.0 M 68
================================================================================
AV 67.5 47.4 4.8 FASTST M M 2 MAX(MPH)
MISC ----> 25 160 38 150
================================================================================
NOTES:
# LAST OF SEVERAL OCCURRENCES
COLUMN 17 PEAK WIND IN M.P.H.
PRELIMINARY LOCAL CLIMATOLOGICAL DATA (WS FORM: F-6) , PAGE 2
STATION: MONTEREY AIRPORT
MONTH: NOVEMBER
YEAR: 2023
LATITUDE: 36 34 N
LONGITUDE: 121 51 W
[TEMPERATURE DATA] [PRECIPITATION DATA] SYMBOLS USED IN COLUMN 16
AVERAGE MONTHLY: 57.4 TOTAL FOR MONTH: 0.51 1 = FOG OR MIST
DPTR FM NORMAL: 1.9 DPTR FM NORMAL: -0.94 2 = FOG REDUCING VISIBILITY
HIGHEST: 79 ON 3, 1 GRTST 24HR 0.44 ON 17-18 TO 1/4 MILE OR LESS
LOWEST: 37 ON 25 3 = THUNDER
SNOW, ICE PELLETS, HAIL 4 = ICE PELLETS
TOTAL MONTH: M 5 = HAIL
GRTST 24HR M ON M 6 = FREEZING RAIN OR DRIZZLE
GRTST DEPTH: M ON M 7 = DUSTSTORM OR SANDSTORM:
VSBY 1/2 MILE OR LESS
8 = SMOKE OR HAZE
[NO. OF DAYS WITH] [WEATHER - DAYS WITH] 9 = BLOWING SNOW
X = TORNADO
MAX 32 OR BELOW: 0 0.01 INCH OR MORE: 6
MAX 90 OR ABOVE: 0 0.10 INCH OR MORE: 1
MIN 32 OR BELOW: 0 0.50 INCH OR MORE: 0
MIN 0 OR BELOW: 0 1.00 INCH OR MORE: 0
[HDD (BASE 65) ]
TOTAL THIS MO. 220 CLEAR (SCALE 0-3) 20
DPTR FM NORMAL -67 PTCLDY (SCALE 4-7) 8
TOTAL FM JUL 1 619 CLOUDY (SCALE 8-10) 2
DPTR FM NORMAL -141
[CDD (BASE 65) ]
TOTAL THIS MO. 0
DPTR FM NORMAL -2 [PRESSURE DATA]
TOTAL FM JAN 1 78 HIGHEST SLP M ON M
DPTR FM NORMAL 3 LOWEST SLP 29.75 ON 15
[REMARKS]
#FINAL-11-23#