000
CXUS54 KLIX 010810
CF6MSY
PRELIMINARY LOCAL CLIMATOLOGICAL DATA (WS FORM: F-6)
STATION: NEW ORLEANS
MONTH: APRIL
YEAR: 2022
LATITUDE: 29 58 N
LONGITUDE: 90 15 W
TEMPERATURE IN F: :PCPN: SNOW: WIND :SUNSHINE: SKY :PK WND
================================================================================
1 2 3 4 5 6A 6B 7 8 9 10 11 12 13 14 15 16 17 18
12Z AVG MX 2MIN
DY MAX MIN AVG DEP HDD CDD WTR SNW DPTH SPD SPD DIR MIN PSBL S-S WX SPD DR
================================================================================
1 74 53 64 -3 1 0 0.00 0.0 M 5.0 13 40 M M 4 16 360
2 75 60 68 1 0 3 0.21 0.0 M 5.3 14 90 M M 6 13 18 40
3 81 56 69 2 0 4 0.00 0.0 M 5.8 14 40 M M 0 17 40
4 81 60 71 3 0 6 0.57 0.0 M 10.5 21 100 M M 4 138 25 110
5 82 71 77 9 0 12 T 0.0 M 12.4 23 190 M M 9 1 31 190
6 86 69 78 10 0 13 0.00 0.0 M 10.6 22 340 M M 7 18 27 330
7 74 60 67 -1 0 2 0.00 0.0 M 13.8 30 300 M M 2 8 40 310
8 70 50 60 -8 5 0 0.00 0.0 M 12.5 29 280 M M 0 8 38 290
9 74 49 62 -7 3 0 0.00 0.0 M 6.7 15 310 M M 0 19 20
10 76 57 67 -2 0 2 0.00 0.0 M 11.6 22 140 M M 1 30 150
11 74 65 70 1 0 5 0.10 0.0 M 8.4 23 140 M M 7 13 30 150
12 80 63 72 3 0 7 0.06 0.0 M 11.6 31 150 M M 8 13 47 150
13 82 66 74 4 0 9 2.61 0.0 M 15.7 32 150 M M 8 13 41 150
14 78 66 72 2 0 7 0.21 0.0 M 7.3 18 360 M M 7 13 24 360
15 81 70 76 6 0 11 T 0.0 M 11.7 21 130 M M 8 27 130
16 85 73 79 9 0 14 0.00 0.0 M 8.9 16 180 M M 8 21 160
17 85 70 78 8 0 13 0.09 0.0 M 8.7 20 210 M M 7 13 23 210
18 74 63 69 -2 0 4 0.00 0.0 M 10.8 20 340 M M 5 1 26 330
19 73 58 66 -5 0 1 0.00 0.0 M 10.0 23 70 M M 4 32 60
20 79 57 68 -3 0 3 0.00 0.0 M 13.8 24 140 M M 6 30 140
21 85 68 77 6 0 12 0.00 0.0 M 11.1 20 110 M M 4 23 110
22 84 66 75 3 0 10 0.00 0.0 M 11.0 21 130 M M 3 1 25 140
23 83 65 74 2 0 9 T 0.0 M 12.8 22 120 M M 3 28 130
24 85 68 77 5 0 12 0.00 0.0 M 11.1 21 150 M M 4 25 140
25 85 68 77 5 0 12 0.64 0.0 M 8.1 20 320 M M 5 13 30 320
26 77 69 73 1 0 8 0.00 0.0 M 9.4 17 360 M M 6 22 360
27 79 64 72 -1 0 7 0.00 0.0 M 7.1 14 40 M M 2 19 50
28 81 61 71 -2 0 6 0.00 0.0 M 5.5 12 360 M M 4 15 350
29 83 61 72 -1 0 7 0.00 0.0 M 6.5 15 180 M M 5 19 180
30 85 61 73 0 0 8 0.00 0.0 M 6.4 16 150 M M 3 21 150
================================================================================
SM 2391 1887 9 207 4.49 0.0 290.1 M 140
================================================================================
AV 79.7 62.9 9.7 FASTST M M 5 MAX(MPH)
MISC ----> 32 150 47 150
================================================================================
NOTES:
# LAST OF SEVERAL OCCURRENCES
COLUMN 17 PEAK WIND IN M.P.H.
PRELIMINARY LOCAL CLIMATOLOGICAL DATA (WS FORM: F-6) , PAGE 2
STATION: NEW ORLEANS
MONTH: APRIL
YEAR: 2022
LATITUDE: 29 58 N
LONGITUDE: 90 15 W
[TEMPERATURE DATA] [PRECIPITATION DATA] SYMBOLS USED IN COLUMN 16
AVERAGE MONTHLY: 71.3 TOTAL FOR MONTH: 4.49 1 = FOG OR MIST
DPTR FM NORMAL: 1.2 DPTR FM NORMAL: -0.73 2 = FOG REDUCING VISIBILITY
HIGHEST: 86 ON 6 GRTST 24HR 2.82 ON 13-14 TO 1/4 MILE OR LESS
LOWEST: 49 ON 9 3 = THUNDER
SNOW, ICE PELLETS, HAIL 4 = ICE PELLETS
TOTAL MONTH: 0.0 INCH 5 = HAIL
GRTST 24HR 0.0 6 = FREEZING RAIN OR DRIZZLE
GRTST DEPTH: M ON M 7 = DUSTSTORM OR SANDSTORM:
VSBY 1/2 MILE OR LESS
8 = SMOKE OR HAZE
[NO. OF DAYS WITH] [WEATHER - DAYS WITH] 9 = BLOWING SNOW
X = TORNADO
MAX 32 OR BELOW: 0 0.01 INCH OR MORE: 8
MAX 90 OR ABOVE: 0 0.10 INCH OR MORE: 6
MIN 32 OR BELOW: 0 0.50 INCH OR MORE: 3
MIN 0 OR BELOW: 0 1.00 INCH OR MORE: 1
[HDD (BASE 65) ]
TOTAL THIS MO. 9 CLEAR (SCALE 0-3) 8
DPTR FM NORMAL -18 PTCLDY (SCALE 4-7) 21
TOTAL FM JUL 1 1000 CLOUDY (SCALE 8-10) 1
DPTR FM NORMAL -173
[CDD (BASE 65) ]
TOTAL THIS MO. 207
DPTR FM NORMAL 27 [PRESSURE DATA]
TOTAL FM JAN 1 333 HIGHEST SLP M ON M
DPTR FM NORMAL 22 LOWEST SLP 29.66 ON 5
[REMARKS]
#FINAL-04-22#