000
CXUS52 KKEY 011730 CCA
CF6MTH
PRELIMINARY LOCAL CLIMATOLOGICAL DATA (WS FORM: F-6)...CORRECTED
STATION: MARATHON
MONTH: MARCH
YEAR: 2023
LATITUDE: 24 43 N
LONGITUDE: 81 5 W
TEMPERATURE IN F: :PCPN: SNOW: WIND :SUNSHINE: SKY :PK WND
================================================================================
1 2 3 4 5 6A 6B 7 8 9 10 11 12 13 14 15 16 17 18
12Z AVG MX 2MIN
DY MAX MIN AVG DEP HDD CDD WTR SNW DPTH SPD SPD DIR MIN PSBL S-S WX SPD DR
================================================================================
1 87 66 77 4 0 12 0.00 0.0 0 5.5 14 120 M M 0 21 120
2 86 75 81 7 0 16 0.00 0.0 0 9.6 16 140 M M 1 27 140
3 87 77 82 8 0 17 0.00 0.0 0 8.9 14 140 M M 1 26 140
4 87 76 82 8 0 17 0.00 0.0 0 5.1 10 200 M M 1 19 220
5 89 73 81 7 0 16 0.00 0.0 0 4.2 10 40 M M 3 17 40
6 88 71 80 6 0 15 0.00 0.0 0 3.2 10 40 M M 0 8 15 30
7 85 75 80 6 0 15 0.00 0.0 0 8.0 14 330 M M 1 25 340
8 85 75 80 6 0 15 T 0.0 0 8.9 18 70 M M 2 26 70
9 85 74 80 6 0 15 T 0.0 0 10.5 17 70 M M 6 26 60
10 85 73 79 5 0 14 0.00 0.0 0 6.0 10 90 M M 1 18 100
11 86 70 78 4 0 13 0.00 0.0 0 6.4 14 290 M M 0 18 280
12 87 70 79 5 0 14 0.00 0.0 0 4.0 9 190 M M 1 15 160
13 89 77 83 9 0 18 0.00 0.0 0 8.7 16 260 M M 2 23 240
14 82 76 79 5 0 14 0.00 0.0 0 8.5 18 40 M M 3 25 50
15 78 68 73 -1 0 8 0.02 0.0 0 15.5 24 40 M M 7 3 34 50
16 81 67 74 -1 0 9 T 0.0 0 12.3 17 80 M M 2 29 90
17 85 72 79 4 0 14 T 0.0 0 10.8 15 110 M M 3 27 110
18 87 75 81 6 0 16 T 0.0 0 5.8 13 160 M M 2 8 19 170
19 79 65 72 -3 0 7 0.90 0.0 0 7.7 17 20 M M 6 18 27 20
20 75 62 69 -6 0 4 0.10 0.0 0 12.5 20 350 M M 8 1 33 360
21 81 65 73 -2 0 8 0.00 0.0 0 11.3 17 70 M M 4 27 40
22 85 71 78 3 0 13 0.00 0.0 0 9.9 17 70 M M 1 24 70
23 86 74 80 5 0 15 T 0.0 0 9.9 17 70 M M 2 8 26 90
24 88 75 82 7 0 17 0.00 0.0 0 8.5 14 130 M M 2 22 130
25 87 77 82 7 0 17 0.00 0.0 0 8.4 14 140 M M 4 23 140
26 88 77 83 7 0 18 0.00 0.0 0 8.7 14 120 M M 1 22 120
27 88 78 83 7 0 18 0.00 0.0 0 7.8 14 130 M M 3 22 140
28 88 75 82 6 0 17 0.00 0.0 0 3.9 8 160 M M 1 14 140
29 86 74 80 4 0 15 0.00 0.0 0 4.5 14 350 M M 3 22 360
30 90 75 83 7 0 18 T 0.0 0 10.1 18 70 M M 3 30 100
31 88 77 83 7 0 18 T 0.0 0 12.5 18 80 M M 4 30 90
================================================================================
SM 2648 2255 0 443 1.02 0.0 257.6 M 78
================================================================================
AV 85.4 72.7 8.3 FASTST M M 3 MAX(MPH)
MISC ----> 24 40 34 50
================================================================================
NOTES:
# LAST OF SEVERAL OCCURRENCES
COLUMN 17 PEAK WIND IN M.P.H.
PRELIMINARY LOCAL CLIMATOLOGICAL DATA (WS FORM: F-6) , PAGE 2
STATION: MARATHON
MONTH: MARCH
YEAR: 2023
LATITUDE: 24 43 N
LONGITUDE: 81 5 W
[TEMPERATURE DATA] [PRECIPITATION DATA] SYMBOLS USED IN COLUMN 16
AVERAGE MONTHLY: 79.1 TOTAL FOR MONTH: 1.02 1 = FOG OR MIST
DPTR FM NORMAL: 4.5 DPTR FM NORMAL: -0.31 2 = FOG REDUCING VISIBILITY
HIGHEST: 90 ON 30 GRTST 24HR 1.00 ON 19-20 TO 1/4 MILE OR LESS
LOWEST: 62 ON 20 3 = THUNDER
SNOW, ICE PELLETS, HAIL 4 = ICE PELLETS
TOTAL MONTH: 0.0 INCH 5 = HAIL
GRTST 24HR 0.0 6 = FREEZING RAIN OR DRIZZLE
GRTST DEPTH: 0 7 = DUSTSTORM OR SANDSTORM:
VSBY 1/2 MILE OR LESS
8 = SMOKE OR HAZE
[NO. OF DAYS WITH] [WEATHER - DAYS WITH] 9 = BLOWING SNOW
X = TORNADO
MAX 32 OR BELOW: 0 0.01 INCH OR MORE: 3
MAX 90 OR ABOVE: 1 0.10 INCH OR MORE: 2
MIN 32 OR BELOW: 0 0.50 INCH OR MORE: 1
MIN 0 OR BELOW: 0 1.00 INCH OR MORE: 0
[HDD (BASE 65) ]
TOTAL THIS MO. 0 CLEAR (SCALE 0-3) 24
DPTR FM NORMAL -5 PTCLDY (SCALE 4-7) 6
TOTAL FM JUL 1 44 CLOUDY (SCALE 8-10) 1
DPTR FM NORMAL -27
[CDD (BASE 65) ]
TOTAL THIS MO. 443
DPTR FM NORMAL 141 [PRESSURE DATA]
TOTAL FM JAN 1 1113 HIGHEST SLP M ON M
DPTR FM NORMAL 405 LOWEST SLP 29.81 ON 3
[REMARKS]
SOME DATES THIS MONTH UTILIZED DATA FROM THE OFFICIAL BACKUP SITE
LOCATED AT THE CURRY HAMMOCK STATE PARK COOP SITE (SITE ID: MTEF1).
THOSE DATES ARE INDICATED BELOW, ALONG WITH THE OBSERVATION
PARAMETER THAT WAS BACKED UP (INDICATED BY AN X.)
TEMPERATURE :PCPN:
================================
1 2 3 4 5 6A 6B 7
DY MAX MIN AVG DEP HDD CDD WTR
================================
30 X
CORRECTED ALIGNMENT OF SNOW, ICE PELLETS, HAIL TABLE
CORRECTED SKY COVER TABLE
CORRECTED SEASONAL HDD DEPARTURE FROM NORMAL
ADDED TABLE DETAILING USE OF BACKUP DATA
#FINAL-03-23#
ROSS