000
CXUS53 KILX 010900
CF6MTO
PRELIMINARY LOCAL CLIMATOLOGICAL DATA (WS FORM: F-6)
STATION: MATTOON IL AIRPORT
MONTH: OCTOBER
YEAR: 2022
LATITUDE: 39 28 N
LONGITUDE: 88 17 W
TEMPERATURE IN F: :PCPN: SNOW: WIND :SUNSHINE: SKY :PK WND
================================================================================
1 2 3 4 5 6A 6B 7 8 9 10 11 12 13 14 15 16 17 18
12Z AVG MX 2MIN
DY MAX MIN AVG DEP HDD CDD WTR SNW DPTH SPD SPD DIR MIN PSBL S-S WX SPD DR
================================================================================
1 76 39 58 -4 7 0 0.00 M M 8.4 20 20 M M 0 1 35 20
2 75 42 59 -3 6 0 0.00 M M 7.5 22 20 M M 0 1 37 20
3 72 39 56 -5 9 0 0.00 M M 5.2 15 50 M M 0 23 60
4 75 38 57 -4 8 0 0.00 M M 1.0 9 100 M M 0 14 100
5 78 41 60 0 5 0 T M M 3.2 9 170 M M 1 18 210
6 79 53 66 6 0 1 0.02 M M 8.3 25 360 M M 5 38 10
7 63 41 52 -7 13 0 0.00 M M 8.9 17 360 M M 4 32 20
8 60 34 47 -12 18 0 0.00 M M 4.2 14 280 M M 1 1 19 280
9 70 43 57 -2 8 0 0.00 M M 8.4 15 210 M M 1 27 280
10 78 49 64 6 1 0 0.00 M M 7.6 13 230 M M 0 21 230
11 66 54 60 2 5 0 0.10 M M 9.2 16 180 M M 7 1 23 180
12 67 47 57 0 8 0 0.19 M M 9.9 25 330 M M 7 13 37 300
13 62 38 50 -7 15 0 0.02 M M 9.3 25 280 M M 4 44 260
14 67 38 53 -3 12 0 T M M 9.5 22 220 M M 3 43 230
15 59 36 48 -8 17 0 0.00 M M 7.1 20 310 M M 1 25 320
16 65 42 54 -2 11 0 0.00 M M 9.8 22 310 M M 2 31 270
17 47 34 41 -14 24 0 0.00 M M 15.4 24 300 M M 6 35 270
18 50 30 40 -15 25 0 0.00 M M 16.1 25 300 M M 2 36 280
19 52 29 41 -13 24 0 0.00 M M 10.3 17 280 M M 0 32 270
20 65 33 49 -5 16 0 0.00 M M 9.3 17 200 M M 2 30 250
21 76 46 61 7 4 0 0.00 M M 11.4 20 190 M M 0 32 200
22 79 53 66 13 0 1 0.00 M M 12.9 21 150 M M 0 36 150
23 78 63 71 18 0 6 0.00 M M 16.2 25 160 M M 2 8 43 160
24 78 61 70 18 0 5 0.00 M M 13.4 23 150 M M 0 39 160
25 67 48 58 6 7 0 0.61 M M 10.4 23 310 M M 9 1 37 160
26 57 36 47 -4 18 0 0.12 M M 11.7 23 320 M M 3 128 38 350
27 57 33 45 -6 20 0 0.00 M M 5.7 14 50 M M 0 1 20 30
28 62 34 48 -2 17 0 0.00 M M 4.4 13 60 M M 0 19 50
29 70 36 53 3 12 0 0.00 M M 2.5 9 90 M M 0 18 14 160
30 60 48 54 4 11 0 0.06 M M 6.7 14 140 M M 7 1 20 130
31 60 51 56 7 9 0 0.28 M M 6.5 12 240 M M 9 12 17 230
================================================================================
SM 2070 1309 330 13 1.40 M 270.4 M 76
================================================================================
AV 66.8 42.2 8.7 FASTST M M 2 MAX(MPH)
MISC ----> # 25 360 44 260
================================================================================
NOTES:
# LAST OF SEVERAL OCCURRENCES
COLUMN 17 PEAK WIND IN M.P.H.
PRELIMINARY LOCAL CLIMATOLOGICAL DATA (WS FORM: F-6) , PAGE 2
STATION: MATTOON IL AIRPORT
MONTH: OCTOBER
YEAR: 2022
LATITUDE: 39 28 N
LONGITUDE: 88 17 W
[TEMPERATURE DATA] [PRECIPITATION DATA] SYMBOLS USED IN COLUMN 16
AVERAGE MONTHLY: 54.5 TOTAL FOR MONTH: 1.40 1 = FOG OR MIST
DPTR FM NORMAL: -1.1 DPTR FM NORMAL: -1.71 2 = FOG REDUCING VISIBILITY
HIGHEST: 79 ON 22, 6 GRTST 24HR 0.71 ON 25-26 TO 1/4 MILE OR LESS
LOWEST: 29 ON 19 3 = THUNDER
SNOW, ICE PELLETS, HAIL 4 = ICE PELLETS
TOTAL MONTH: M 5 = HAIL
GRTST 24HR M ON M 6 = FREEZING RAIN OR DRIZZLE
GRTST DEPTH: M ON M 7 = DUSTSTORM OR SANDSTORM:
VSBY 1/2 MILE OR LESS
8 = SMOKE OR HAZE
[NO. OF DAYS WITH] [WEATHER - DAYS WITH] 9 = BLOWING SNOW
X = TORNADO
MAX 32 OR BELOW: 0 0.01 INCH OR MORE: 8
MAX 90 OR ABOVE: 0 0.10 INCH OR MORE: 5
MIN 32 OR BELOW: 2 0.50 INCH OR MORE: 1
MIN 0 OR BELOW: 0 1.00 INCH OR MORE: 0
[HDD (BASE 65) ]
TOTAL THIS MO. 330 CLEAR (SCALE 0-3) 21
DPTR FM NORMAL 14 PTCLDY (SCALE 4-7) 8
TOTAL FM JUL 1 402 CLOUDY (SCALE 8-10) 2
DPTR FM NORMAL 20
[CDD (BASE 65) ]
TOTAL THIS MO. 13
DPTR FM NORMAL -12 [PRESSURE DATA]
TOTAL FM JAN 1 1251 HIGHEST SLP 30.47 ON 8
DPTR FM NORMAL 135 LOWEST SLP 29.49 ON 25
[REMARKS]
#FINAL-10-22#