000
CXUS51 KBTV 010700
CF6MVL
PRELIMINARY LOCAL CLIMATOLOGICAL DATA (WS FORM: F-6)
STATION: MORRISVILLE VT
MONTH: MARCH
YEAR: 2023
LATITUDE: 44 31 N
LONGITUDE: 72 37 W
TEMPERATURE IN F: :PCPN: SNOW: WIND :SUNSHINE: SKY :PK WND
================================================================================
1 2 3 4 5 6A 6B 7 8 9 10 11 12 13 14 15 16 17 18
12Z AVG MX 2MIN
DY MAX MIN AVG DEP HDD CDD WTR SNW DPTH SPD SPD DIR MIN PSBL S-S WX SPD DR
================================================================================
1 40 24 32 10 33 0 0.26 M M 3.1 15 300 M M 7 1 23 310
2 36 30 33 11 32 0 0.07 M M 6.1 16 350 M M 10 1 22 340
3 38 17 28 5 37 0 0.01 M M 5.3 21 150 M M 4 30 150
4 36 28 32 9 33 0 0.59 M M 3.6 24 200 M M 10 128 31 200
5 38 27 33 10 32 0 0.01 M M 4.6 14 300 M M 8 1 26 330
6 38 21 30 6 35 0 0.00 M M 8.0 23 330 M M 1 33 330
7 30 22 26 2 39 0 0.01 M M 8.6 18 360 M M 9 25 360
8 30 22 26 2 39 0 T M M 12.2 21 360 M M 10 8 30 350
9 32 24 28 3 37 0 0.00 M M 8.4 17 10 M M 10 23 360
10 41 6 24 -1 41 0 M M M 2.5 10 10 M M 1 14 20
11 38 16 27 1 38 0 0.00 M M 4.4 12 330 M M 0 16 340
12 47 6 27 1 38 0 0.00 M M 1.9 6 200 M M 0 8 210
13 41 25 33 7 32 0 0.06 M M 5.1 14 160 M M 7 1 18 170
14 33 31 32 5 33 0 0.44 M M 9.5 22 360 M M 10 12 31 10
15 34 25 30 3 35 0 0.43 M M 9.4 22 340 M M 10 12 30 330
16 39 15 27 0 38 0 0.22 M M 1.7 12 20 M M 7 1 17 360
17 42 32 37 9 28 0 0.11 M M 2.9 16 170 M M 10 1 27 170
18 38 24 31 3 34 0 T M M 4.6 14 300 M M 8 12 21 300
19 27 16 22 -7 43 0 0.07 M M 7.1 16 240 M M 8 12 30 280
20 43 24 34 5 31 0 T M M 7.1 17 200 M M 7 26 190
21 46 28 37 8 28 0 T M M 5.4 20 10 M M 8 25 360
22 52 21 37 7 28 0 0.00 M M 0.6 5 50 M M 3 M M
23 43 34 39 9 26 0 0.29 M M 2.8 9 140 M M 10 12 M M
24 41 26 34 3 31 0 0.01 M M 5.2 14 330 M M 8 20 30
25 37 17 27 -4 38 0 0.16 M M 8.3 29 190 M M 5 1 40 180
26 40 33 37 6 28 0 0.21 M M 3.9 17 210 M M 10 1 25 200
27 46 27 37 5 28 0 0.00 M M 3.7 14 10 M M 4 17 10
28 39 23 31 -1 34 0 T M M 4.0 14 360 M M 7 19 340
29 48 16 32 -1 33 0 0.09 M M 4.4 17 320 M M 2 1 25 230
30 32 18 25 -8 40 0 0.01 M M 7.6 18 330 M M 6 29 310
31 42 13 28 -6 37 0 0.17 M M 2.6 18 170 M M 4 1 24 200
================================================================================
SM 1207 691 1059 0 3.22 M 164.6 M 204
================================================================================
AV 38.9 22.3 5.3 FASTST M M 7 MAX(MPH)
MISC ----> 29 190 40 180
================================================================================
NOTES:
# LAST OF SEVERAL OCCURRENCES
COLUMN 17 PEAK WIND IN M.P.H.
PRELIMINARY LOCAL CLIMATOLOGICAL DATA (WS FORM: F-6) , PAGE 2
STATION: MORRISVILLE VT
MONTH: MARCH
YEAR: 2023
LATITUDE: 44 31 N
LONGITUDE: 72 37 W
[TEMPERATURE DATA] [PRECIPITATION DATA] SYMBOLS USED IN COLUMN 16
AVERAGE MONTHLY: 30.6 TOTAL FOR MONTH: 3.22 1 = FOG OR MIST
DPTR FM NORMAL: 3.0 DPTR FM NORMAL: 1.27 2 = FOG REDUCING VISIBILITY
HIGHEST: 52 ON 22 GRTST 24HR 0.60 ON 4- 5 TO 1/4 MILE OR LESS
LOWEST: 6 ON 12,10 3 = THUNDER
SNOW, ICE PELLETS, HAIL 4 = ICE PELLETS
TOTAL MONTH: M 5 = HAIL
GRTST 24HR M ON M 6 = FREEZING RAIN OR DRIZZLE
GRTST DEPTH: M ON M 7 = DUSTSTORM OR SANDSTORM:
VSBY 1/2 MILE OR LESS
8 = SMOKE OR HAZE
[NO. OF DAYS WITH] [WEATHER - DAYS WITH] 9 = BLOWING SNOW
X = TORNADO
MAX 32 OR BELOW: 5 0.01 INCH OR MORE: 19
MAX 90 OR ABOVE: 0 0.10 INCH OR MORE: 10
MIN 32 OR BELOW: 29 0.50 INCH OR MORE: 1
MIN 0 OR BELOW: 0 1.00 INCH OR MORE: 0
[HDD (BASE 65) ]
TOTAL THIS MO. 1059 CLEAR (SCALE 0-3) 6
DPTR FM NORMAL -102 PTCLDY (SCALE 4-7) 12
TOTAL FM JUL 1 6122 CLOUDY (SCALE 8-10) 13
DPTR FM NORMAL -1063
[CDD (BASE 65) ]
TOTAL THIS MO. 0
DPTR FM NORMAL 0 [PRESSURE DATA]
TOTAL FM JAN 1 0 HIGHEST SLP M ON M
DPTR FM NORMAL 0 LOWEST SLP 29.49 ON 17
[REMARKS]
#FINAL-03-23#