000
CXUS51 KBTV 010700
CF6MVL
PRELIMINARY LOCAL CLIMATOLOGICAL DATA (WS FORM: F-6)
STATION: MORRISVILLE VT
MONTH: SEPTEMBER
YEAR: 2023
LATITUDE: 44 31 N
LONGITUDE: 72 37 W
TEMPERATURE IN F: :PCPN: SNOW: WIND :SUNSHINE: SKY :PK WND
================================================================================
1 2 3 4 5 6A 6B 7 8 9 10 11 12 13 14 15 16 17 18
12Z AVG MX 2MIN
DY MAX MIN AVG DEP HDD CDD WTR SNW DPTH SPD SPD DIR MIN PSBL S-S WX SPD DR
================================================================================
1 74 46 60 -3 5 0 0.00 M M 1.5 9 10 M M 4 12 13 360
2 77 48 63 1 2 0 0.00 M M 2.4 14 190 M M 4 12 18 200
3 83 57 70 8 0 5 0.00 M M 1.5 10 210 M M 5 12 15 190
4 87 61 74 12 0 9 0.00 M M 1.3 10 20 M M 4 12 13 20
5 88 62 75 13 0 10 0.00 M M 1.7 8 20 M M 5 12 11 50
6 89 64 77 16 0 12 0.00 M M 1.6 10 320 M M 5 12 14 320
7 89 65 77 16 0 12 0.44 M M 2.7 21 270 M M 5 123 38 280
8 83 65 74 13 0 9 1.13 M M 4.0 15 20 M M 5 13 18 200
9 75 61 68 8 0 3 0.01 M M 4.6 13 360 M M 6 16 360
10 73 61 67 7 0 2 0.17 M M 2.6 10 250 M M 8 13 17 260
11 71 61 66 6 0 1 0.01 M M 3.8 13 30 M M 10 1 14 20
12 79 58 69 10 0 4 0.00 M M 2.6 10 190 M M 5 1 13 180
13 70 55 63 4 2 0 0.45 M M 2.1 8 230 M M 9 12 10 250
14 69 51 60 2 5 0 0.00 M M 3.5 13 340 M M 9 12 17 210
15 68 49 59 1 6 0 0.00 M M 2.7 13 10 M M 2 17 360
16 69 49 59 1 6 0 0.00 M M 5.6 20 360 M M 0 28 360
17 74 45 60 3 5 0 0.00 M M 2.2 13 20 M M 0 1 15 30
18 60 55 58 1 7 0 0.36 M M 0.6 6 170 M M 10 1 7 180
19 61 58 60 3 5 0 0.22 M M 5.0 14 320 M M 10 1 22 340
20 67 42 55 -1 10 0 0.00 M M 3.8 16 360 M M 3 23 10
21 70 41 56 0 9 0 0.00 M M 2.2 10 10 M M 3 12 13 20
22 72 43 58 3 7 0 0.00 M M 0.8 8 210 M M 4 12 13 220
23 69 45 57 2 8 0 0.00 M M 1.4 7 200 M M 3 12 9 200
24 68 45 57 3 8 0 0.00 M M 0.9 6 200 M M 1 1 7 170
25 71 41 56 2 9 0 0.00 M M 2.6 10 40 M M 5 12 14 40
26 69 37 53 -1 12 0 0.00 M M 2.0 10 340 M M 2 12 15 340
27 71 37 54 1 11 0 0.00 M M 1.0 6 220 M M 4 12 9 320
28 72 44 58 5 7 0 0.00 M M 1.2 7 200 M M 4 12 9 200
29 63 42 53 1 12 0 0.00 M M 2.6 9 210 M M 6 1 13 220
30 76 46 61 9 4 0 0.00 M M 1.8 15 340 M M 4 12 20 340
================================================================================
SM 2207 1534 140 67 2.79 M 72.3 M 145
================================================================================
AV 73.6 51.1 2.4 FASTST M M 5 MAX(MPH)
MISC ----> 21 270 38 280
================================================================================
NOTES:
# LAST OF SEVERAL OCCURRENCES
COLUMN 17 PEAK WIND IN M.P.H.
PRELIMINARY LOCAL CLIMATOLOGICAL DATA (WS FORM: F-6) , PAGE 2
STATION: MORRISVILLE VT
MONTH: SEPTEMBER
YEAR: 2023
LATITUDE: 44 31 N
LONGITUDE: 72 37 W
[TEMPERATURE DATA] [PRECIPITATION DATA] SYMBOLS USED IN COLUMN 16
AVERAGE MONTHLY: 62.4 TOTAL FOR MONTH: 2.79 1 = FOG OR MIST
DPTR FM NORMAL: 4.6 DPTR FM NORMAL: -0.36 2 = FOG REDUCING VISIBILITY
HIGHEST: 89 ON 7, 6 GRTST 24HR 1.14 ON 8- 9 TO 1/4 MILE OR LESS
LOWEST: 37 ON 27,26 3 = THUNDER
SNOW, ICE PELLETS, HAIL 4 = ICE PELLETS
TOTAL MONTH: M 5 = HAIL
GRTST 24HR M ON M 6 = FREEZING RAIN OR DRIZZLE
GRTST DEPTH: M ON M 7 = DUSTSTORM OR SANDSTORM:
VSBY 1/2 MILE OR LESS
8 = SMOKE OR HAZE
[NO. OF DAYS WITH] [WEATHER - DAYS WITH] 9 = BLOWING SNOW
X = TORNADO
MAX 32 OR BELOW: 0 0.01 INCH OR MORE: 8
MAX 90 OR ABOVE: 0 0.10 INCH OR MORE: 6
MIN 32 OR BELOW: 0 0.50 INCH OR MORE: 1
MIN 0 OR BELOW: 0 1.00 INCH OR MORE: 1
[HDD (BASE 65) ]
TOTAL THIS MO. 140 CLEAR (SCALE 0-3) 6
DPTR FM NORMAL -101 PTCLDY (SCALE 4-7) 18
TOTAL FM JUL 1 196 CLOUDY (SCALE 8-10) 6
DPTR FM NORMAL -151
[CDD (BASE 65) ]
TOTAL THIS MO. 67
DPTR FM NORMAL 45 [PRESSURE DATA]
TOTAL FM JAN 1 365 HIGHEST SLP M ON M
DPTR FM NORMAL 120 LOWEST SLP 29.70 ON 19
[REMARKS]
#FINAL-09-23#