000
CXUS56 KOTX 011010
CF6MWH
PRELIMINARY LOCAL CLIMATOLOGICAL DATA (WS FORM: F-6)
STATION: MOSES LAKE WA AIRPORT
MONTH: JANUARY
YEAR: 2023
LATITUDE: 47 12 N
LONGITUDE: 119 19 W
TEMPERATURE IN F: :PCPN: SNOW: WIND :SUNSHINE: SKY :PK WND
================================================================================
1 2 3 4 5 6A 6B 7 8 9 10 11 12 13 14 15 16 17 18
12Z AVG MX 2MIN
DY MAX MIN AVG DEP HDD CDD WTR SNW DPTH SPD SPD DIR MIN PSBL S-S WX SPD DR
================================================================================
1 32 28 30 1 35 0 0.00 M M 7.0 15 340 M M 10 1 17 340
2 33 24 29 0 36 0 T M M 6.5 16 10 M M 10 1 18 10
3 33 25 29 0 36 0 0.00 M M 3.4 9 340 M M 9 1 10 350
4 37 27 32 3 33 0 T M M 8.1 13 360 M M 9 16 20
5 40 26 33 4 32 0 0.00 M M 7.0 15 10 M M 6 17 20
6 34 19 27 -2 38 0 T M M 5.4 10 330 M M 6 12 13 320
7 39 32 36 7 29 0 0.07 M M 4.7 10 360 M M 10 1 12 180
8 38 26 32 3 33 0 0.17 M M 4.5 10 40 M M 8 12 11 50
9 36 25 31 2 34 0 0.04 M M 7.2 14 360 M M 7 12 16 10
10 39 25 32 3 33 0 0.00 M M 9.0 18 360 M M 2 12 21 360
11 37 30 34 5 31 0 T M M 5.3 15 10 M M 9 18 360
12 38 34 36 6 29 0 0.50 M M 5.1 10 350 M M 10 1 12 350
13 42 32 37 7 28 0 0.06 M M 3.4 9 40 M M 9 12 10 340
14 46 31 39 9 26 0 0.06 M M 6.7 15 360 M M 9 12 18 350
15 43 33 38 8 27 0 0.03 M M 3.4 10 360 M M 9 12 12 180
16 42 31 37 7 28 0 0.00 M M 1.5 7 240 M M 7 12 8 240
17 36 31 34 4 31 0 0.00 M M 2.4 7 160 M M 10 12 8 170
18 37 32 35 5 30 0 0.04 M M 4.8 13 250 M M 10 12 15 250
19 46 26 36 6 29 0 0.00 M M 3.8 12 340 M M 0 15 320
20 37 22 30 0 35 0 0.00 M M 6.4 12 340 M M 0 13 350
21 34 23 29 -1 36 0 0.03 M M 4.7 10 230 M M 5 18 12 50
22 40 24 32 1 33 0 0.00 M M 2.4 9 330 M M 5 1 10 50
23 36 23 30 -1 35 0 0.00 M M 4.8 13 350 M M 4 14 350
24 35 20 28 -3 37 0 T M M 2.7 8 350 M M 5 12 11 20
25 39 24 32 1 33 0 0.00 M M 2.4 8 340 M M 2 1 9 350
26 34 24 29 -2 36 0 0.00 M M 3.3 9 10 M M 7 12 10 10
27 52 30 41 10 24 0 0.00 M M 4.6 15 10 M M 4 12 17 10
28 40 22 31 -1 34 0 0.00 M M 15.0 26 50 M M 5 34 60
29 30 12 21 -11 44 0 0.00 M M 6.8 17 70 M M 4 22 50
30 29 8 19 -13 46 0 0.00 M M 5.5 15 160 M M 1 17 170
31 27 20 24 -8 41 0 0.02 M M 2.2 8 80 M M 6 1 9 80
================================================================================
SM 1161 789 1032 0 1.02 M 160.0 M 198
================================================================================
AV 37.5 25.5 5.2 FASTST M M 6 MAX(MPH)
MISC ----> 26 50 34 60
================================================================================
NOTES:
# LAST OF SEVERAL OCCURRENCES
COLUMN 17 PEAK WIND IN M.P.H.
PRELIMINARY LOCAL CLIMATOLOGICAL DATA (WS FORM: F-6) , PAGE 2
STATION: MOSES LAKE WA AIRPORT
MONTH: JANUARY
YEAR: 2023
LATITUDE: 47 12 N
LONGITUDE: 119 19 W
[TEMPERATURE DATA] [PRECIPITATION DATA] SYMBOLS USED IN COLUMN 16
AVERAGE MONTHLY: 31.5 TOTAL FOR MONTH: 1.02 1 = FOG OR MIST
DPTR FM NORMAL: 1.4 DPTR FM NORMAL: 0.00 2 = FOG REDUCING VISIBILITY
HIGHEST: 52 ON 27 GRTST 24HR 0.50 ON 12-12 TO 1/4 MILE OR LESS
LOWEST: 8 ON 30 3 = THUNDER
SNOW, ICE PELLETS, HAIL 4 = ICE PELLETS
TOTAL MONTH: M 5 = HAIL
GRTST 24HR M ON M 6 = FREEZING RAIN OR DRIZZLE
GRTST DEPTH: M ON M 7 = DUSTSTORM OR SANDSTORM:
VSBY 1/2 MILE OR LESS
8 = SMOKE OR HAZE
[NO. OF DAYS WITH] [WEATHER - DAYS WITH] 9 = BLOWING SNOW
X = TORNADO
MAX 32 OR BELOW: 4 0.01 INCH OR MORE: 10
MAX 90 OR ABOVE: 0 0.10 INCH OR MORE: 2
MIN 32 OR BELOW: 29 0.50 INCH OR MORE: 1
MIN 0 OR BELOW: 0 1.00 INCH OR MORE: 0
[HDD (BASE 65) ]
TOTAL THIS MO. 1032 CLEAR (SCALE 0-3) 5
DPTR FM NORMAL -50 PTCLDY (SCALE 4-7) 13
TOTAL FM JUL 1 3441 CLOUDY (SCALE 8-10) 13
DPTR FM NORMAL -157
[CDD (BASE 65) ]
TOTAL THIS MO. 0
DPTR FM NORMAL 0 [PRESSURE DATA]
TOTAL FM JAN 1 0 HIGHEST SLP M ON M
DPTR FM NORMAL 0 LOWEST SLP 29.40 ON 15
[REMARKS]
#FINAL-01-23#