000
CXUS54 KFWD 010732
CF6MWL
PRELIMINARY LOCAL CLIMATOLOGICAL DATA (WS FORM: F-6)
STATION: MINERAL WELLS
MONTH: JULY
YEAR: 2021
LATITUDE: 32 46 N
LONGITUDE: 98 4 W
TEMPERATURE IN F: :PCPN: SNOW: WIND :SUNSHINE: SKY :PK WND
================================================================================
1 2 3 4 5 6A 6B 7 8 9 10 11 12 13 14 15 16 17 18
12Z AVG MX 2MIN
DY MAX MIN AVG DEP HDD CDD WTR SNW DPTH SPD SPD DIR MIN PSBL S-S WX SPD DR
================================================================================
1 93 72 83 1 0 18 0.00 M M 5.6 23 30 M M 1 32 20
2 92 74 83 1 0 18 0.00 M M 5.9 15 50 M M 5 19 60
3 81 72 77 -5 0 12 1.73 M M 6.3 18 190 M M 7 13 24 190
4 86 70 78 -4 0 13 0.00 M M 5.7 14 100 M M 5 1 19 120
5 87 71 79 -4 0 14 0.01 M M 7.0 20 150 M M 5 3 29 140
6 89 71 80 -3 0 15 0.00 M M 5.5 12 120 M M 5 15 130
7 90 71 81 -2 0 16 T M M 3.0 9 300 M M 1 15 150
8 91 71 81 -2 0 16 0.00 M M 5.3 13 130 M M 0 19 150
9 86 72 79 -4 0 14 T M M 8.5 26 140 M M 7 34 160
10 91 72 82 -1 0 17 T M M 9.1 22 210 M M 5 29 210
11 89 67 78 -5 0 13 0.66 M M 7.2 39 180 M M 0 1 55 180
12 90 69 80 -3 0 15 0.00 M M 6.0 21 220 M M 1 3 27 220
13 92 67 80 -4 0 15 0.00 M M 7.4 13 150 M M 0 21 160
14 90 67 79 -5 0 14 0.00 M M 10.1 22 150 M M 1 34 160
15 91 70 81 -3 0 16 0.00 M M 10.3 18 180 M M 2 26 140
16 90 73 82 -2 0 17 0.00 M M 8.1 14 180 M M 1 20 170
17 92 73 83 -1 0 18 0.00 M M 8.1 14 140 M M 3 23 180
18 92 73 83 -1 0 18 T M M 5.5 23 170 M M 1 3 30 160
19 90 72 81 -3 0 16 0.54 M M 6.5 18 30 M M 4 13 26 30
20 89 69 79 -5 0 14 0.00 M M 6.4 15 20 M M 1 20 40
21 90 68 79 -5 0 14 0.00 M M 4.3 12 110 M M 0 16 50
22 90 68 79 -5 0 14 0.00 M M 6.4 15 130 M M 0 19 130
23 93 71 82 -2 0 17 0.00 M M 9.4 17 170 M M 2 26 160
24 96 73 85 0 0 20 0.00 M M 8.7 15 160 M M 0 23 150
25 98 71 85 0 0 20 0.00 M M 7.1 13 200 M M 0 16 200
26 98 71 85 0 0 20 0.00 M M 5.2 10 150 M M 0 13 160
27 99 75 87 2 0 22 T M M 6.0 16 30 M M 0 22 30
28 96 75 86 1 0 21 T M M 7.2 15 80 M M 0 3 19 80
29 96 74 85 0 0 20 0.00 M M 5.2 14 120 M M 0 18 130
30 96 74 85 0 0 20 0.00 M M 5.0 10 150 M M 0 16 140
31 97 74 86 1 0 21 0.00 M M 5.8 12 140 M M 0 17 180
================================================================================
SM 2840 2210 0 518 2.94 M 207.8 M 57
================================================================================
AV 91.6 71.3 6.7 FASTST M M 2 MAX(MPH)
MISC ----> 39 180 55 180
================================================================================
NOTES:
# LAST OF SEVERAL OCCURRENCES
COLUMN 17 PEAK WIND IN M.P.H.
PRELIMINARY LOCAL CLIMATOLOGICAL DATA (WS FORM: F-6) , PAGE 2
STATION: MINERAL WELLS
MONTH: JULY
YEAR: 2021
LATITUDE: 32 46 N
LONGITUDE: 98 4 W
[TEMPERATURE DATA] [PRECIPITATION DATA] SYMBOLS USED IN COLUMN 16
AVERAGE MONTHLY: 81.5 TOTAL FOR MONTH: 2.94 1 = FOG OR MIST
DPTR FM NORMAL: -2.3 DPTR FM NORMAL: 0.81 2 = FOG REDUCING VISIBILITY
HIGHEST: 99 ON 27 GRTST 24HR 1.73 ON 3- 3 TO 1/4 MILE OR LESS
LOWEST: 67 ON 14,13 3 = THUNDER
SNOW, ICE PELLETS, HAIL 4 = ICE PELLETS
TOTAL MONTH: M 5 = HAIL
GRTST 24HR M ON M 6 = FREEZING RAIN OR DRIZZLE
GRTST DEPTH: M ON M 7 = DUSTSTORM OR SANDSTORM:
VSBY 1/2 MILE OR LESS
8 = SMOKE OR HAZE
[NO. OF DAYS WITH] [WEATHER - DAYS WITH] 9 = BLOWING SNOW
X = TORNADO
MAX 32 OR BELOW: 0 0.01 INCH OR MORE: 4
MAX 90 OR ABOVE: 24 0.10 INCH OR MORE: 3
MIN 32 OR BELOW: 0 0.50 INCH OR MORE: 3
MIN 0 OR BELOW: 0 1.00 INCH OR MORE: 1
[HDD (BASE 65) ]
TOTAL THIS MO. 0 CLEAR (SCALE 0-3) 23
DPTR FM NORMAL 0 PTCLDY (SCALE 4-7) 8
TOTAL FM JUL 1 0 CLOUDY (SCALE 8-10) 0
DPTR FM NORMAL 0
[CDD (BASE 65) ]
TOTAL THIS MO. 518
DPTR FM NORMAL -63 [PRESSURE DATA]
TOTAL FM JAN 1 1219 HIGHEST SLP M ON M
DPTR FM NORMAL -205 LOWEST SLP 29.76 ON 11
[REMARKS]
#FINAL-07-21#