000
CXUS54 KLZK 011130
CF6MWT
PRELIMINARY LOCAL CLIMATOLOGICAL DATA (WS FORM: F-6)
STATION: Mount Ida
MONTH: MARCH
YEAR: 2020
LATITUDE: 34 32 N
LONGITUDE: 93 35 W
TEMPERATURE IN F: :PCPN: SNOW: WIND :SUNSHINE: SKY :PK WND
================================================================================
1 2 3 4 5 6A 6B 7 8 9 10 11 12 13 14 15 16 17 18
12Z AVG MX 2MIN
DY MAX MIN AVG DEP HDD CDD WTR SNW DPTH SPD SPD DIR MIN PSBL S-S WX SPD DR
================================================================================
1 68 56 62 14 3 0 T 0.0 0 6.8 15 190 M M 7 28 210
2 74 63 69 20 0 4 0.00 0.0 0 4.6 12 200 M M 6 19 200
3 66 46 56 7 9 0 0.02 M 0 1.6 8 320 M M 3 1 12 330
4 62 49 56 7 9 0 0.02 M 0 0.6 7 80 M M 6 1 11 100
5 72 41 57 7 8 0 0.00 0.0 0 3.7 14 350 M M 0 8 22 350
6 66 36 51 1 14 0 0.00 0.0 0 3.3 12 340 M M 0 18 310
7 63 29 46 -4 19 0 0.00 0.0 0 2.0 12 140 M M 0 8 16 140
8 68 39 54 4 11 0 0.00 0.0 0 4.2 13 170 M M 1 22 170
9 65 57 61 10 4 0 0.24 0.0 0 6.1 13 170 M M 7 1 22 150
10 72 47 60 9 5 0 0.14 0.0 0 1.8 10 340 M M 4 1 17 340
11 67 46 57 6 8 0 0.01 0.0 0 1.1 10 250 M M 6 12 20 260
12 77 56 67 16 0 2 1.29 0.0 0 3.4 15 270 M M 7 12 24 320
13 62 44 53 1 12 0 0.59 0.0 0 2.0 10 100 M M 9 1 17 110
14 51 45 48 -4 17 0 1.29 0.0 0 1.4 7 50 M M 10 1 12 80
15 50 45 48 -4 17 0 0.10 M 0 3.0 9 70 M M 10 1 16 40
16 50 43 47 -5 18 0 0.66 M 0 2.3 17 130 M M 10 1 25 140
17 57 49 53 0 12 0 0.08 M 0 1.2 8 100 M M 10 12 14 80
18 73 52 63 10 2 0 1.40 0.0 0 3.3 10 220 M M 8 1 18 170
19 77 64 71 18 0 6 0.27 0.0 0 6.3 21 300 M M 7 1 39 320
20 68 46 57 3 8 0 0.00 0.0 0 4.6 14 340 M M 5 21 340
21 57 43 50 -4 15 0 0.00 0.0 0 4.0 14 140 M M 6 19 140
22 53 45 49 -5 16 0 0.29 0.0 0 1.6 7 120 M M 9 1 11 70
23 60 51 56 2 9 0 0.02 0.0 0 1.2 8 130 M M 10 1 13 150
24 82 56 69 15 0 4 0.25 0.0 0 4.0 12 280 M M 6 1 21 230
25 73 49 61 6 4 0 T M 0 2.3 10 150 M M 3 1 16 150
26 87 52 70 15 0 5 T 0.0 0 4.0 14 260 M M 0 1 25 210
27 80 71 76 21 0 11 0.00 0.0 0 4.5 13 200 M M 2 21 220
28 78 54 66 11 0 1 0.51 0.0 0 4.4 14 230 M M 4 1 27 240
29 74 45 60 4 5 0 0.00 0.0 0 1.9 9 340 M M 0 13 340
30 60 51 56 0 9 0 1.74 0.0 0 2.7 12 130 M M 8 1 18 80
31 68 47 58 2 7 0 0.06 M 0 2.3 9 340 M M 6 1 17 310
================================================================================
SM 2080 1517 241 33 8.98 0.0 96.2 M 170
================================================================================
AV 67.1 48.9 3.1 FASTST M M 5 MAX(MPH)
MISC ----> # 21 300 # 39 320
================================================================================
NOTES:
# LAST OF SEVERAL OCCURRENCES
COLUMN 17 PEAK WIND IN M.P.H.
PRELIMINARY LOCAL CLIMATOLOGICAL DATA (WS FORM: F-6) , PAGE 2
STATION: Mount Ida
MONTH: MARCH
YEAR: 2020
LATITUDE: 34 32 N
LONGITUDE: 93 35 W
[TEMPERATURE DATA] [PRECIPITATION DATA] SYMBOLS USED IN COLUMN 16
AVERAGE MONTHLY: 58.0 TOTAL FOR MONTH: 8.98 1 = FOG OR MIST
DPTR FM NORMAL: 5.6 DPTR FM NORMAL: 3.95 2 = FOG REDUCING VISIBILITY
HIGHEST: 87 ON 26 GRTST 24HR 1.74 ON 30-30 TO 1/4 MILE OR LESS
LOWEST: 29 ON 7 3 = THUNDER
SNOW, ICE PELLETS, HAIL 4 = ICE PELLETS
TOTAL MONTH: 0.0 INCH 5 = HAIL
GRTST 24HR 0.0 6 = FREEZING RAIN OR DRIZZLE
GRTST DEPTH: 0 7 = DUSTSTORM OR SANDSTORM:
VSBY 1/2 MILE OR LESS
8 = SMOKE OR HAZE
[NO. OF DAYS WITH] [WEATHER - DAYS WITH] 9 = BLOWING SNOW
X = TORNADO
MAX 32 OR BELOW: 0 0.01 INCH OR MORE: 19
MAX 90 OR ABOVE: 0 0.10 INCH OR MORE: 13
MIN 32 OR BELOW: 1 0.50 INCH OR MORE: 7
MIN 0 OR BELOW: 0 1.00 INCH OR MORE: 4
[HDD (BASE 65) ]
TOTAL THIS MO. 241 CLEAR (SCALE 0-3) 9
DPTR FM NORMAL -162 PTCLDY (SCALE 4-7) 14
TOTAL FM JUL 1 2664 CLOUDY (SCALE 8-10) 8
DPTR FM NORMAL -410
[CDD (BASE 65) ]
TOTAL THIS MO. 33
DPTR FM NORMAL 22 [PRESSURE DATA]
TOTAL FM JAN 1 33 HIGHEST SLP 30.53 ON 7
DPTR FM NORMAL 19 LOWEST SLP 29.61 ON 28
[REMARKS]
ALL SNOWFALL DATA IS FROM THE MT IDA 4 S COOPERATIVE OBSERVER SITE
#FINAL-03-20#