000
CXUS56 KSGX 011145
CF6MYF
PRELIMINARY LOCAL CLIMATOLOGICAL DATA (WS FORM: F-6)
STATION: SAN DIEGO/MONTGOMERY FLD CA
MONTH: FEBRUARY
YEAR: 2021
LATITUDE: 32 49 N
LONGITUDE: 117 9 W
TEMPERATURE IN F: :PCPN: SNOW: WIND :SUNSHINE: SKY :PK WND
================================================================================
1 2 3 4 5 6A 6B 7 8 9 10 11 12 13 14 15 16 17 18
12Z AVG MX 2MIN
DY MAX MIN AVG DEP HDD CDD WTR SNW DPTH SPD SPD DIR MIN PSBL S-S WX SPD DR
================================================================================
1 70 54 62 7 3 0 T M M 4.7 10 340 M M 3 13 330
2 67 54 61 6 4 0 0.00 M M 6.1 15 330 M M 6 1 18 330
3 66 50 58 3 7 0 0.00 M M 2.8 15 280 M M 6 128 18 270
4 63 51 57 2 8 0 0.00 M M 4.7 10 210 M M 5 15 190
5 69 45 57 2 8 0 0.00 M M 4.2 13 320 M M 0 12 16 320
6 76 43 60 5 5 0 0.00 M M 2.0 10 280 M M 2 128 12 270
7 70 44 57 1 8 0 0.00 M M 2.5 12 240 M M 3 128 13 240
8 61 50 56 0 9 0 0.00 M M 3.1 12 260 M M 6 18 15 260
9 60 51 56 0 9 0 0.00 M M 4.8 13 270 M M 9 8 16 270
10 61 48 55 -1 10 0 0.00 M M 4.2 14 270 M M 6 17 290
11 69 45 57 1 8 0 0.00 M M 4.0 17 300 M M 3 18 21 260
12 62 47 55 -1 10 0 0.02 M M 6.6 23 290 M M 6 18 28 280
13 60 47 54 -2 11 0 T M M 5.9 15 250 M M 5 19 240
14 65 46 56 0 9 0 0.00 M M 4.6 17 300 M M 2 1 20 300
15 62 44 53 -3 12 0 0.00 M M 5.5 13 250 M M 4 18 190
16 61 49 55 -1 10 0 0.10 M M 5.7 13 270 M M 7 18 18 260
17 64 45 55 -1 10 0 0.00 M M 4.6 15 290 M M 3 19 300
18 70 45 58 2 7 0 0.00 M M 6.9 17 290 M M 0 23 20
19 70 43 57 1 8 0 0.00 M M 3.5 12 300 M M 0 20 290
20 66 43 55 -1 10 0 0.00 M M 4.2 16 290 M M 1 20 290
21 77 43 60 4 5 0 0.00 M M 7.0 17 300 M M 0 22 310
22 82 44 63 6 2 0 0.00 M M 4.1 17 320 M M 0 20 330
23 77 46 62 5 3 0 0.00 M M 2.9 12 260 M M 0 14 260
24 72 45 59 2 6 0 0.00 M M 4.7 13 210 M M 1 1 17 210
25 74 45 60 3 5 0 0.00 M M 4.8 15 320 M M 1 12 18 240
26 75 44 60 3 5 0 0.00 M M 3.8 15 290 M M 0 18 300
27 66 44 55 -2 10 0 0.00 M M 4.0 12 280 M M 3 18 16 220
28 75 44 60 3 5 0 0.00 M M 4.6 16 20 M M 0 21 230
================================================================================
SM 1910 1299 207 0 0.12 M 126.5 M 82
================================================================================
AV 68.2 46.4 4.5 FASTST M M 3 MAX(MPH)
MISC ----> 23 290 28 280
================================================================================
NOTES:
# LAST OF SEVERAL OCCURRENCES
COLUMN 17 PEAK WIND IN M.P.H.
PRELIMINARY LOCAL CLIMATOLOGICAL DATA (WS FORM: F-6) , PAGE 2
STATION: SAN DIEGO/MONTGOMERY FLD CA
MONTH: FEBRUARY
YEAR: 2021
LATITUDE: 32 49 N
LONGITUDE: 117 9 W
[TEMPERATURE DATA] [PRECIPITATION DATA] SYMBOLS USED IN COLUMN 16
AVERAGE MONTHLY: 57.3 TOTAL FOR MONTH: 0.12 1 = FOG OR MIST
DPTR FM NORMAL: 1.3 DPTR FM NORMAL: -2.19 2 = FOG REDUCING VISIBILITY
HIGHEST: 82 ON 22 GRTST 24HR 0.10 ON 16-16 TO 1/4 MILE OR LESS
LOWEST: 43 ON 21,20 3 = THUNDER
SNOW, ICE PELLETS, HAIL 4 = ICE PELLETS
TOTAL MONTH: M 5 = HAIL
GRTST 24HR M ON M 6 = FREEZING RAIN OR DRIZZLE
GRTST DEPTH: M ON M 7 = DUSTSTORM OR SANDSTORM:
VSBY 1/2 MILE OR LESS
8 = SMOKE OR HAZE
[NO. OF DAYS WITH] [WEATHER - DAYS WITH] 9 = BLOWING SNOW
X = TORNADO
MAX 32 OR BELOW: 0 0.01 INCH OR MORE: 2
MAX 90 OR ABOVE: 0 0.10 INCH OR MORE: 1
MIN 32 OR BELOW: 0 0.50 INCH OR MORE: 0
MIN 0 OR BELOW: 0 1.00 INCH OR MORE: 0
[HDD (BASE 65) ]
TOTAL THIS MO. 207 CLEAR (SCALE 0-3) 16
DPTR FM NORMAL -46 PTCLDY (SCALE 4-7) 11
TOTAL FM JUL 1 839 CLOUDY (SCALE 8-10) 1
DPTR FM NORMAL -230
[CDD (BASE 65) ]
TOTAL THIS MO. 0
DPTR FM NORMAL -2 [PRESSURE DATA]
TOTAL FM JAN 1 13 HIGHEST SLP 30.32 ON 18
DPTR FM NORMAL 11 LOWEST SLP 29.85 ON 14
[REMARKS]
#FINAL-02-21#