000
CXHW50 PHFO 011250
CF6NGF
PRELIMINARY LOCAL CLIMATOLOGICAL DATA (WS FORM: F-6)
STATION: KANEOHE BAY MCAS HI
MONTH: NOVEMBER
YEAR: 2021
LATITUDE: 21 25 N
LONGITUDE: 157 46 W
TEMPERATURE IN F: :PCPN: SNOW: WIND :SUNSHINE: SKY :PK WND
================================================================================
1 2 3 4 5 6A 6B 7 8 9 10 11 12 13 14 15 16 17 18
12Z AVG MX 2MIN
DY MAX MIN AVG DEP HDD CDD WTR SNW DPTH SPD SPD DIR MIN PSBL S-S WX SPD DR
================================================================================
1 82 71 77 -1 0 12 0.00 M M 3.6 9 50 M M 3 M M
2 81 72 77 -1 0 12 0.12 M M 5.2 9 10 M M 6 1 M M
3 81 77 79 1 0 14 0.05 M M 5.8 11 50 M M 5 M M
4 79 73 76 -2 0 11 0.05 M M 8.3 12 60 M M 5 1 19 70
5 80 74 77 -1 0 12 T M M 9.8 13 80 M M 7 1 22 0
6 79 74 77 -1 0 12 0.01 M M 9.8 12 60 M M 5 20 70
7 75 73 74 -4 0 9 0.02 M M 9.1 14 60 M M 6 19 60
8 80 72 76 -1 0 11 0.01 M M 7.8 13 60 M M 5 18 80
9 82 74 78 1 0 13 T M M 4.6 9 70 M M 7 M M
10 82 73 78 1 0 13 0.00 M M 3.8 9 40 M M 2 M M
11 82 75 79 2 0 14 0.00 M M 6.6 10 120 M M 3 15 120
12 82 72 77 0 0 12 0.00 M M 5.1 10 80 M M 2 15 90
13 84 77 81 4 0 16 0.00 M M 3.5 12 340 M M 1 M M
14 81 77 79 2 0 14 0.02 M M 3.3 11 170 M M 5 M M
15 79 74 77 0 0 12 0.05 M M 3.1 10 360 M M 7 1 M M
16 81 73 77 0 0 12 0.18 M M 2.2 6 40 M M 9 M M
17 81 76 79 2 0 14 T M M 3.3 8 40 M M 4 M M
18 81 73 77 0 0 12 T M M 4.2 10 50 M M 7 M M
19 81 75 78 1 0 13 0.01 M M 5.0 10 60 M M 7 M M
20 81 75 78 2 0 13 0.00 M M 6.3 10 80 M M 6 15 140
21 77 75 76 0 0 11 0.00 M M 6.3 10 70 M M 4 14 90
22 79 74 77 1 0 12 0.03 M M 9.0 12 80 M M 9 1 21 90
23 82 75 79 3 0 14 0.00 M M 5.6 10 90 M M 6 15 80
24 81 72 77 1 0 12 0.00 M M 5.7 10 60 M M 5 M M
25 83 75 79 3 0 14 0.01 M M 8.5 13 60 M M 6 19 90
26 81 74 78 2 0 13 T M M 8.1 11 80 M M 3 M M
27 79 72 76 0 0 11 0.20 M M 6.9 11 40 M M 6 1 14 350
28 80 74 77 1 0 12 0.03 M M 11.5 19 60 M M 5 25 60
29 81 73 77 1 0 12 0.06 M M 14.7 22 40 M M 4 1 28 40
30 82 73 78 2 0 13 0.08 M M 9.9 15 90 M M 5 24 90
================================================================================
SM 2419 2217 0 375 0.93 M 196.6 M 155
================================================================================
AV 80.6 73.9 6.6 FASTST M M 5 MAX(MPH)
MISC ----> 22 40 28 40
================================================================================
NOTES:
# LAST OF SEVERAL OCCURRENCES
COLUMN 17 PEAK WIND IN M.P.H.
PRELIMINARY LOCAL CLIMATOLOGICAL DATA (WS FORM: F-6) , PAGE 2
STATION: KANEOHE BAY MCAS HI
MONTH: NOVEMBER
YEAR: 2021
LATITUDE: 21 25 N
LONGITUDE: 157 46 W
[TEMPERATURE DATA] [PRECIPITATION DATA] SYMBOLS USED IN COLUMN 16
AVERAGE MONTHLY: 77.3 TOTAL FOR MONTH: 0.93 1 = FOG OR MIST
DPTR FM NORMAL: 0.4 DPTR FM NORMAL: -2.75 2 = FOG REDUCING VISIBILITY
HIGHEST: 84 ON 13 GRTST 24HR 0.20 ON 27-27 TO 1/4 MILE OR LESS
LOWEST: 71 ON 1 3 = THUNDER
SNOW, ICE PELLETS, HAIL 4 = ICE PELLETS
TOTAL MONTH: M 5 = HAIL
GRTST 24HR M ON M 6 = FREEZING RAIN OR DRIZZLE
GRTST DEPTH: M ON M 7 = DUSTSTORM OR SANDSTORM:
VSBY 1/2 MILE OR LESS
8 = SMOKE OR HAZE
[NO. OF DAYS WITH] [WEATHER - DAYS WITH] 9 = BLOWING SNOW
X = TORNADO
MAX 32 OR BELOW: 0 0.01 INCH OR MORE: 16
MAX 90 OR ABOVE: 0 0.10 INCH OR MORE: 3
MIN 32 OR BELOW: 0 0.50 INCH OR MORE: 0
MIN 0 OR BELOW: 0 1.00 INCH OR MORE: 0
[HDD (BASE 65) ]
TOTAL THIS MO. 0 CLEAR (SCALE 0-3) 4
DPTR FM NORMAL 0 PTCLDY (SCALE 4-7) 24
TOTAL FM JUL 1 0 CLOUDY (SCALE 8-10) 2
DPTR FM NORMAL 0
[CDD (BASE 65) ]
TOTAL THIS MO. 375
DPTR FM NORMAL 19 [PRESSURE DATA]
TOTAL FM JAN 1 3831 HIGHEST SLP M ON M
DPTR FM NORMAL -114 LOWEST SLP 29.85 ON 13
[REMARKS]
#FINAL-11-21#