000
CXUS51 KOKX 011010
CF6NYC
PRELIMINARY LOCAL CLIMATOLOGICAL DATA (WS FORM: F-6)
STATION: CENTRAL PARK NY
MONTH: FEBRUARY
YEAR: 2024
LATITUDE: 40 46 N
LONGITUDE: 73 58 W
TEMPERATURE IN F: :PCPN: SNOW: WIND :SUNSHINE: SKY :PK WND
================================================================================
1 2 3 4 5 6A 6B 7 8 9 10 11 12 13 14 15 16 17 18
12Z AVG MX 2MIN
DY MAX MIN AVG DEP HDD CDD WTR SNW DPTH SPD SPD DIR MIN PSBL S-S WX SPD DR
================================================================================
1 46 37 42 8 23 0 0.00 0.0 0 3.9 12 250 M M 8 8 19 220
2 46 38 42 8 23 0 0.32 0.0 0 5.8 13 360 M M 9 18 25 360
3 43 32 38 4 27 0 0.00 0.0 0 8.2 15 10 M M 2 24 10
4 46 31 39 5 26 0 0.00 0.0 0 5.1 14 20 M M 0 20 20
5 45 32 39 5 26 0 0.00 0.0 0 7.4 17 40 M M 0 35 40
6 42 29 36 2 29 0 0.00 0.0 0 6.6 15 40 M M 0 23 30
7 48 33 41 7 24 0 0.00 0.0 0 4.2 9 60 M M 0 14 50
8 53 37 45 10 20 0 0.00 0.0 0 3.2 9 180 M M 0 15 170
9 55 43 49 14 16 0 0.00 0.0 0 4.3 10 140 M M 1 22 170
10 60 47 54 19 11 0 0.00 0.0 0 3.1 10 220 M M 2 17 220
11 56 43 50 15 15 0 0.00 0.0 0 5.7 13 310 M M 2 22 290
12 48 37 43 8 22 0 T 0.0 0 4.3 14 60 M M 4 21 60
13 41 33 37 2 28 0 0.77 3.2 1 8.5 17 70 M M 8 12 27 40
14 38 29 34 -2 31 0 T T 2 11.5 22 300 M M 1 37 300
15 39 27 33 -3 32 0 0.00 0.0 T 6.0 13 310 M M 2 25 320
16 43 36 40 4 25 0 0.00 0.0 0 8.2 20 310 M M 2 34 320
17 36 27 32 -4 33 0 0.18 2.0 2 7.6 15 310 M M 8 18 29 310
18 40 26 33 -3 32 0 0.00 0.0 T 7.1 18 240 M M 0 33 270
19 41 31 36 -1 29 0 0.00 0.0 0 4.9 15 300 M M 0 24 300
20 40 26 33 -4 32 0 0.00 0.0 0 5.4 15 40 M M 0 23 20
21 43 30 37 0 28 0 0.00 0.0 0 4.7 12 130 M M 7 18 120
22 45 35 40 3 25 0 0.04 0.0 0 3.8 13 130 M M 6 1 20 180
23 47 42 45 8 20 0 0.04 0.0 0 2.8 9 300 M M 7 18 15 290
24 44 28 36 -2 29 0 0.00 0.0 0 6.5 16 300 M M 2 23 300
25 41 23 32 -6 33 0 0.00 0.0 0 4.3 13 220 M M 0 21 190
26 55 35 45 7 20 0 0.01 0.0 0 4.4 13 220 M M 3 23 210
27 55 40 48 10 17 0 0.52 0.0 0 4.8 12 140 M M 5 18 20 200
28 62 44 53 15 12 0 0.17 0.0 0 7.7 28 280 M M 10 18 49 290
29 43 31 37 -2 28 0 0.00 0.0 0 10.0 24 310 M M 3 42 320
================================================================================
SM 1341 982 716 0 2.05 5.2 170.0 M 92
================================================================================
AV 46.2 33.9 5.9 FASTST M M 3 MAX(MPH)
MISC ----> 28 280 49 290
================================================================================
NOTES:
# LAST OF SEVERAL OCCURRENCES
COLUMN 17 PEAK WIND IN M.P.H.
PRELIMINARY LOCAL CLIMATOLOGICAL DATA (WS FORM: F-6) , PAGE 2
STATION: CENTRAL PARK NY
MONTH: FEBRUARY
YEAR: 2024
LATITUDE: 40 46 N
LONGITUDE: 73 58 W
[TEMPERATURE DATA] [PRECIPITATION DATA] SYMBOLS USED IN COLUMN 16
AVERAGE MONTHLY: 40.1 TOTAL FOR MONTH: 2.05 1 = FOG OR MIST
DPTR FM NORMAL: 4.2 DPTR FM NORMAL: -1.14 2 = FOG REDUCING VISIBILITY
HIGHEST: 62 ON 28 GRTST 24HR 0.77 ON 12-13 TO 1/4 MILE OR LESS
LOWEST: 23 ON 25 3 = THUNDER
SNOW, ICE PELLETS, HAIL 4 = ICE PELLETS
TOTAL MONTH: 5.2 INCHES 5 = HAIL
GRTST 24HR 3.2 ON 13-13 6 = FREEZING RAIN OR DRIZZLE
GRTST DEPTH: 2 ON 17,14 7 = DUSTSTORM OR SANDSTORM:
VSBY 1/2 MILE OR LESS
8 = SMOKE OR HAZE
[NO. OF DAYS WITH] [WEATHER - DAYS WITH] 9 = BLOWING SNOW
X = TORNADO
MAX 32 OR BELOW: 0 0.01 INCH OR MORE: 8
MAX 90 OR ABOVE: 0 0.10 INCH OR MORE: 5
MIN 32 OR BELOW: 14 0.50 INCH OR MORE: 2
MIN 0 OR BELOW: 0 1.00 INCH OR MORE: 0
[HDD (BASE 65) ]
TOTAL THIS MO. 716 CLEAR (SCALE 0-3) 18
DPTR FM NORMAL -100 PTCLDY (SCALE 4-7) 8
TOTAL FM JUL 1 2961 CLOUDY (SCALE 8-10) 3
DPTR FM NORMAL -465
[CDD (BASE 65) ]
TOTAL THIS MO. 0
DPTR FM NORMAL 0 [PRESSURE DATA]
TOTAL FM JAN 1 0 HIGHEST SLP M ON M
DPTR FM NORMAL 0 LOWEST SLP 29.44 ON 13
[REMARKS]
#FINAL-02-24#