000
CXUS53 KGID 010959
CLMODX
CLIMATE REPORT
NATIONAL WEATHER SERVICE HASTINGS NE
459 AM CDT SAT APR 01 2023
...................................
...THE ORD NE CLIMATE SUMMARY FOR THE MONTH OF MARCH 2023...
CLIMATE NORMAL PERIOD 1991 TO 2020
CLIMATE RECORD PERIOD 1895 TO 2023
WEATHER OBSERVED NORMAL DEPART LAST YEAR`S
VALUE DATE(S) VALUE FROM VALUE DATE(S)
NORMAL
................................................................
TEMPERATURE (F)
HIGHEST 70 03/15 MM MM 78 03/20
LOWEST 11 03/18 MM MM -3 03/12
AVG. MAXIMUM 46.8 51.2 -4.4 53.0
AVG. MINIMUM 22.7 24.8 -2.1 21.4
MEAN 34.8 38.0 -3.2 37.2
DAYS MAX >= 90 0 0.0 0.0 0
DAYS MAX <= 32 3 3.2 -0.2 4
DAYS MIN <= 32 30 23.8 6.2 27
DAYS MIN <= 0 0 0.6 -0.6 2
PRECIPITATION (INCHES)
TOTALS 0.47 1.25 -0.78 0.28
DAILY AVG. 0.02 0.04 -0.02 0.01
DAYS >= .01 5 6.5 -1.5 4
DAYS >= .10 3 2.6 0.4 2
DAYS >= .50 0 0.7 -0.7 0
DAYS >= 1.00 0 0.2 -0.2 0
GREATEST
24 HR. TOTAL 0.15 03/30 TO 03/30
DEGREE DAYS
HEATING TOTAL 930 838 92 852
SINCE 7/1 5903 5854 49 MM
COOLING TOTAL 0 0 0 0
SINCE 1/1 0 0 0 MM
................................................................
WIND (MPH)
AVERAGE WIND SPEED 11.1
HIGHEST WIND SPEED/DIRECTION 39/310 DATE 03/31
HIGHEST GUST SPEED/DIRECTION 53/340 DATE 03/16
SKY COVER
POSSIBLE SUNSHINE (PERCENT) MM
AVERAGE SKY COVER 0.41
NUMBER OF DAYS FAIR 15
NUMBER OF DAYS PC 10
NUMBER OF DAYS CLOUDY 6
AVERAGE RH (PERCENT) 66
WEATHER CONDITIONS. NUMBER OF DAYS WITH
THUNDERSTORM 1 MIXED PRECIP 0
HEAVY RAIN 0 RAIN 1
LIGHT RAIN 1 FREEZING RAIN 1
LT FREEZING RAIN 4 HAIL 0
HEAVY SNOW 0 SNOW 2
LIGHT SNOW 6 SLEET 0
FOG 14 FOG W/VIS <= 1/4 MILE 1
HAZE 2
- INDICATES NEGATIVE NUMBERS.
R INDICATES RECORD WAS SET OR TIED.
MM INDICATES DATA IS MISSING.
T INDICATES TRACE AMOUNT.
$$