000
CXUS53 KGID 020256
CLMODX
CLIMATE REPORT
NATIONAL WEATHER SERVICE HASTINGS NE
856 PM CST FRI MAR 01 2024
...................................
...THE ORD NE CLIMATE SUMMARY FOR THE MONTH OF FEBRUARY 2024...
CLIMATE NORMAL PERIOD 1991 TO 2020
CLIMATE RECORD PERIOD 1895 TO 2024
WEATHER OBSERVED NORMAL DEPART LAST YEAR`S
VALUE DATE(S) VALUE FROM VALUE DATE(S)
NORMAL
................................................................
TEMPERATURE (F)
HIGHEST 76 02/26 MM MM 51 02/26
LOWEST 4 02/28 MM MM -4 02/23
02/24
AVG. MAXIMUM 52.5 39.8 12.7 39.8
AVG. MINIMUM 24.2 15.2 9.0 16.1
MEAN 38.3 27.5 10.8 27.9
DAYS MAX >= 90 0 0.0 0.0 0
DAYS MAX <= 32 1 10.5 -9.5 5
DAYS MIN <= 32 24 27.5 -3.5 28
DAYS MIN <= 0 0 4.2 -4.2 5
PRECIPITATION (INCHES)
TOTALS 0.47 0.50 -0.03 0.44
DAILY AVG. 0.02 NAN NAN 0.02
DAYS >= .01 4 4.5 -0.5 3
DAYS >= .10 2 1.5 0.5 1
DAYS >= .50 0 0.2 -0.2 0
DAYS >= 1.00 0 0.0 0.0 0
GREATEST
24 HR. TOTAL 0.40 02/03 TO 02/04
DEGREE DAYS
HEATING TOTAL 767 1050 -283 1032
SINCE 7/1 4396 5084 -688 MM
COOLING TOTAL 0 0 0 0
SINCE 1/1 0 0 0 MM
................................................................
WIND (MPH)
AVERAGE WIND SPEED 9.0
HIGHEST WIND SPEED/DIRECTION 39/340 DATE 02/27
HIGHEST GUST SPEED/DIRECTION 53/330 DATE 02/27
SKY COVER
POSSIBLE SUNSHINE (PERCENT) MM
AVERAGE SKY COVER 0.36
NUMBER OF DAYS FAIR 15
NUMBER OF DAYS PC 8
NUMBER OF DAYS CLOUDY 6
AVERAGE RH (PERCENT) 66
WEATHER CONDITIONS. NUMBER OF DAYS WITH
THUNDERSTORM 0 MIXED PRECIP 0
HEAVY RAIN 0 RAIN 1
LIGHT RAIN 5 FREEZING RAIN 0
LT FREEZING RAIN 0 HAIL 0
HEAVY SNOW 0 SNOW 1
LIGHT SNOW 3 SLEET 0
FOG 8 FOG W/VIS <= 1/4 MILE 4
HAZE 1
- INDICATES NEGATIVE NUMBERS.
R INDICATES RECORD WAS SET OR TIED.
MM INDICATES DATA IS MISSING.
T INDICATES TRACE AMOUNT.
$$