000
CXUS53 KEAX 010736
CF6OJC
PRELIMINARY LOCAL CLIMATOLOGICAL DATA (WS FORM: F-6)
STATION: JOHNSON COUNTY EXECUTIVE KS
MONTH: APRIL
YEAR: 2023
LATITUDE: 38 50 N
LONGITUDE: 94 44 W
TEMPERATURE IN F: :PCPN: SNOW: WIND :SUNSHINE: SKY :PK WND
================================================================================
1 2 3 4 5 6A 6B 7 8 9 10 11 12 13 14 15 16 17 18
12Z AVG MX 2MIN
DY MAX MIN AVG DEP HDD CDD WTR SNW DPTH SPD SPD DIR MIN PSBL S-S WX SPD DR
================================================================================
1 58 34 46 -5 19 0 0.00 M M 10.8 31 290 M M 1 52 280
2 79 41 60 9 5 0 0.00 M M 11.6 25 190 M M 1 39 210
3 77 52 65 14 0 0 T M M 9.8 23 60 M M 4 29 60
4 83 47 65 13 0 0 T M M 16.7 31 180 M M 2 3 50 200
5 52 34 43 -9 22 0 T M M 11.2 23 310 M M 2 38 33 300
6 59 33 46 -6 19 0 0.00 M M 5.0 13 20 M M 0 18 30
7 66 36 51 -1 14 0 0.00 M M 7.0 15 130 M M 0 8 23 100
8 68 42 55 2 10 0 0.00 M M 8.3 15 150 M M 0 24 140
9 72 48 60 7 5 0 0.00 M M 9.2 20 170 M M 0 27 170
10 66 51 59 6 6 0 0.19 M M 8.7 17 140 M M 2 13 24 130
11 77 48 63 9 2 0 0.00 M M 7.7 20 210 M M 1 28 200
12 78 55 67 13 0 2 0.00 M M 11.3 23 200 M M 0 33 220
13 79 51 65 11 0 0 0.00 M M 10.9 22 160 M M 0 33 220
14 81 55 68 14 0 3 T M M 11.2 24 170 M M 1 33 170
15 71 43 57 2 8 0 0.19 M M 13.0 28 340 M M 9 13 42 340
16 61 38 50 -5 15 0 0.00 M M 15.9 29 320 M M 3 49 310
17 71 39 55 0 10 0 0.00 M M 6.7 14 210 M M 0 19 210
18 82 49 66 10 0 1 0.00 M M 11.5 22 180 M M 0 33 200
19 79 64 72 16 0 7 0.00 M M 18.1 29 170 M M 6 42 190
20 71 45 58 2 7 0 0.46 M M 10.5 23 180 M M 5 13 38 210
21 60 43 52 -4 13 0 0.00 M M 10.0 23 270 M M 0 36 280
22 49 34 42 -15 23 0 0.00 M M 10.2 22 320 M M 4 31 320
23 58 32 45 -12 20 0 0.00 M M 5.8 17 10 M M 2 23 340
24 66 35 51 -6 14 0 0.00 M M 7.9 18 190 M M 0 26 190
25 67 41 54 -4 11 0 0.00 M M 5.7 15 110 M M 2 27 270
26 67 47 57 -1 8 0 0.00 M M 8.2 15 100 M M 0 24 100
27 66 53 60 2 5 0 0.00 M M 4.5 14 90 M M 9 20 120
28 66 51 59 1 6 0 T M M 6.3 17 320 M M 9 24 310
29 75 47 61 2 4 0 0.00 M M 9.8 33 360 M M 2 50 350
30 62 44 53 -6 12 0 0.00 M M 14.0 26 340 M M 2 50 360
================================================================================
SM 2066 1332 258 13 0.84 M 297.5 M 67
================================================================================
AV 68.9 44.4 9.9 FASTST M M 2 MAX(MPH)
MISC ----> 33 360 52 280
================================================================================
NOTES:
# LAST OF SEVERAL OCCURRENCES
COLUMN 17 PEAK WIND IN M.P.H.
PRELIMINARY LOCAL CLIMATOLOGICAL DATA (WS FORM: F-6) , PAGE 2
STATION: JOHNSON COUNTY EXECUTIVE KS
MONTH: APRIL
YEAR: 2023
LATITUDE: 38 50 N
LONGITUDE: 94 44 W
[TEMPERATURE DATA] [PRECIPITATION DATA] SYMBOLS USED IN COLUMN 16
AVERAGE MONTHLY: 56.6 TOTAL FOR MONTH: 0.84 1 = FOG OR MIST
DPTR FM NORMAL: 1.8 DPTR FM NORMAL: -3.03 2 = FOG REDUCING VISIBILITY
HIGHEST: 83 ON 4 GRTST 24HR 0.46 ON 20-20 TO 1/4 MILE OR LESS
LOWEST: 32 ON 23 3 = THUNDER
SNOW, ICE PELLETS, HAIL 4 = ICE PELLETS
TOTAL MONTH: M 5 = HAIL
GRTST 24HR M ON M 6 = FREEZING RAIN OR DRIZZLE
GRTST DEPTH: M ON M 7 = DUSTSTORM OR SANDSTORM:
VSBY 1/2 MILE OR LESS
8 = SMOKE OR HAZE
[NO. OF DAYS WITH] [WEATHER - DAYS WITH] 9 = BLOWING SNOW
X = TORNADO
MAX 32 OR BELOW: 0 0.01 INCH OR MORE: 3
MAX 90 OR ABOVE: 0 0.10 INCH OR MORE: 3
MIN 32 OR BELOW: 1 0.50 INCH OR MORE: 0
MIN 0 OR BELOW: 0 1.00 INCH OR MORE: 0
[HDD (BASE 65) ]
TOTAL THIS MO. 258 CLEAR (SCALE 0-3) 23
DPTR FM NORMAL -62 PTCLDY (SCALE 4-7) 4
TOTAL FM JUL 1 4473 CLOUDY (SCALE 8-10) 3
DPTR FM NORMAL -342
[CDD (BASE 65) ]
TOTAL THIS MO. 13
DPTR FM NORMAL -3 [PRESSURE DATA]
TOTAL FM JAN 1 13 HIGHEST SLP M ON M
DPTR FM NORMAL -6 LOWEST SLP 29.32 ON 4
[REMARKS]
#FINAL-04-23#