000
CXUS53 KEAX 010736
CF6OJC
PRELIMINARY LOCAL CLIMATOLOGICAL DATA (WS FORM: F-6)
STATION: JOHNSON COUNTY EXECUTIVE KS
MONTH: MARCH
YEAR: 2023
LATITUDE: 38 50 N
LONGITUDE: 94 44 W
TEMPERATURE IN F: :PCPN: SNOW: WIND :SUNSHINE: SKY :PK WND
================================================================================
1 2 3 4 5 6A 6B 7 8 9 10 11 12 13 14 15 16 17 18
12Z AVG MX 2MIN
DY MAX MIN AVG DEP HDD CDD WTR SNW DPTH SPD SPD DIR MIN PSBL S-S WX SPD DR
================================================================================
1 61 40 51 12 14 0 0.00 M M 9.1 17 20 M M 0 24 340
2 46 31 39 -1 26 0 0.01 M M 12.9 22 30 M M 3 1 28 40
3 54 36 45 5 20 0 0.60 M M 9.7 18 10 M M 6 18 27 40
4 58 34 46 5 19 0 0.00 M M 5.4 15 280 M M 3 19 300
5 73 42 58 17 7 0 0.00 M M 13.5 29 170 M M 3 40 180
6 64 38 51 10 14 0 0.00 M M 13.0 23 360 M M 0 32 10
7 50 37 44 2 21 0 0.26 M M 12.8 20 110 M M 8 1 28 80
8 45 42 44 2 21 0 0.00 M M 7.0 13 110 M M 10 1 19 90
9 44 37 41 -1 24 0 0.12 M M 9.0 18 320 M M 10 18 26 330
10 40 33 37 -6 28 0 0.00 M M 7.3 16 330 M M 8 26 330
11 41 34 38 -5 27 0 0.17 M M 9.6 16 110 M M 7 1 24 100
12 46 28 37 -7 28 0 0.00 M M 12.7 22 320 M M 5 31 350
13 36 24 30 -14 35 0 0.00 M M 9.5 20 360 M M 7 28 320
14 48 19 34 -10 31 0 0.00 M M 6.7 16 150 M M 0 21 170
15 62 33 48 3 17 0 0.00 M M 14.0 29 170 M M 2 41 180
16 61 29 45 0 20 0 0.41 M M 15.5 25 340 M M 8 1 39 340
17 41 24 33 -13 32 0 T M M 10.5 22 330 M M 3 35 330
18 30 17 24 -22 41 0 T M M 13.3 25 310 M M 5 34 310
19 43 15 29 -17 36 0 0.00 M M 7.9 16 190 M M 0 26 200
20 60 31 46 -1 19 0 0.00 M M 14.3 25 190 M M 0 37 170
21 47 40 44 -3 21 0 0.27 M M 12.5 20 170 M M 10 1 26 180
22 68 46 57 10 8 0 0.00 M M 6.9 15 30 M M 8 12 17 50
23 52 38 45 -3 20 0 0.00 M M 11.5 18 360 M M 8 12 24 10
24 50 34 42 -6 23 0 0.71 M M 10.5 23 20 M M 7 1 29 30
25 61 36 49 1 16 0 0.09 M M 6.4 17 300 M M 6 1 27 290
26 46 35 41 -8 24 0 0.00 M M 8.9 17 330 M M 6 26 300
27 53 30 42 -7 23 0 0.05 M M 6.2 17 310 M M 2 1 24 290
28 51 34 43 -6 22 0 0.02 M M 6.3 15 350 M M 5 1 22 350
29 59 31 45 -5 20 0 0.00 M M 5.9 14 150 M M 0 8 19 150
30 68 41 55 5 10 0 T M M 14.9 30 180 M M 6 48 170
31 79 47 63 13 2 0 0.00 M M 16.2 37 300 M M 6 3 62 300
================================================================================
SM 1637 1036 669 0 2.71 M 319.9 M 152
================================================================================
AV 52.8 33.4 10.3 FASTST M M 5 MAX(MPH)
MISC ----> 37 300 62 300
================================================================================
NOTES:
# LAST OF SEVERAL OCCURRENCES
COLUMN 17 PEAK WIND IN M.P.H.
PRELIMINARY LOCAL CLIMATOLOGICAL DATA (WS FORM: F-6) , PAGE 2
STATION: JOHNSON COUNTY EXECUTIVE KS
MONTH: MARCH
YEAR: 2023
LATITUDE: 38 50 N
LONGITUDE: 94 44 W
[TEMPERATURE DATA] [PRECIPITATION DATA] SYMBOLS USED IN COLUMN 16
AVERAGE MONTHLY: 43.1 TOTAL FOR MONTH: 2.71 1 = FOG OR MIST
DPTR FM NORMAL: -2.0 DPTR FM NORMAL: 0.44 2 = FOG REDUCING VISIBILITY
HIGHEST: 79 ON 31 GRTST 24HR 0.71 ON 24-24 TO 1/4 MILE OR LESS
LOWEST: 15 ON 19 3 = THUNDER
SNOW, ICE PELLETS, HAIL 4 = ICE PELLETS
TOTAL MONTH: M 5 = HAIL
GRTST 24HR M ON M 6 = FREEZING RAIN OR DRIZZLE
GRTST DEPTH: M ON M 7 = DUSTSTORM OR SANDSTORM:
VSBY 1/2 MILE OR LESS
8 = SMOKE OR HAZE
[NO. OF DAYS WITH] [WEATHER - DAYS WITH] 9 = BLOWING SNOW
X = TORNADO
MAX 32 OR BELOW: 1 0.01 INCH OR MORE: 11
MAX 90 OR ABOVE: 0 0.10 INCH OR MORE: 7
MIN 32 OR BELOW: 11 0.50 INCH OR MORE: 2
MIN 0 OR BELOW: 0 1.00 INCH OR MORE: 0
[HDD (BASE 65) ]
TOTAL THIS MO. 669 CLEAR (SCALE 0-3) 11
DPTR FM NORMAL 49 PTCLDY (SCALE 4-7) 14
TOTAL FM JUL 1 4215 CLOUDY (SCALE 8-10) 6
DPTR FM NORMAL -279
[CDD (BASE 65) ]
TOTAL THIS MO. 0
DPTR FM NORMAL -3 [PRESSURE DATA]
TOTAL FM JAN 1 0 HIGHEST SLP M ON M
DPTR FM NORMAL -3 LOWEST SLP 29.34 ON 31
[REMARKS]
#FINAL-03-23#