000
CXUS53 KEAX 010836
CF6OJC
PRELIMINARY LOCAL CLIMATOLOGICAL DATA (WS FORM: F-6)
STATION: JOHNSON COUNTY EXECUTIVE KS
MONTH: NOVEMBER
YEAR: 2021
LATITUDE: 38 50 N
LONGITUDE: 94 44 W
TEMPERATURE IN F: :PCPN: SNOW: WIND :SUNSHINE: SKY :PK WND
================================================================================
1 2 3 4 5 6A 6B 7 8 9 10 11 12 13 14 15 16 17 18
12Z AVG MX 2MIN
DY MAX MIN AVG DEP HDD CDD WTR SNW DPTH SPD SPD DIR MIN PSBL S-S WX SPD DR
================================================================================
1 44 38 41 -9 24 0 0.01 M M 6.1 17 40 M M 9 24 50
2 49 32 41 -9 24 0 0.00 M M 2.5 8 300 M M 2 1 11 310
3 51 30 41 -8 24 0 0.00 M M 1.3 10 170 M M 3 14 150
4 53 38 46 -3 19 0 0.00 M M 5.9 14 170 M M 9 20 170
5 57 36 47 -1 18 0 0.00 M M 7.6 20 170 M M 2 28 170
6 65 39 52 4 13 0 0.00 M M 8.4 14 200 M M 0 20 200
7 71 44 58 10 7 0 0.00 M M 12.1 23 180 M M 0 34 180
8 72 50 61 14 4 0 0.00 M M 7.2 16 200 M M 0 24 200
9 68 52 60 13 5 0 0.00 M M 5.9 12 40 M M 4 16 30
10 68 52 60 14 5 0 0.71 M M 11.2 30 190 M M 10 13 47 190
11 55 41 48 2 17 0 0.02 M M 11.3 24 330 M M 2 37 330
12 46 31 39 -6 26 0 T M M 14.5 28 300 M M 6 41 290
13 45 27 36 -9 29 0 T M M 7.4 15 210 M M 3 23 210
14 54 42 48 4 17 0 0.07 M M 8.9 22 320 M M 3 1 33 300
15 66 42 54 10 11 0 0.00 M M 8.1 21 230 M M 0 32 190
16 73 46 60 16 5 0 0.00 M M 11.2 21 200 M M 0 33 210
17 66 40 53 10 12 0 0.00 M M 12.9 29 20 M M 7 38 20
18 48 28 38 -5 27 0 0.00 M M 6.1 17 300 M M 0 26 300
19 51 28 40 -2 25 0 0.00 M M 11.5 28 170 M M 0 38 180
20 57 37 47 5 18 0 0.00 M M 7.1 13 190 M M 0 19 210
21 58 36 47 5 18 0 0.00 M M 10.2 21 350 M M 0 31 360
22 47 29 38 -3 27 0 0.00 M M 4.5 12 180 M M 1 16 170
23 65 31 48 7 17 0 0.00 M M 11.3 21 170 M M 0 30 170
24 61 39 50 10 15 0 T M M 13.1 23 350 M M 3 40 170
25 39 22 31 -9 34 0 0.00 M M 9.8 25 350 M M 1 38 350
26 55 22 39 -1 26 0 0.00 M M 9.2 18 200 M M 0 26 210
27 68 39 54 15 11 0 0.00 M M 8.0 20 320 M M 0 28 320
28 52 35 44 5 21 0 0.00 M M 5.6 13 10 M M 0 18 360
29 68 37 53 14 12 0 0.00 M M 7.6 14 200 M M 0 20 200
30 53 41 47 9 18 0 T M M 4.6 12 50 M M 2 15 50
================================================================================
SM 1725 1104 529 0 0.81 M 251.1 M 67
================================================================================
AV 57.5 36.8 8.4 FASTST M M 2 MAX(MPH)
MISC ----> 30 190 47 190
================================================================================
NOTES:
# LAST OF SEVERAL OCCURRENCES
COLUMN 17 PEAK WIND IN M.P.H.
PRELIMINARY LOCAL CLIMATOLOGICAL DATA (WS FORM: F-6) , PAGE 2
STATION: JOHNSON COUNTY EXECUTIVE KS
MONTH: NOVEMBER
YEAR: 2021
LATITUDE: 38 50 N
LONGITUDE: 94 44 W
[TEMPERATURE DATA] [PRECIPITATION DATA] SYMBOLS USED IN COLUMN 16
AVERAGE MONTHLY: 47.2 TOTAL FOR MONTH: 0.81 1 = FOG OR MIST
DPTR FM NORMAL: 3.2 DPTR FM NORMAL: -1.22 2 = FOG REDUCING VISIBILITY
HIGHEST: 73 ON 16 GRTST 24HR 0.73 ON 10-11 TO 1/4 MILE OR LESS
LOWEST: 22 ON 26,25 3 = THUNDER
SNOW, ICE PELLETS, HAIL 4 = ICE PELLETS
TOTAL MONTH: M 5 = HAIL
GRTST 24HR M ON M 6 = FREEZING RAIN OR DRIZZLE
GRTST DEPTH: M ON M 7 = DUSTSTORM OR SANDSTORM:
VSBY 1/2 MILE OR LESS
8 = SMOKE OR HAZE
[NO. OF DAYS WITH] [WEATHER - DAYS WITH] 9 = BLOWING SNOW
X = TORNADO
MAX 32 OR BELOW: 0 0.01 INCH OR MORE: 4
MAX 90 OR ABOVE: 0 0.10 INCH OR MORE: 1
MIN 32 OR BELOW: 10 0.50 INCH OR MORE: 1
MIN 0 OR BELOW: 0 1.00 INCH OR MORE: 0
[HDD (BASE 65) ]
TOTAL THIS MO. 529 CLEAR (SCALE 0-3) 21
DPTR FM NORMAL -103 PTCLDY (SCALE 4-7) 6
TOTAL FM JUL 1 723 CLOUDY (SCALE 8-10) 3
DPTR FM NORMAL -247
[CDD (BASE 65) ]
TOTAL THIS MO. 0
DPTR FM NORMAL -1 [PRESSURE DATA]
TOTAL FM JAN 1 1592 HIGHEST SLP 30.53 ON 18
DPTR FM NORMAL 241 LOWEST SLP 29.60 ON 16
[REMARKS]
#FINAL-11-21#