000
CXUS53 KEAX 010736
CF6OJC
PRELIMINARY LOCAL CLIMATOLOGICAL DATA (WS FORM: F-6)
STATION: JOHNSON COUNTY EXECUTIVE KS
MONTH: JULY
YEAR: 2021
LATITUDE: 38 50 N
LONGITUDE: 94 44 W
TEMPERATURE IN F: :PCPN: SNOW: WIND :SUNSHINE: SKY :PK WND
================================================================================
1 2 3 4 5 6A 6B 7 8 9 10 11 12 13 14 15 16 17 18
12Z AVG MX 2MIN
DY MAX MIN AVG DEP HDD CDD WTR SNW DPTH SPD SPD DIR MIN PSBL S-S WX SPD DR
================================================================================
1 83 72 78 1 0 13 T M M 6.7 17 60 M M 6 18 23 80
2 87 68 78 1 0 13 0.00 M M 3.1 9 80 M M 2 18 14 50
3 87 71 79 2 0 14 0.00 M M 4.2 10 10 M M 3 16 30
4 88 67 78 1 0 13 0.00 M M 3.7 9 200 M M 1 18 15 200
5 88 68 78 1 0 13 0.00 M M 5.0 10 150 M M 1 14 120
6 87 68 78 0 0 13 0.00 M M 4.3 14 160 M M 1 18 160
7 86 67 77 -1 0 12 0.15 M M 6.5 14 360 M M 4 13 20 360
8 86 66 76 -2 0 11 0.00 M M 5.1 12 20 M M 2 16 320
9 93 68 81 3 0 16 0.00 M M 8.9 20 200 M M 1 28 190
10 84 66 75 -3 0 10 0.75 M M 7.6 26 260 M M 6 1358 43 280
11 76 64 70 -8 0 5 T M M 10.7 21 20 M M 9 1 29 20
12 79 64 72 -6 0 7 0.01 M M 6.9 15 360 M M 9 1 20 350
13 87 63 75 -3 0 10 0.00 M M 7.4 14 180 M M 1 18 21 180
14 90 73 82 4 0 17 0.00 M M 11.3 22 210 M M 0 32 190
15 78 69 74 -4 0 9 0.34 M M 5.8 15 200 M M 7 13 23 210
16 84 69 77 -1 0 12 0.00 M M 3.0 8 210 M M 7 11 160
17 85 69 77 -1 0 12 0.14 M M 5.8 17 190 M M 3 13 25 210
18 85 68 77 -1 0 12 0.00 M M 7.1 13 70 M M 1 18 70
19 86 66 76 -2 0 11 0.00 M M 5.3 13 50 M M 1 20 50
20 87 67 77 -2 0 12 0.00 M M 3.2 10 50 M M 1 18 50
21 88 67 78 -1 0 13 0.00 M M 2.3 8 160 M M 1 13 170
22 87 68 78 -1 0 13 0.00 M M 5.3 13 240 M M 1 1 18 230
23 91 70 81 2 0 16 0.00 M M 7.0 15 170 M M 1 18 22 170
24 94 74 84 5 0 19 0.00 M M 6.4 14 200 M M 0 1 19 240
25 91 74 83 4 0 18 0.00 M M 4.7 16 70 M M 2 24 60
26 90 71 81 2 0 16 0.00 M M 6.1 14 130 M M 0 18 80
27 95 70 83 4 0 18 0.00 M M 2.7 10 60 M M 0 14 60
28 96 73 85 6 0 20 0.00 M M 4.3 12 180 M M 0 1 17 120
29 98 75 87 8 0 22 0.00 M M 5.9 14 240 M M 1 20 240
30 97 76 87 8 0 22 0.00 M M 5.1 13 200 M M 1 3 18 200
31 90 72 81 2 0 16 0.00 M M 8.2 18 10 M M 3 3 24 360
================================================================================
SM 2723 2143 0 428 1.39 M 179.6 M 76
================================================================================
AV 87.8 69.1 5.8 FASTST M M 2 MAX(MPH)
MISC ----> 26 260 43 280
================================================================================
NOTES:
# LAST OF SEVERAL OCCURRENCES
COLUMN 17 PEAK WIND IN M.P.H.
PRELIMINARY LOCAL CLIMATOLOGICAL DATA (WS FORM: F-6) , PAGE 2
STATION: JOHNSON COUNTY EXECUTIVE KS
MONTH: JULY
YEAR: 2021
LATITUDE: 38 50 N
LONGITUDE: 94 44 W
[TEMPERATURE DATA] [PRECIPITATION DATA] SYMBOLS USED IN COLUMN 16
AVERAGE MONTHLY: 78.5 TOTAL FOR MONTH: 1.39 1 = FOG OR MIST
DPTR FM NORMAL: 0.3 DPTR FM NORMAL: -2.83 2 = FOG REDUCING VISIBILITY
HIGHEST: 98 ON 29 GRTST 24HR 0.75 ON 10-10 TO 1/4 MILE OR LESS
LOWEST: 63 ON 13 3 = THUNDER
SNOW, ICE PELLETS, HAIL 4 = ICE PELLETS
TOTAL MONTH: M 5 = HAIL
GRTST 24HR M ON M 6 = FREEZING RAIN OR DRIZZLE
GRTST DEPTH: M ON M 7 = DUSTSTORM OR SANDSTORM:
VSBY 1/2 MILE OR LESS
8 = SMOKE OR HAZE
[NO. OF DAYS WITH] [WEATHER - DAYS WITH] 9 = BLOWING SNOW
X = TORNADO
MAX 32 OR BELOW: 0 0.01 INCH OR MORE: 5
MAX 90 OR ABOVE: 11 0.10 INCH OR MORE: 4
MIN 32 OR BELOW: 0 0.50 INCH OR MORE: 1
MIN 0 OR BELOW: 0 1.00 INCH OR MORE: 0
[HDD (BASE 65) ]
TOTAL THIS MO. 0 CLEAR (SCALE 0-3) 24
DPTR FM NORMAL 0 PTCLDY (SCALE 4-7) 5
TOTAL FM JUL 1 0 CLOUDY (SCALE 8-10) 2
DPTR FM NORMAL 0
[CDD (BASE 65) ]
TOTAL THIS MO. 428
DPTR FM NORMAL 19 [PRESSURE DATA]
TOTAL FM JAN 1 862 HIGHEST SLP M ON M
DPTR FM NORMAL 64 LOWEST SLP 29.80 ON 10
[REMARKS]
#FINAL-07-21#