000
CXUS53 KEAX 011843
CLMOJC
CLIMATE REPORT
NATIONAL WEATHER SERVICE KANSAS CITY/PLEASANT HILL MO
140 PM CDT THU JUN 01 2023
...................................
...THE JOHNSON COUNTY EXECUTIVE KS CLIMATE SUMMARY FOR THE MONTH OF MAY 2023...
CLIMATE NORMAL PERIOD: 1991 TO 2020
CLIMATE RECORD PERIOD: 9999 TO 9999
WEATHER OBSERVED NORMAL DEPART LAST YEAR`S
VALUE DATE(S) VALUE FROM VALUE DATE(S)
NORMAL
................................................................
TEMPERATURE (F)
HIGHEST 93 05/06 87 6 90 05/12
LOWEST 40 05/03 42 -2 44 05/03
AVG. MAXIMUM 79.2 73.9 5.3 74.9
AVG. MINIMUM 56.9 55.3 1.6 57.5
MEAN 68.1 64.6 3.5 66.2
DAYS MAX >= 90 2 0.5 1.5 1
DAYS MAX <= 32 0 0.0 0.0 0
DAYS MIN <= 32 0 0.0 0.0 0
DAYS MIN <= 0 0 0.0 0.0 0
PRECIPITATION (INCHES)
TOTALS 2.63R 5.38 -2.75 10.51
DAILY AVG. 0.08 0.17 -0.09 0.34
DAYS >= .01 11 12.3 -1.3 13
DAYS >= .10 6 8.0 -2.0 10
DAYS >= .50 2 3.6 -1.6 9
DAYS >= 1.00 0 1.4 -1.4 5
GREATEST
24 HR. TOTAL 1.03 05/30 TO 05/31
DEGREE DAYS
HEATING TOTAL 52 105 -53 101
SINCE 7/1 4525 4918 -393 MM
COOLING TOTAL 159 92 67 147
SINCE 1/1 172 111 61 MM
................................................................
WIND (MPH)
AVERAGE WIND SPEED 6.7
HIGHEST WIND SPEED/DIRECTION 26/140 DATE 05/09
HIGHEST GUST SPEED/DIRECTION 43/240 DATE 05/30
SKY COVER
POSSIBLE SUNSHINE (PERCENT) MM
AVERAGE SKY COVER 0.26
NUMBER OF DAYS FAIR 21
NUMBER OF DAYS PC 7
NUMBER OF DAYS CLOUDY 3
AVERAGE RH (PERCENT) 64
WEATHER CONDITIONS. NUMBER OF DAYS WITH
THUNDERSTORM 5 MIXED PRECIP 0
HEAVY RAIN 4 RAIN 6
LIGHT RAIN 10 FREEZING RAIN 0
LT FREEZING RAIN 0 HAIL 0
HEAVY SNOW 0 SNOW 0
LIGHT SNOW 0 SLEET 0
FOG 12 FOG W/VIS <= 1/4 MILE 0
HAZE 1
- INDICATES NEGATIVE NUMBERS.
R INDICATES RECORD WAS SET OR TIED.
MM INDICATES DATA IS MISSING.
T INDICATES TRACE AMOUNT.
$$