000
CXUS53 KEAX 012131
CLMOJC
STLCLMWK4 000
TTAA00 EAX 012126
CLIMATE REPORT
NATIONAL WEATHER SERVICE KANSAS CITY/PLEASANT HILL MO
425 PM CDT TUE AUG 01 2023
...................................
...THE JOHNSON COUNTY EXECUTIVE KS CLIMATE SUMMARY FOR THE MONTH OF JULY 2023...
CLIMATE NORMAL PERIOD: 1991 TO 2020
CLIMATE RECORD PERIOD: 9999 TO 9999
WEATHER OBSERVED NORMAL DEPART LAST YEAR`S
VALUE DATE(S) VALUE FROM VALUE DATE(S)
NORMAL
................................................................
TEMPERATURE (F)
HIGHEST 100 07/26 97 3 101 07/11
07/28
07/23
LOWEST 60 07/10 59 1 64 07/30
AVG. MAXIMUM 89.6 87.5 2.1 91.8
AVG. MINIMUM 68.9 68.9 0.0 70.9
MEAN 79.2 78.2 1.0 81.3
DAYS MAX >= 90 16 12.6 3.4 21
DAYS MAX <= 32 0 0.0 0.0 0
DAYS MIN <= 32 0 0.0 0.0 0
DAYS MIN <= 0 0 0.0 0.0 0
PRECIPITATION (INCHES)
TOTALS 4.16 4.22 -0.06 3.21
DAILY AVG. 0.13 0.14 -0.01 0.10
DAYS >= .01 13 8.7 4.3 11
DAYS >= .10 8 5.4 2.6 7
DAYS >= .50 4 2.4 1.6 2
DAYS >= 1.00 1 1.3 -0.3 0
GREATEST
24 HR. TOTAL 1.04 07/14 TO 07/14
DEGREE DAYS
HEATING TOTAL 0 0 0 0
SINCE 7/1 0 0 0 MM
COOLING TOTAL 451 409 42 514
SINCE 1/1 974 798 176 MM
................................................................
WIND (MPH)
AVERAGE WIND SPEED 6.6
HIGHEST WIND SPEED/DIRECTION 45/020 DATE 07/30
HIGHEST GUST SPEED/DIRECTION 73/010 DATE 07/30
SKY COVER
POSSIBLE SUNSHINE (PERCENT) MM
AVERAGE SKY COVER 0.18
NUMBER OF DAYS FAIR 26
NUMBER OF DAYS PC 5
NUMBER OF DAYS CLOUDY 0
AVERAGE RH (PERCENT) 68
WEATHER CONDITIONS. NUMBER OF DAYS WITH
THUNDERSTORM 14 MIXED PRECIP 0
HEAVY RAIN 7 RAIN 8
LIGHT RAIN 11 FREEZING RAIN 0
LT FREEZING RAIN 0 HAIL 0
HEAVY SNOW 0 SNOW 0
LIGHT SNOW 0 SLEET 0
FOG 11 FOG W/VIS <= 1/4 MILE 0
HAZE 1
- INDICATES NEGATIVE NUMBERS.
R INDICATES RECORD WAS SET OR TIED.
MM INDICATES DATA IS MISSING.
T INDICATES TRACE AMOUNT.
$$