000
CXUS55 KGGW 010800
CF6OLF
PRELIMINARY LOCAL CLIMATOLOGICAL DATA (WS FORM: F-6)
STATION: WOLF POINT MT
MONTH: FEBRUARY
YEAR: 2020
LATITUDE: 48 5 N
LONGITUDE: 105 35 W
TEMPERATURE IN F: :PCPN: SNOW: WIND :SUNSHINE: SKY :PK WND
================================================================================
1 2 3 4 5 6A 6B 7 8 9 10 11 12 13 14 15 16 17 18
12Z AVG MX 2MIN
DY MAX MIN AVG DEP HDD CDD WTR SNW DPTH SPD SPD DIR MIN PSBL S-S WX SPD DR
================================================================================
1 55 25 40 26 25 0 0.00 0.0 0 9.0 25 240 M M 2 35 280
2 36 23 30 16 35 0 0.00 0.0 0 10.7 23 330 M M 3 29 330
3 35 17 26 12 39 0 0.00 0.0 0 5.1 13 350 M M 1 15 260
4 32 9 21 7 44 0 0.00 0.0 0 5.6 17 230 M M 1 21 210
5 37 14 26 11 39 0 0.00 0.0 0 4.6 18 260 M M 7 22 260
6 30 15 23 8 42 0 0.02 M 0 6.8 15 70 M M 10 1 18 90
7 33 11 22 7 43 0 T M 0 4.7 14 280 M M 8 128 17 280
8 32 6 19 4 46 0 0.00 0.0 0 7.0 17 80 M M 7 1 21 80
9 33 15 24 8 41 0 T M 0 11.0 23 290 M M 4 30 240
10 31 9 20 4 45 0 T M 0 12.1 25 310 M M 6 1 31 310
11 37 5 21 5 44 0 0.05 M 0 8.9 26 20 M M 6 1 33 10
12 26 -15 6 -11 59 0 0.00 0.0 0 10.7 26 20 M M 5 35 40
13 19 -19 0 -17 65 0 0.00 0.0 0 6.5 12 100 M M 0 15 130
14 42 8 25 8 40 0 T M 0 9.9 26 270 M M 5 34 270
15 27 20 24 6 41 0 0.01 M 0 6.5 13 70 M M 8 1 16 70
16 36 10 23 5 42 0 0.01 M 0 3.5 10 220 M M 8 128 11 220
17 32 9 21 3 44 0 T M 0 6.9 22 10 M M 7 1 26 10
18 9 -10 0 -19 65 0 T M 0 5.1 17 20 M M 5 20 30
19 20 -16 2 -17 63 0 0.00 0.0 0 4.2 9 180 M M 0 12 190
20 39 -3 18 -2 47 0 0.00 0.0 0 3.6 16 230 M M 0 8 19 220
21 48 11 30 10 35 0 0.00 0.0 0 4.9 14 230 M M 0 16 220
22 51 17 34 14 31 0 0.00 0.0 0 7.8 18 320 M M 0 23 310
23 37 22 30 9 35 0 0.00 0.0 0 7.4 15 290 M M 5 19 290
24 33 26 30 9 35 0 0.09 M 0 12.4 32 40 M M 9 128 40 40
25 26 -2 12 -10 53 0 T M 0 5.8 13 250 M M 2 1 16 250
26 35 0 18 -4 47 0 0.01 M 0 5.1 12 310 M M 7 1 14 310
27 39 24 32 10 33 0 0.00 0.0 0 9.0 21 270 M M 6 12 25 270
28 52 22 37 14 28 0 0.00 0.0 0 5.0 14 260 M M 0 17 250
29 50 28 39 16 26 0 T M 0 6.7 29 280 M M 2 37 280
================================================================================
SM 1012 281 1232 0 0.19 0.0 206.5 M 124
================================================================================
AV 34.9 9.7 7.1 FASTST M M 4 MAX(MPH)
MISC ----> # 32 40 # 40 40
================================================================================
NOTES:
# LAST OF SEVERAL OCCURRENCES
COLUMN 17 PEAK WIND IN M.P.H.
PRELIMINARY LOCAL CLIMATOLOGICAL DATA (WS FORM: F-6) , PAGE 2
STATION: WOLF POINT MT
MONTH: FEBRUARY
YEAR: 2020
LATITUDE: 48 5 N
LONGITUDE: 105 35 W
[TEMPERATURE DATA] [PRECIPITATION DATA] SYMBOLS USED IN COLUMN 16
AVERAGE MONTHLY: 22.3 TOTAL FOR MONTH: 0.19 1 = FOG OR MIST
DPTR FM NORMAL: 4.5 DPTR FM NORMAL: -0.02 2 = FOG REDUCING VISIBILITY
HIGHEST: 55 ON 1 GRTST 24HR 0.09 ON 24-24 TO 1/4 MILE OR LESS
LOWEST: -19 ON 13 3 = THUNDER
SNOW, ICE PELLETS, HAIL 4 = ICE PELLETS
TOTAL MONTH: 0.0 INCH 5 = HAIL
GRTST 24HR 0.0 6 = FREEZING RAIN OR DRIZZLE
GRTST DEPTH: 0 7 = DUSTSTORM OR SANDSTORM:
VSBY 1/2 MILE OR LESS
8 = SMOKE OR HAZE
[NO. OF DAYS WITH] [WEATHER - DAYS WITH] 9 = BLOWING SNOW
X = TORNADO
MAX 32 OR BELOW: 11 0.01 INCH OR MORE: 6
MAX 90 OR ABOVE: 0 0.10 INCH OR MORE: 0
MIN 32 OR BELOW: 29 0.50 INCH OR MORE: 0
MIN 0 OR BELOW: 7 1.00 INCH OR MORE: 0
[HDD (BASE 65) ]
TOTAL THIS MO. 1232 CLEAR (SCALE 0-3) 12
DPTR FM NORMAL -90 PTCLDY (SCALE 4-7) 14
TOTAL FM JUL 1 6316 CLOUDY (SCALE 8-10) 3
DPTR FM NORMAL -348
[CDD (BASE 65) ]
TOTAL THIS MO. 0
DPTR FM NORMAL 0 [PRESSURE DATA]
TOTAL FM JAN 1 0 HIGHEST SLP M ON M
DPTR FM NORMAL 0 LOWEST SLP 29.47 ON 1
[REMARKS]
#FINAL-02-20#