000
CXUS55 KSEW 011030
CF6OLM
PRELIMINARY LOCAL CLIMATOLOGICAL DATA (WS FORM: F-6)
STATION: OLYMPIA WA AIRPORT
MONTH: NOVEMBER
YEAR: 2023
LATITUDE: 46 58 N
LONGITUDE: 122 54 W
TEMPERATURE IN F: :PCPN: SNOW: WIND :SUNSHINE: SKY :PK WND
================================================================================
1 2 3 4 5 6A 6B 7 8 9 10 11 12 13 14 15 16 17 18
12Z AVG MX 2MIN
DY MAX MIN AVG DEP HDD CDD WTR SNW DPTH SPD SPD DIR MIN PSBL S-S WX SPD DR
================================================================================
1 56 38 47 1 18 0 0.66 M M 1.0 7 190 M M 8 1 10 230
2 63 49 56 10 9 0 0.68 M M 10.4 24 200 M M 9 18 38 200
3 61 40 51 5 14 0 0.49 M M 3.3 15 180 M M 7 128 21 170
4 64 47 56 10 9 0 0.70 M M 8.9 18 200 M M 7 12 28 230
5 62 45 54 9 11 0 0.22 M M 6.0 17 210 M M 7 12 23 180
6 56 47 52 7 13 0 0.57 M M 6.4 16 180 M M 9 1 22 170
7 59 46 53 8 12 0 0.05 M M 9.9 16 270 M M 4 1 26 260
8 59 35 47 2 18 0 0.00 M M 1.6 8 210 M M 3 12 12 170
9 50 37 44 0 21 0 0.28 M M 5.0 14 190 M M 8 12 20 180
10 53 45 49 5 16 0 0.22 M M 10.3 23 200 M M 8 1 34 180
11 56 46 51 7 14 0 1.09 M M 11.7 31 180 M M 9 1 51 180
12 52 43 48 4 17 0 0.55 M M 2.6 14 170 M M 9 12 20 170
13 59 32 46 2 19 0 0.02 M M 3.5 10 210 M M 3 12 14 210
14 53 31 42 -2 23 0 0.00 M M 3.8 12 350 M M 5 12 15 10
15 51 33 42 -1 23 0 0.00 M M 1.8 8 30 M M 8 18 13 80
16 53 31 42 -1 23 0 0.00 M M 2.9 12 70 M M 3 1 16 100
17 53 29 41 -2 24 0 0.00 M M 0.0 5 110 M M 4 12 6 60
18 54 32 43 0 22 0 0.25 M M 2.2 16 250 M M 8 12 23 260
19 54 39 47 5 18 0 0.06 M M 8.0 20 250 M M 5 12 32 260
20 53 32 43 1 22 0 0.00 M M 1.8 8 20 M M 6 128 11 10
21 54 31 43 1 22 0 0.19 M M 3.8 10 240 M M 4 1 17 230
22 53 32 43 1 22 0 0.05 M M 4.0 13 210 M M 8 12 18 210
23 51 29 40 -2 25 0 T M M 3.3 16 60 M M 6 12 24 70
24 50 25 38 -4 27 0 0.00 M M 0.6 6 140 M M 2 12 10 10
25 47 27 37 -4 28 0 0.00 M M 1.8 10 30 M M 8 12 14 20
26 48 30 39 -2 26 0 0.00 M M 1.9 8 70 M M 8 128 10 70
27 40 31 36 -5 29 0 0.00 M M 1.6 6 90 M M 10 12 7 80
28 49 29 39 -2 26 0 0.00 M M 0.8 6 180 M M 7 12 8 230
29 40 31 36 -5 29 0 0.00 M M 0.2 6 120 M M 10 128 7 120
30 43 34 39 -1 26 0 0.15 M M 4.3 13 200 M M 9 1 17 210
================================================================================
SM 1596 1076 606 0 6.23 M 123.4 M 202
================================================================================
AV 53.2 35.9 4.1 FASTST M M 7 MAX(MPH)
MISC ----> 31 180 51 180
================================================================================
NOTES:
# LAST OF SEVERAL OCCURRENCES
COLUMN 17 PEAK WIND IN M.P.H.
PRELIMINARY LOCAL CLIMATOLOGICAL DATA (WS FORM: F-6) , PAGE 2
STATION: OLYMPIA WA AIRPORT
MONTH: NOVEMBER
YEAR: 2023
LATITUDE: 46 58 N
LONGITUDE: 122 54 W
[TEMPERATURE DATA] [PRECIPITATION DATA] SYMBOLS USED IN COLUMN 16
AVERAGE MONTHLY: 44.5 TOTAL FOR MONTH: 6.23 1 = FOG OR MIST
DPTR FM NORMAL: 1.3 DPTR FM NORMAL: -1.98 2 = FOG REDUCING VISIBILITY
HIGHEST: 64 ON 4 GRTST 24HR 1.34 ON 1- 2 TO 1/4 MILE OR LESS
LOWEST: 25 ON 24 3 = THUNDER
SNOW, ICE PELLETS, HAIL 4 = ICE PELLETS
TOTAL MONTH: M 5 = HAIL
GRTST 24HR M ON M 6 = FREEZING RAIN OR DRIZZLE
GRTST DEPTH: M ON M 7 = DUSTSTORM OR SANDSTORM:
VSBY 1/2 MILE OR LESS
8 = SMOKE OR HAZE
[NO. OF DAYS WITH] [WEATHER - DAYS WITH] 9 = BLOWING SNOW
X = TORNADO
MAX 32 OR BELOW: 0 0.01 INCH OR MORE: 17
MAX 90 OR ABOVE: 0 0.10 INCH OR MORE: 13
MIN 32 OR BELOW: 15 0.50 INCH OR MORE: 6
MIN 0 OR BELOW: 0 1.00 INCH OR MORE: 1
[HDD (BASE 65) ]
TOTAL THIS MO. 606 CLEAR (SCALE 0-3) 4
DPTR FM NORMAL -48 PTCLDY (SCALE 4-7) 15
TOTAL FM JUL 1 1200 CLOUDY (SCALE 8-10) 11
DPTR FM NORMAL -231
[CDD (BASE 65) ]
TOTAL THIS MO. 0
DPTR FM NORMAL 0 [PRESSURE DATA]
TOTAL FM JAN 1 203 HIGHEST SLP 30.56 ON 20
DPTR FM NORMAL 90 LOWEST SLP 29.51 ON 6
[REMARKS]
#FINAL-11-23#