000
CXUS53 KOAX 011326
CF6OMA
PRELIMINARY LOCAL CLIMATOLOGICAL DATA (WS FORM: F-6)
STATION: OMAHA NE
MONTH: DECEMBER
YEAR: 2023
LATITUDE: 41 17 N
LONGITUDE: 95 54 W
TEMPERATURE IN F: :PCPN: SNOW: WIND :SUNSHINE: SKY :PK WND
================================================================================
1 2 3 4 5 6A 6B 7 8 9 10 11 12 13 14 15 16 17 18
12Z AVG MX 2MIN
DY MAX MIN AVG DEP HDD CDD WTR SNW DPTH SPD SPD DIR MIN PSBL S-S WX SPD DR
================================================================================
1 40 20 30 -4 35 0 0.00 0.0 0 9.3 17 350 M M 8 21 350
2 38 18 28 -5 37 0 0.00 0.0 0 4.6 14 180 M M 8 1 18 180
3 38 24 31 -2 34 0 0.00 0.0 0 8.5 17 160 M M 9 1 21 170
4 46 27 37 5 28 0 T 0.0 0 9.0 21 280 M M 8 18 30 280
5 45 26 36 4 29 0 0.00 0.0 0 11.7 28 320 M M 4 35 310
6 55 24 40 8 25 0 0.00 0.0 0 11.7 21 190 M M 5 28 170
7 61 33 47 16 18 0 0.00 0.0 0 9.6 18 180 M M 1 29 160
8 56 37 47 16 18 0 0.00 0.0 0 8.8 17 320 M M 7 24 330
9 40 28 34 3 31 0 T T 0 18.4 35 320 M M 7 1 45 320
10 44 19 32 2 33 0 0.00 0.0 0 6.2 17 310 M M 4 23 310
11 49 19 34 4 31 0 0.00 0.0 0 3.6 10 240 M M 3 14 250
12 36 24 30 0 35 0 0.00 0.0 0 6.0 15 360 M M 8 20 350
13 46 19 33 4 32 0 0.00 0.0 0 3.6 10 10 M M 6 12 10
14 52 23 38 9 27 0 0.00 0.0 0 5.2 15 170 M M 6 19 180
15 43 37 40 11 25 0 0.25 0.0 0 3.7 12 160 M M 10 1 14 150
16 40 35 38 10 27 0 0.05 0.0 0 11.2 21 320 M M 10 1 27 320
17 47 27 37 9 28 0 0.00 0.0 0 10.1 29 330 M M 3 39 340
18 36 22 29 1 36 0 0.00 0.0 0 11.8 25 320 M M 1 34 330
19 49 22 36 8 29 0 0.00 0.0 0 14.7 24 180 M M 5 32 180
20 47 25 36 9 29 0 0.00 0.0 0 4.1 10 140 M M 7 11 140
21 50 31 41 14 24 0 0.00 0.0 0 2.3 9 170 M M 9 1 12 170
22 50 29 40 13 25 0 T 0.0 0 4.5 10 270 M M 9 128 14 290
23 56 32 44 17 21 0 0.01 0.0 0 12.5 23 150 M M 10 12 29 150
24 57 34 46 20 19 0 0.84 0.0 0 17.4 25 340 M M 10 1 34 330
25 34 27 31 5 34 0 0.47 1.4 0 14.6 25 340 M M 10 146 35 340
26 32 28 30 4 35 0 0.06 0.7 1 9.7 16 160 M M 10 1 20 160
27 33 27 30 4 35 0 T T 2 12.0 17 330 M M 9 22 320
28 33 22 28 2 37 0 0.00 0.0 1 12.7 26 340 M M 8 33 340
29 40 24 32 7 33 0 0.00 0.0 T 8.8 21 340 M M 5 29 330
30 45 26 36 11 29 0 T T T 11.5 26 330 M M 6 34 320
31 29 22 26 1 39 0 0.00 0.0 T 13.8 23 340 M M 10 30 310
================================================================================
SM 1367 811 918 0 1.68 2.1 291.6 M 216
================================================================================
AV 44.1 26.2 9.4 FASTST M M 7 MAX(MPH)
MISC ----> 35 320 45 320
================================================================================
NOTES:
# LAST OF SEVERAL OCCURRENCES
COLUMN 17 PEAK WIND IN M.P.H.
PRELIMINARY LOCAL CLIMATOLOGICAL DATA (WS FORM: F-6) , PAGE 2
STATION: OMAHA NE
MONTH: DECEMBER
YEAR: 2023
LATITUDE: 41 17 N
LONGITUDE: 95 54 W
[TEMPERATURE DATA] [PRECIPITATION DATA] SYMBOLS USED IN COLUMN 16
AVERAGE MONTHLY: 35.1 TOTAL FOR MONTH: 1.68 1 = FOG OR MIST
DPTR FM NORMAL: 6.4 DPTR FM NORMAL: 0.46 2 = FOG REDUCING VISIBILITY
HIGHEST: 61 ON 7 GRTST 24HR 1.06 ON 24-25 TO 1/4 MILE OR LESS
LOWEST: 18 ON 2 3 = THUNDER
SNOW, ICE PELLETS, HAIL 4 = ICE PELLETS
TOTAL MONTH: 2.1 INCHES 5 = HAIL
GRTST 24HR 1.5 ON 25-26 6 = FREEZING RAIN OR DRIZZLE
GRTST DEPTH: 2 ON 27 7 = DUSTSTORM OR SANDSTORM:
VSBY 1/2 MILE OR LESS
8 = SMOKE OR HAZE
[NO. OF DAYS WITH] [WEATHER - DAYS WITH] 9 = BLOWING SNOW
X = TORNADO
MAX 32 OR BELOW: 2 0.01 INCH OR MORE: 6
MAX 90 OR ABOVE: 0 0.10 INCH OR MORE: 3
MIN 32 OR BELOW: 26 0.50 INCH OR MORE: 1
MIN 0 OR BELOW: 0 1.00 INCH OR MORE: 0
[HDD (BASE 65) ]
TOTAL THIS MO. 918 CLEAR (SCALE 0-3) 4
DPTR FM NORMAL -206 PTCLDY (SCALE 4-7) 15
TOTAL FM JUL 1 1954 CLOUDY (SCALE 8-10) 12
DPTR FM NORMAL -337
[CDD (BASE 65) ]
TOTAL THIS MO. 0
DPTR FM NORMAL 0 [PRESSURE DATA]
TOTAL FM JAN 1 1418 HIGHEST SLP 30.68 ON 13
DPTR FM NORMAL 125 LOWEST SLP 29.49 ON 7
[REMARKS]
#FINAL-12-23#