000
CXUS53 KARX 010930
CF6ONA
PRELIMINARY LOCAL CLIMATOLOGICAL DATA (WS FORM: F-6)
STATION: WINONA_MUNI_(AWOS) MN
MONTH: AUGUST
YEAR: 2020
LATITUDE: 44 4 N
LONGITUDE: 91 42 W
TEMPERATURE IN F: :PCPN: SNOW: WIND :SUNSHINE: SKY :PK WND
================================================================================
1 2 3 4 5 6A 6B 7 8 9 10 11 12 13 14 15 16 17 18
12Z AVG MX 2MIN
DY MAX MIN AVG DEP HDD CDD WTR SNW DPTH SPD SPD DIR MIN PSBL S-S WX SPD DR
================================================================================
1 84 55 70 M 0 5 0.00 0.0 0 2.5 12 330 M M 3 2 16 330
2 70 57 64 M 1 0 0.00 0.0 0 6.0 12 330 M M 9 22 330
3 72 50 61 M 4 0 0.00 0.0 0 4.7 9 20 M M 4 M M
4 79 46 63 M 2 0 0.00 0.0 0 2.6 10 330 M M 5 1 M M
5 79 52 66 M 0 1 0.00 0.0 0 1.3 7 210 M M 2 M M
6 79 57 68 M 0 3 0.00 0.0 0 2.8 8 150 M M 5 M M
7 82 63 73 M 0 8 0.00 0.0 0 4.7 8 130 M M 4 M M
8 88 70 79 M 0 14 M 0.0 0 4.8 14 310 M M 5 3 20 310
9 86 64 75 M 0 10 M 0.0 0 3.4 18 120 M M 2 23 120
10 77 57 67 M 0 2 M 0.0 0 5.8 21 130 M M 2 3 31 130
11 82 52 67 M 0 2 0.00 0.0 0 1.6 7 270 M M 0 M M
12 79 55 67 M 0 2 0.00 0.0 0 3.0 12 130 M M 1 M M
13 88 66 77 M 0 12 0.00 0.0 0 4.5 9 150 M M 3 M M
14 88 64 76 M 0 11 M M 0 5.1 17 320 M M 2 3 23 320
15 79 59 69 M 0 4 0.00 0.0 0 4.6 10 310 M M 4 16 340
16 86 59 73 M 0 8 0.00 0.0 0 3.3 10 300 M M 1 M M
17 79 55 67 M 0 2 0.00 0.0 0 5.6 15 320 M M 2 22 320
18 79 52 66 M 0 1 0.00 0.0 0 2.1 6 350 M M 0 M M
19 82 54 68 M 0 3 0.00 0.0 0 2.8 8 240 M M 0 M M
20 82 63 73 M 0 8 0.00 0.0 0 3.7 9 210 M M 0 M M
21 88 66 77 M 0 12 M 0.0 0 4.3 10 220 M M 4 3 M M
22 82 64 73 M 0 8 M 0.0 0 1.6 9 120 M M 3 3 M M
23 90 64 77 M 0 12 0.00 0.0 0 1.2 6 290 M M 1 M M
24 86 66 76 M 0 11 0.00 0.0 0 1.8 6 280 M M 1 3 M M
25 91 68 80 M 0 15 0.00 0.0 0 3.8 9 110 M M 0 18 230
26 91 75 83 M 0 18 0.00 0.0 0 5.8 13 220 M M 0 21 220
27 88 72 80 M 0 15 0.00 0.0 0 3.3 10 250 M M 4 M M
28 84 68 76 M 0 11 0.39 0.0 0 8.2 14 320 M M 3 3 22 290
29 77 55 66 M 0 1 0.00 0.0 0 7.7 15 330 M M 1 20 330
30 77 54 66 M 0 1 0.00 0.0 0 4.6 16 130 M M 2 3 M M
31 73 54 64 M 1 0 1.50 0.0 0 6.6 14 310 M M 4 3 20 140
================================================================================
SM 2547 1856 8 200 1.89 0.0 123.8 M 77
================================================================================
AV 82.2 59.9 4.0 FASTST M M 2 MAX(MPH)
MISC ----> # 21 130 # 31 130
================================================================================
NOTES:
# LAST OF SEVERAL OCCURRENCES
COLUMN 17 PEAK WIND IN M.P.H.
PRELIMINARY LOCAL CLIMATOLOGICAL DATA (WS FORM: F-6) , PAGE 2
STATION: WINONA_MUNI_(AWOS) MN
MONTH: AUGUST
YEAR: 2020
LATITUDE: 44 4 N
LONGITUDE: 91 42 W
[TEMPERATURE DATA] [PRECIPITATION DATA] SYMBOLS USED IN COLUMN 16
AVERAGE MONTHLY: 71.0 TOTAL FOR MONTH: 1.89 1 = FOG OR MIST
DPTR FM NORMAL: M DPTR FM NORMAL: M 2 = FOG REDUCING VISIBILITY
HIGHEST: 91 ON 26,25 GRTST 24HR 1.50 ON 31-31 TO 1/4 MILE OR LESS
LOWEST: 46 ON 4 3 = THUNDER
SNOW, ICE PELLETS, HAIL 4 = ICE PELLETS
TOTAL MONTH: 0.0 INCH 5 = HAIL
GRTST 24HR 0.0 6 = FREEZING RAIN OR DRIZZLE
GRTST DEPTH: 0 7 = DUSTSTORM OR SANDSTORM:
VSBY 1/2 MILE OR LESS
8 = SMOKE OR HAZE
[NO. OF DAYS WITH] [WEATHER - DAYS WITH] 9 = BLOWING SNOW
X = TORNADO
MAX 32 OR BELOW: 0 0.01 INCH OR MORE: 2
MAX 90 OR ABOVE: 3 0.10 INCH OR MORE: 2
MIN 32 OR BELOW: 0 0.50 INCH OR MORE: 1
MIN 0 OR BELOW: 0 1.00 INCH OR MORE: 1
[HDD (BASE 65) ]
TOTAL THIS MO. 8 CLEAR (SCALE 0-3) 18
DPTR FM NORMAL M PTCLDY (SCALE 4-7) 12
TOTAL FM JUL 1 11 CLOUDY (SCALE 8-10) 1
DPTR FM NORMAL M
[CDD (BASE 65) ]
TOTAL THIS MO. 200
DPTR FM NORMAL M [PRESSURE DATA]
TOTAL FM JAN 1 659 HIGHEST SLP M ON M
DPTR FM NORMAL M LOWEST SLP M ON M
[REMARKS]
#FINAL-08-20#