000
CXUS52 KMFL 291627
CF6OPF
PRELIMINARY LOCAL CLIMATOLOGICAL DATA (WS FORM: F-6)
STATION: OPA-LOCKA ARPT
MONTH: MARCH
YEAR: 2023
LATITUDE: 25 53 N
LONGITUDE: 80 17 W
TEMPERATURE IN F: :PCPN: SNOW: WIND :SUNSHINE: SKY :PK WND
================================================================================
1 2 3 4 5 6A 6B 7 8 9 10 11 12 13 14 15 16 17 18
12Z AVG MX 2MIN
DY MAX MIN AVG DEP HDD CDD WTR SNW DPTH SPD SPD DIR MIN PSBL S-S WX SPD DR
================================================================================
1 86 61 74 3 0 9 0.00 M M 4.8 15 170 M M 0 1 17 180
2 84 63 74 2 0 9 0.00 M M 7.8 18 160 M M 2 28 180
3 87 70 79 7 0 14 0.00 0.0 0 13.0 26 180 M M 3 34 200
4 88 70 79 7 0 14 0.00 0.0 0 9.3 18 250 M M 2 25 230
5 89 65 77 5 0 12 0.00 0.0 0 4.5 14 100 M M 1 18 100
6 89 68 79 7 0 14 0.00 0.0 0 6.3 14 160 M M 3 16 230
7 89 69 79 7 0 14 0.00 0.0 0 6.6 14 80 M M 3 17 320
8 87 70 79 7 0 14 0.00 0.0 0 9.8 18 50 M M 3 24 70
9 81 67 74 2 0 9 0.00 0.0 0 10.3 21 90 M M 2 24 90
10 82 61 72 0 0 7 0.00 M M 6.9 17 150 M M 1 23 150
11 85 67 76 4 0 11 T M M 8.6 20 290 M M 3 26 300
12 88 65 77 5 0 12 0.00 M M 6.7 18 220 M M 1 23 250
13 89 70 80 8 0 15 0.00 0.0 0 11.0 25 260 M M 1 32 260
14 84 69 77 5 0 12 T 0.0 0 8.1 16 70 M M 3 1 19 70
15 77 63 70 -2 0 5 0.02 0.0 0 8.7 21 60 M M 3 3 26 350
16 78 59 69 -3 0 4 0.00 0.0 0 10.7 21 80 M M 3 32 80
17 81 65 73 0 0 8 0.00 0.0 0 10.5 21 140 M M 2 26 170
18 84 63 74 1 0 9 0.00 0.0 0 4.6 18 170 M M 1 23 150
19 78 61 70 -3 0 5 0.01 M M 8.0 17 350 M M 6 23 350
20 77 59 68 -5 0 3 0.33 0.0 0 11.9 21 350 M M 8 1 28 330
21 79 59 69 -4 0 4 0.00 M M 9.5 17 70 M M 3 27 90
22 82 62 72 -1 0 7 0.00 0.0 M 9.0 21 100 M M 4 25 100
23 82 69 76 3 0 11 0.00 0.0 0 10.4 20 80 M M 4 23 80
24 85 67 76 3 0 11 0.00 0.0 0 9.0 17 110 M M 3 22 130
25 87 72 80 7 0 15 0.00 0.0 0 9.9 17 160 M M 2 23 160
26 87 73 80 6 0 15 0.00 0.0 0 9.8 17 150 M M 2 26 150
27 87 71 79 5 0 14 0.08 0.0 0 8.3 18 270 M M 4 13 23 160
28 89 72 81 7 0 16 0.20 0.0 0 6.0 20 350 M M 7 24 350
29 88 70 79 5 0 14 0.35 0.0 0 4.4 21 50 M M 3 13 26 30
30 81 70 76 2 0 11 0.04 0.0 0 10.4 22 50 M M 6 30 60
31 83 71 77 3 0 12 0.00 0.0 0 13.0 21 100 M M 3 27 110
================================================================================
SM 2613 2061 0 330 1.03 0.0 267.8 M 92
================================================================================
AV 84.3 66.5 8.6 FASTST M M 3 MAX(MPH)
MISC ----> 26 180 34 200
================================================================================
NOTES:
# LAST OF SEVERAL OCCURRENCES
COLUMN 17 PEAK WIND IN M.P.H.
PRELIMINARY LOCAL CLIMATOLOGICAL DATA (WS FORM: F-6) , PAGE 2
STATION: OPA-LOCKA ARPT
MONTH: MARCH
YEAR: 2023
LATITUDE: 25 53 N
LONGITUDE: 80 17 W
[TEMPERATURE DATA] [PRECIPITATION DATA] SYMBOLS USED IN COLUMN 16
AVERAGE MONTHLY: 75.4 TOTAL FOR MONTH: 1.03 1 = FOG OR MIST
DPTR FM NORMAL: 2.8 DPTR FM NORMAL: -1.48 2 = FOG REDUCING VISIBILITY
HIGHEST: 89 ON 28,13 GRTST 24HR 0.35 ON 29-29 TO 1/4 MILE OR LESS
LOWEST: 59 ON 21,20 3 = THUNDER
SNOW, ICE PELLETS, HAIL 4 = ICE PELLETS
TOTAL MONTH: 0.0 INCH 5 = HAIL
GRTST 24HR 0.0 6 = FREEZING RAIN OR DRIZZLE
GRTST DEPTH: 0 7 = DUSTSTORM OR SANDSTORM:
VSBY 1/2 MILE OR LESS
8 = SMOKE OR HAZE
[NO. OF DAYS WITH] [WEATHER - DAYS WITH] 9 = BLOWING SNOW
X = TORNADO
MAX 32 OR BELOW: 0 0.01 INCH OR MORE: 7
MAX 90 OR ABOVE: 0 0.10 INCH OR MORE: 3
MIN 32 OR BELOW: 0 0.50 INCH OR MORE: 0
MIN 0 OR BELOW: 0 1.00 INCH OR MORE: 0
[HDD (BASE 65) ]
TOTAL THIS MO. 0 CLEAR (SCALE 0-3) 20
DPTR FM NORMAL -10 PTCLDY (SCALE 4-7) 11
TOTAL FM JUL 1 78 CLOUDY (SCALE 8-10) 0
DPTR FM NORMAL -37
[CDD (BASE 65) ]
TOTAL THIS MO. 330
DPTR FM NORMAL 85 [PRESSURE DATA]
TOTAL FM JAN 1 803 HIGHEST SLP 30.28 ON 22
DPTR FM NORMAL 255 LOWEST SLP 29.84 ON 3
[REMARKS]
#FINAL-03-23#